{"id":23063,"date":"2017-05-20T00:03:20","date_gmt":"2017-05-19T22:03:20","guid":{"rendered":"https:\/\/turysta2.pttk.pl\/?page_id=23063"},"modified":"2025-04-14T13:46:33","modified_gmt":"2025-04-14T11:46:33","slug":"redakcja","status":"publish","type":"page","link":"https:\/\/turysta2.pttk.pl\/?page_id=23063","title":{"rendered":"Redakcja"},"content":{"rendered":"\n<div class=\"wp-block-group is-vertical is-layout-flex wp-container-core-group-is-layout-8cf370e7 wp-block-group-is-layout-flex\">\n<p><em>Redakcja \u201eTurysty\u201d zaprasza do wsp\u00f3\u0142pracy. Nieustannie poszukujemy interesuj\u0105cych <\/em><em>tekst\u00f3w na tematy zwi\u0105zane z profilem naszego czasopisma. Nasze grono redakcyjne nie jest <\/em><em>zamkni\u0119te. Stale powi\u0119kszaj\u0105ca si\u0119 liczba autor\u00f3w wsp\u00f3\u0142pracuj\u0105cych z wydawnictwem, <\/em><em>owocuje r\u00f3\u017cnorodno\u015bci\u0105 tekst\u00f3w i form pi\u015bmienniczych. W przypadku nowych autor\u00f3w, publikacja na \u0142amach naszego czasopisma oraz na bardzo cz\u0119sto odwiedzanym portalu www\/turysta.pttk.pl.pl oraz FB \u201eTurysty\u201d mo\u017ce by\u0107 wspania\u0142ym narz\u0119dziem promocji w bran\u017cy turystyczno-krajoznawczej. Zapraszamy do wsp\u00f3\u0142pracy.<\/em><\/p>\n<p><strong>Szanowni Autorzy!<\/strong> Je\u017celi jeste\u015bcie zainteresowani wsp\u00f3\u0142prac\u0105 z naszym wydawnictwem, polecamy zapoznanie si\u0119 z poni\u017cszymi wytycznymi, w celu uzyskania informacji na temat zasad przyjmowania i publikowania tekst\u00f3w na naszych \u0142amach.<\/p>\n<p><strong>Wskaz\u00f3wki dla autor\u00f3w:<\/strong><br \/>1. Nazwa pliku tekstowego powinna zaczyna\u0107 si\u0119 od pe\u0142nego nazwiska autora i pierwszej litery imienia np. NowakA.doc.<br \/>2. Nades\u0142any tekst powinien spe\u0142nia\u0107 nast\u0119puj\u0105ce parametry techniczne: czcionka Times New Roman, wielko\u015b\u0107: 12 punkt\u00f3w; interlinia 1,5; marginesy 2,5; obj\u0119to\u015b\u0107 3000-7000 znak\u00f3w. Je\u017celi do tekstu za\u0142\u0105czone s\u0105 zdj\u0119cia\/grafiki, nale\u017cy je przesy\u0142a\u0107 w osobnych plikach w rozdzielczo\u015bci minimum 300 DPI (zak\u0142adamy, \u017ce b\u0119d\u0105 u\u017cyte do druku). W przypadku, gdy pliki graficzne s\u0105 w\u0142asno\u015bci\u0105 os\u00f3b trzecich, autor zobowi\u0105zany jest do uzyskania zgody na ich wykorzystanie.<br \/>3. Redakcja nie przyjmuje tekst\u00f3w opublikowanych wcze\u015bniej (tak\u017ce elektronicznie) oraz zastrzega sobie prawo do skracania i opracowywania redakcyjnego nadsy\u0142anych tekst\u00f3w.<br \/>4. Opracowanie nale\u017cy z\u0142o\u017cy\u0107 w formie elektronicznej \u2013 wysy\u0142aj\u0105c plik w formacie MS Word poczt\u0105 elektroniczn\u0105 z za\u0142\u0105cznikiem. Prosimy o podanie danych kontaktowych zawieraj\u0105cych adres do korespondencji, telefon, adres e-mail.<br \/>5. Do ka\u017cdego tekstu prosimy o do\u0142\u0105czenie O\u015bwiadczenia Autora wraz z Klauzul\u0105 informacyjn\u0105 (posta\u0107 tradycyjna lub skan).<\/p>\n<p><strong>O\u015bwiadczenie autora <br \/><\/strong><\/p>\n<p>Ja,\u2026\u2026\u2026\u2026\u2026\u2026\u2026\u2026\u2026\u2026\u2026\u2026\u2026\u2026\u2026\u2026\u2026\u2026\u2026\u2026\u2026zamieszka\u0142y(a) [adres] \u2026\u2026\u2026\u2026\u2026\u2026\u2026\u2026\u2026\u2026\u2026\u2026\u2026\u2026\u2026\u2026\u2026\u2026\u2026\u2026\u2026\u2026\u2026\u2026\u2026\u2026<br \/>tel. \u2026\u2026\u2026\u2026\u2026\u2026\u2026\u2026.., e-mail: \u2026\u2026\u2026\u2026\u2026\u2026\u2026\u2026\u2026\u2026\u2026\u2026\u2026\u2026\u2026\u2026\u2026\u2026\u2026, udzielam licencji Polskiemu Towarzystwu Turystyczno-Krajoznawczemu Zarz\u0105dowi G\u0142\u00f3wnemu na bezterminowe i nieodp\u0142atne wykorzystanie tekstu mojego autorstwa pt. \u2026\u2026\u2026\u2026\u2026\u2026\u2026\u2026\u2026\u2026\u2026\u2026\u2026\u2026\u2026\u2026... w wersji drukowanej i internetowej czasopisma \u201eTurysta\u201d oraz na przekazanie pliku \u201eTurysta\u201d do Narodowej Biblioteki Cyfrowej Polona i udost\u0119pnienie w domenie publicznej.<br \/>Wyra\u017cam zgod\u0119 na opracowanie redakcyjne, adiustacj\u0119 i korekt\u0119 nades\u0142anego przeze mnie tekstu (w tym skracanie).<\/p>\n<p style=\"text-align: right;\">...............\u2026\u2026\u2026\u2026\u2026\u2026\u2026\u2026\u2026\u2026\u2026\u2026.<br \/>(data, miejscowo\u015b\u0107 i podpis)<\/p>\n<p style=\"text-align: left;\"><strong>Klauzula informacyjna\u00a0<\/strong><\/p>\n<p>Zgodnie z art. 13 og\u00f3lnego rozporz\u0105dzenia o ochronie danych osobowych z dnia 27 kwietnia 2016 r.<br \/>(Dz. Urz. UE L 119 z 04.05.2016) informujemy, \u017ce:<br \/>1. Administratorem Pani\/Pana danych osobowych jest Polskie Towarzystwo Turystyczno-<br \/>Krajoznawcze Zarz\u0105d G\u0142\u00f3wny PTTK z siedzib\u0105 pod adresem: 00-075 Warszawa, Senatorska 11.<br \/>2. Inspektorem Ochrony Danych jest Pawe\u0142 Sternik kontakt -\u00a0abi@pttk.pl<br \/>3. Pani\/Pana dane osobowe przetwarzane b\u0119d\u0105 w celu realizacji umowy - na podstawie Art. 6 ust. 1<br \/>lit. b) i c) og\u00f3lnego rozporz\u0105dzenia o ochronie danych osobowych z dnia 27 kwietnia 2016 r.<br \/>4. Odbiorcami Pani\/Pana danych osobowych b\u0119d\u0105 wy\u0142\u0105cznie podmioty uprawnione do uzyskania danych osobowych oraz instytucje upowa\u017cnione z mocy prawa.<br \/>5. Pani\/Pana dane nie b\u0119d\u0105 przekazywane osobom trzecim.<br \/>6. Pani\/Pana dane osobowe przechowywane b\u0119d\u0105 przez czas trwania umowy, a po zako\u0144czeniu umowy administrator b\u0119dzie przechowywa\u0107 Pani\/Pana dane przez czas zgodny z przepisami prawa.<br \/>7. Posiada Pani\/Pan prawo do \u017c\u0105dania od administratora dost\u0119pu do danych osobowych, prawo ich sprostowania lub ograniczenia przetwarzania oraz prawo do przenoszenia danych.<br \/>8. Ma Pani\/Pan prawo wniesienia skargi do Prezesa Urz\u0119du Ochrony Danych Osobowych, je\u015bli uzna<br \/>Pani\/Pan, i\u017c przetwarzanie danych osobowych Pani\/Pana dotycz\u0105cych narusza przepisy og\u00f3lnego rozporz\u0105dzenia o ochronie danych osobowych z dnia 27 kwietnia 2016 r.<br \/>9. Podanie danych osobowych jest dobrowolne, jednak\u017ce odmowa podania danych mo\u017ce skutkowa\u0107<br \/>odmow\u0105 zawarcia umowy.<br \/>10. \u017badne decyzje nie b\u0119d\u0105 oparte na automatycznym przetwarzaniu danych osobowych i nie wi\u0105\u017c\u0105 si\u0119<br \/>z tak\u0105 automatycznie podejmowan\u0105 decyzj\u0105.<\/p>\n<p style=\"text-align: right;\">\u2026\u2026\u2026\u2026\u2026\u2026\u2026\u2026\u2026\u2026\u2026\u2026\u2026\u2026\u2026<br \/>(data i czytelny podpis)<\/p>\n<p>\u00a0<\/p>\n<p>\u00a0<\/p>\n<p>\u00a0<\/p>\n<p>\u00a0<\/p>\n<\/div>\n","protected":false},"excerpt":{"rendered":"Redakcja \u201eTurysty\u201d zaprasza do wsp\u00f3\u0142pracy. Nieustannie poszukujemy interesuj\u0105cych tekst\u00f3w na tematy zwi\u0105zane z profilem naszego czasopisma. Nasze grono redakcyjne nie jest zamkni\u0119te. Stale powi\u0119kszaj\u0105ca si\u0119 liczba autor\u00f3w wsp\u00f3\u0142pracuj\u0105cych z wydawnictwem, owocuje r\u00f3\u017cnorodno\u015bci\u0105 tekst\u00f3w i form pi\u015bmienniczych. W przypadku nowych autor\u00f3w, publikacja na \u0142amach naszego czasopisma oraz na bardzo cz\u0119sto odwiedzanym portalu www\/turysta.pttk.pl.pl oraz FB \u201eTurysty\u201d mo\u017ce by\u0107 wspania\u0142ym narz\u0119dziem promocji&nbsp;<a href=\"https:\/\/turysta2.pttk.pl\/?page_id=23063\" class=\"read-more\">Continue Reading<\/a>","protected":false},"author":4,"featured_media":0,"parent":0,"menu_order":0,"comment_status":"closed","ping_status":"closed","template":"","meta":{"footnotes":""},"class_list":["post-23063","page","type-page","status-publish","hentry"],"aioseo_notices":[],"_links":{"self":[{"href":"https:\/\/turysta2.pttk.pl\/index.php?rest_route=\/wp\/v2\/pages\/23063","targetHints":{"allow":["GET"]}}],"collection":[{"href":"https:\/\/turysta2.pttk.pl\/index.php?rest_route=\/wp\/v2\/pages"}],"about":[{"href":"https:\/\/turysta2.pttk.pl\/index.php?rest_route=\/wp\/v2\/types\/page"}],"author":[{"embeddable":true,"href":"https:\/\/turysta2.pttk.pl\/index.php?rest_route=\/wp\/v2\/users\/4"}],"replies":[{"embeddable":true,"href":"https:\/\/turysta2.pttk.pl\/index.php?rest_route=%2Fwp%2Fv2%2Fcomments&post=23063"}],"version-history":[{"count":62,"href":"https:\/\/turysta2.pttk.pl\/index.php?rest_route=\/wp\/v2\/pages\/23063\/revisions"}],"predecessor-version":[{"id":32241,"href":"https:\/\/turysta2.pttk.pl\/index.php?rest_route=\/wp\/v2\/pages\/23063\/revisions\/32241"}],"wp:attachment":[{"href":"https:\/\/turysta2.pttk.pl\/index.php?rest_route=%2Fwp%2Fv2%2Fmedia&parent=23063"}],"curies":[{"name":"wp","href":"https:\/\/api.w.org\/{rel}","templated":true}]}}

<div class="wp-block-group is-vertical is-layout-flex wp-container-core-group-is-layout-8cf370e7 wp-block-group-is-layout-flex">
<p><em>Redakcja „Turysty” zaprasza do współpracy. Nieustannie poszukujemy interesujących </em><em>tekstów na tematy związane z profilem naszego czasopisma. Nasze grono redakcyjne nie jest </em><em>zamknięte. Stale powiększająca się liczba autorów współpracujących z wydawnictwem, </em><em>owocuje różnorodnością tekstów i form piśmienniczych. W przypadku nowych autorów, publikacja na łamach naszego czasopisma oraz na bardzo często odwiedzanym portalu www/turysta.pttk.pl.pl oraz FB „Turysty” może być wspaniałym narzędziem promocji w branży turystyczno-krajoznawczej. Zapraszamy do współpracy.</em></p>
<p><strong>Szanowni Autorzy!</strong> Jeżeli jesteście zainteresowani współpracą z naszym wydawnictwem, polecamy zapoznanie się z poniższymi wytycznymi, w celu uzyskania informacji na temat zasad przyjmowania i publikowania tekstów na naszych łamach.</p>
<p><strong>Wskazówki dla autorów:</strong><br />1. Nazwa pliku tekstowego powinna zaczynać się od pełnego nazwiska autora i pierwszej litery imienia np. NowakA.doc.<br />2. Nadesłany tekst powinien spełniać następujące parametry techniczne: czcionka Times New Roman, wielkość: 12 punktów; interlinia 1,5; marginesy 2,5; objętość 3000-7000 znaków. Jeżeli do tekstu załączone są zdjęcia/grafiki, należy je przesyłać w osobnych plikach w rozdzielczości minimum 300 DPI (zakładamy, że będą użyte do druku). W przypadku, gdy pliki graficzne są własnością osób trzecich, autor zobowiązany jest do uzyskania zgody na ich wykorzystanie.<br />3. Redakcja nie przyjmuje tekstów opublikowanych wcześniej (także elektronicznie) oraz zastrzega sobie prawo do skracania i opracowywania redakcyjnego nadsyłanych tekstów.<br />4. Opracowanie należy złożyć w formie elektronicznej – wysyłając plik w formacie MS Word pocztą elektroniczną z załącznikiem. Prosimy o podanie danych kontaktowych zawierających adres do korespondencji, telefon, adres e-mail.<br />5. Do każdego tekstu prosimy o dołączenie Oświadczenia Autora wraz z Klauzulą informacyjną (postać tradycyjna lub skan).</p>
<p><strong>Oświadczenie autora <br /></strong></p>
<p>Ja,………………………………………………………zamieszkały(a) [adres] ……………………………………………………………………<br />tel. …………………….., e-mail: …………………………………………………, udzielam licencji Polskiemu Towarzystwu Turystyczno-Krajoznawczemu Zarządowi Głównemu na bezterminowe i nieodpłatne wykorzystanie tekstu mojego autorstwa pt. …………………………………………... w wersji drukowanej i internetowej czasopisma „Turysta” oraz na przekazanie pliku „Turysta” do Narodowej Biblioteki Cyfrowej Polona i udostępnienie w domenie publicznej.<br />Wyrażam zgodę na opracowanie redakcyjne, adiustację i korektę nadesłanego przeze mnie tekstu (w tym skracanie).</p>
<p style="text-align: right;">...............……………………………….<br />(data, miejscowość i podpis)</p>
<p style="text-align: left;"><strong>Klauzula informacyjna </strong></p>
<p>Zgodnie z art. 13 ogólnego rozporządzenia o ochronie danych osobowych z dnia 27 kwietnia 2016 r.<br />(Dz. Urz. UE L 119 z 04.05.2016) informujemy, że:<br />1. Administratorem Pani/Pana danych osobowych jest Polskie Towarzystwo Turystyczno-<br />Krajoznawcze Zarząd Główny PTTK z siedzibą pod adresem: 00-075 Warszawa, Senatorska 11.<br />2. Inspektorem Ochrony Danych jest Paweł Sternik kontakt - abi@pttk.pl<br />3. Pani/Pana dane osobowe przetwarzane będą w celu realizacji umowy - na podstawie Art. 6 ust. 1<br />lit. b) i c) ogólnego rozporządzenia o ochronie danych osobowych z dnia 27 kwietnia 2016 r.<br />4. Odbiorcami Pani/Pana danych osobowych będą wyłącznie podmioty uprawnione do uzyskania danych osobowych oraz instytucje upoważnione z mocy prawa.<br />5. Pani/Pana dane nie będą przekazywane osobom trzecim.<br />6. Pani/Pana dane osobowe przechowywane będą przez czas trwania umowy, a po zakończeniu umowy administrator będzie przechowywać Pani/Pana dane przez czas zgodny z przepisami prawa.<br />7. Posiada Pani/Pan prawo do żądania od administratora dostępu do danych osobowych, prawo ich sprostowania lub ograniczenia przetwarzania oraz prawo do przenoszenia danych.<br />8. Ma Pani/Pan prawo wniesienia skargi do Prezesa Urzędu Ochrony Danych Osobowych, jeśli uzna<br />Pani/Pan, iż przetwarzanie danych osobowych Pani/Pana dotyczących narusza przepisy ogólnego rozporządzenia o ochronie danych osobowych z dnia 27 kwietnia 2016 r.<br />9. Podanie danych osobowych jest dobrowolne, jednakże odmowa podania danych może skutkować<br />odmową zawarcia umowy.<br />10. Żadne decyzje nie będą oparte na automatycznym przetwarzaniu danych osobowych i nie wiążą się<br />z taką automatycznie podejmowaną decyzją.</p>
<p style="text-align: right;">………………………………………<br />(data i czytelny podpis)</p>
<p> </p>
<p> </p>
<p> </p>
<p> </p>
</div>

Redakcja „Turysty” zaprasza do współpracy. Nieustannie poszukujemy interesujących tekstów na tematy związane z profilem naszego czasopisma. Nasze grono redakcyjne nie jest zamknięte. Stale powiększająca się liczba autorów współpracujących z wydawnictwem, owocuje różnorodnością tekstów i form piśmienniczych. W przypadku nowych autorów, publikacja na łamach naszego czasopisma oraz na bardzo często odwiedzanym portalu www/turysta.pttk.pl.pl oraz FB „Turysty” może być wspaniałym narzędziem promocji&nbsp;<a href="https://turysta2.pttk.pl/?page_id=23063" class="read-more">Continue Reading</a>
