{"id":28332,"date":"2022-11-21T15:48:06","date_gmt":"2022-11-21T13:48:06","guid":{"rendered":"https:\/\/turysta2.pttk.pl\/wp-content\/uploads\/2022\/11\/1.-Lawice-krzemienionosne-fot.-A.-Mezyk_aj.jpg"},"modified":"2022-11-21T15:48:06","modified_gmt":"2022-11-21T13:48:06","slug":"1-lawice-krzemienionosne-fot-a-mezyk_aj","status":"inherit","type":"attachment","link":"https:\/\/turysta2.pttk.pl\/?attachment_id=28332","title":{"rendered":"1. \u0141awice krzemieniono\u015bne ((fot. A. M\u0119\u017cyk)_aj"},"author":4,"featured_media":0,"comment_status":"closed","ping_status":"closed","template":"","meta":[],"class_list":["post-28332","attachment","type-attachment","status-inherit","hentry"],"aioseo_notices":[],"description":{"rendered":"<p class=\"attachment\"><a href='https:\/\/turysta2.pttk.pl\/wp-content\/uploads\/2022\/11\/1.-Lawice-krzemienionosne-fot.-A.-Mezyk_aj.jpg'><img loading=\"lazy\" decoding=\"async\" width=\"300\" height=\"202\" src=\"https:\/\/turysta2.pttk.pl\/wp-content\/uploads\/2022\/11\/1.-Lawice-krzemienionosne-fot.-A.-Mezyk_aj-300x202.jpg\" class=\"attachment-medium size-medium\" alt=\"\" srcset=\"https:\/\/turysta2.pttk.pl\/wp-content\/uploads\/2022\/11\/1.-Lawice-krzemienionosne-fot.-A.-Mezyk_aj-300x202.jpg 300w, https:\/\/turysta2.pttk.pl\/wp-content\/uploads\/2022\/11\/1.-Lawice-krzemienionosne-fot.-A.-Mezyk_aj-1024x688.jpg 1024w, https:\/\/turysta2.pttk.pl\/wp-content\/uploads\/2022\/11\/1.-Lawice-krzemienionosne-fot.-A.-Mezyk_aj-768x516.jpg 768w, https:\/\/turysta2.pttk.pl\/wp-content\/uploads\/2022\/11\/1.-Lawice-krzemienionosne-fot.-A.-Mezyk_aj-1536x1032.jpg 1536w, https:\/\/turysta2.pttk.pl\/wp-content\/uploads\/2022\/11\/1.-Lawice-krzemienionosne-fot.-A.-Mezyk_aj-2048x1377.jpg 2048w\" sizes=\"auto, (max-width: 300px) 100vw, 300px\" \/><\/a><\/p>\n"},"caption":{"rendered":""},"alt_text":"","media_type":"image","mime_type":"image\/jpeg","media_details":{"width":2126,"height":1429,"file":"2022\/11\/1.-Lawice-krzemienionosne-fot.-A.-Mezyk_aj.jpg","filesize":2414011,"sizes":{"medium":{"file":"1.-Lawice-krzemienionosne-fot.-A.-Mezyk_aj-300x202.jpg","width":300,"height":202,"filesize":28427,"mime_type":"image\/jpeg","source_url":"https:\/\/turysta2.pttk.pl\/wp-content\/uploads\/2022\/11\/1.-Lawice-krzemienionosne-fot.-A.-Mezyk_aj-300x202.jpg"},"large":{"file":"1.-Lawice-krzemienionosne-fot.-A.-Mezyk_aj-1024x688.jpg","width":1024,"height":688,"filesize":155047,"mime_type":"image\/jpeg","source_url":"https:\/\/turysta2.pttk.pl\/wp-content\/uploads\/2022\/11\/1.-Lawice-krzemienionosne-fot.-A.-Mezyk_aj-1024x688.jpg"},"thumbnail":{"file":"1.-Lawice-krzemienionosne-fot.-A.-Mezyk_aj-150x150.jpg","width":150,"height":150,"filesize":18963,"mime_type":"image\/jpeg","source_url":"https:\/\/turysta2.pttk.pl\/wp-content\/uploads\/2022\/11\/1.-Lawice-krzemienionosne-fot.-A.-Mezyk_aj-150x150.jpg"},"medium_large":{"file":"1.-Lawice-krzemienionosne-fot.-A.-Mezyk_aj-768x516.jpg","width":768,"height":516,"filesize":96421,"mime_type":"image\/jpeg","source_url":"https:\/\/turysta2.pttk.pl\/wp-content\/uploads\/2022\/11\/1.-Lawice-krzemienionosne-fot.-A.-Mezyk_aj-768x516.jpg"},"1536x1536":{"file":"1.-Lawice-krzemienionosne-fot.-A.-Mezyk_aj-1536x1032.jpg","width":1536,"height":1032,"filesize":319172,"mime_type":"image\/jpeg","source_url":"https:\/\/turysta2.pttk.pl\/wp-content\/uploads\/2022\/11\/1.-Lawice-krzemienionosne-fot.-A.-Mezyk_aj-1536x1032.jpg"},"2048x2048":{"file":"1.-Lawice-krzemienionosne-fot.-A.-Mezyk_aj-2048x1377.jpg","width":2048,"height":1377,"filesize":546166,"mime_type":"image\/jpeg","source_url":"https:\/\/turysta2.pttk.pl\/wp-content\/uploads\/2022\/11\/1.-Lawice-krzemienionosne-fot.-A.-Mezyk_aj-2048x1377.jpg"},"post-thumbnail":{"file":"1.-Lawice-krzemienionosne-fot.-A.-Mezyk_aj-200x150.jpg","width":200,"height":150,"filesize":21020,"mime_type":"image\/jpeg","source_url":"https:\/\/turysta2.pttk.pl\/wp-content\/uploads\/2022\/11\/1.-Lawice-krzemienionosne-fot.-A.-Mezyk_aj-200x150.jpg"},"slider-post-thumbnail":{"file":"1.-Lawice-krzemienionosne-fot.-A.-Mezyk_aj-940x446.jpg","width":940,"height":446,"filesize":103089,"mime_type":"image\/jpeg","source_url":"https:\/\/turysta2.pttk.pl\/wp-content\/uploads\/2022\/11\/1.-Lawice-krzemienionosne-fot.-A.-Mezyk_aj-940x446.jpg"},"slider-thumb":{"file":"1.-Lawice-krzemienionosne-fot.-A.-Mezyk_aj-100x50.jpg","width":100,"height":50,"filesize":15393,"mime_type":"image\/jpeg","source_url":"https:\/\/turysta2.pttk.pl\/wp-content\/uploads\/2022\/11\/1.-Lawice-krzemienionosne-fot.-A.-Mezyk_aj-100x50.jpg"},"full":{"file":"1.-Lawice-krzemienionosne-fot.-A.-Mezyk_aj.jpg","width":2126,"height":1429,"mime_type":"image\/jpeg","source_url":"https:\/\/turysta2.pttk.pl\/wp-content\/uploads\/2022\/11\/1.-Lawice-krzemienionosne-fot.-A.-Mezyk_aj.jpg"}},"image_meta":{"aperture":"3.5","credit":"","camera":"FinePix F660EXR","caption":"","created_timestamp":"1665242864","copyright":"","focal_length":"4.4","iso":"1250","shutter_speed":"0.033333333333333","title":"","orientation":"1","keywords":[]}},"post":28330,"source_url":"https:\/\/turysta2.pttk.pl\/wp-content\/uploads\/2022\/11\/1.-Lawice-krzemienionosne-fot.-A.-Mezyk_aj.jpg","_links":{"self":[{"href":"https:\/\/turysta2.pttk.pl\/index.php?rest_route=\/wp\/v2\/media\/28332","targetHints":{"allow":["GET"]}}],"collection":[{"href":"https:\/\/turysta2.pttk.pl\/index.php?rest_route=\/wp\/v2\/media"}],"about":[{"href":"https:\/\/turysta2.pttk.pl\/index.php?rest_route=\/wp\/v2\/types\/attachment"}],"author":[{"embeddable":true,"href":"https:\/\/turysta2.pttk.pl\/index.php?rest_route=\/wp\/v2\/users\/4"}],"replies":[{"embeddable":true,"href":"https:\/\/turysta2.pttk.pl\/index.php?rest_route=%2Fwp%2Fv2%2Fcomments&post=28332"}],"wp:attached-to":[{"embeddable":true,"post_type":"post","id":28330,"href":"https:\/\/turysta2.pttk.pl\/index.php?rest_route=\/wp\/v2\/posts\/28330"}],"curies":[{"name":"wp","href":"https:\/\/api.w.org\/{rel}","templated":true}]}}

1. Ławice krzemienionośne ((fot. A. Mężyk)_aj
