{"id":28307,"date":"2022-11-21T15:36:43","date_gmt":"2022-11-21T13:36:43","guid":{"rendered":"https:\/\/turysta2.pttk.pl\/wp-content\/uploads\/2022\/11\/1.-Wiceminister-Andrzej-Gut-Mostowy-z-Joanna-Iskrzynska-Steg-zastepca-burmistrza-Gminy-Miasto-Nowy-Targfot.-Sylweriusz-Rudolf.jpg"},"modified":"2022-11-21T15:36:43","modified_gmt":"2022-11-21T13:36:43","slug":"1-wiceminister-andrzej-gut-mostowy-z-joanna-iskrzynska-steg-zastepca-burmistrza-gminy-miasto-nowy-targfot-sylweriusz-rudolf","status":"inherit","type":"attachment","link":"https:\/\/turysta2.pttk.pl\/?attachment_id=28307","title":{"rendered":"1. Wiceminister Andrzej Gut-Mostowy z Joann\u0105 Iskrzy\u0144sk\u0105-Steg, zast\u0119pc\u0105 burmistrza Gminy Miasto Nowy Targ(fot. Sylweriusz Rudolf)"},"author":4,"featured_media":0,"comment_status":"closed","ping_status":"closed","template":"","meta":[],"class_list":["post-28307","attachment","type-attachment","status-inherit","hentry"],"aioseo_notices":[],"description":{"rendered":"<p class=\"attachment\"><a href='https:\/\/turysta2.pttk.pl\/wp-content\/uploads\/2022\/11\/1.-Wiceminister-Andrzej-Gut-Mostowy-z-Joanna-Iskrzynska-Steg-zastepca-burmistrza-Gminy-Miasto-Nowy-Targfot.-Sylweriusz-Rudolf-scaled.jpg'><img loading=\"lazy\" decoding=\"async\" width=\"300\" height=\"225\" src=\"https:\/\/turysta2.pttk.pl\/wp-content\/uploads\/2022\/11\/1.-Wiceminister-Andrzej-Gut-Mostowy-z-Joanna-Iskrzynska-Steg-zastepca-burmistrza-Gminy-Miasto-Nowy-Targfot.-Sylweriusz-Rudolf-300x225.jpg\" class=\"attachment-medium size-medium\" alt=\"\" srcset=\"https:\/\/turysta2.pttk.pl\/wp-content\/uploads\/2022\/11\/1.-Wiceminister-Andrzej-Gut-Mostowy-z-Joanna-Iskrzynska-Steg-zastepca-burmistrza-Gminy-Miasto-Nowy-Targfot.-Sylweriusz-Rudolf-300x225.jpg 300w, https:\/\/turysta2.pttk.pl\/wp-content\/uploads\/2022\/11\/1.-Wiceminister-Andrzej-Gut-Mostowy-z-Joanna-Iskrzynska-Steg-zastepca-burmistrza-Gminy-Miasto-Nowy-Targfot.-Sylweriusz-Rudolf-1024x768.jpg 1024w, https:\/\/turysta2.pttk.pl\/wp-content\/uploads\/2022\/11\/1.-Wiceminister-Andrzej-Gut-Mostowy-z-Joanna-Iskrzynska-Steg-zastepca-burmistrza-Gminy-Miasto-Nowy-Targfot.-Sylweriusz-Rudolf-768x576.jpg 768w, https:\/\/turysta2.pttk.pl\/wp-content\/uploads\/2022\/11\/1.-Wiceminister-Andrzej-Gut-Mostowy-z-Joanna-Iskrzynska-Steg-zastepca-burmistrza-Gminy-Miasto-Nowy-Targfot.-Sylweriusz-Rudolf-1536x1152.jpg 1536w, https:\/\/turysta2.pttk.pl\/wp-content\/uploads\/2022\/11\/1.-Wiceminister-Andrzej-Gut-Mostowy-z-Joanna-Iskrzynska-Steg-zastepca-burmistrza-Gminy-Miasto-Nowy-Targfot.-Sylweriusz-Rudolf-2048x1536.jpg 2048w, https:\/\/turysta2.pttk.pl\/wp-content\/uploads\/2022\/11\/1.-Wiceminister-Andrzej-Gut-Mostowy-z-Joanna-Iskrzynska-Steg-zastepca-burmistrza-Gminy-Miasto-Nowy-Targfot.-Sylweriusz-Rudolf-200x150.jpg 200w\" sizes=\"auto, (max-width: 300px) 100vw, 300px\" \/><\/a><\/p>\n"},"caption":{"rendered":""},"alt_text":"","media_type":"image","mime_type":"image\/jpeg","media_details":{"width":2560,"height":1920,"file":"2022\/11\/1.-Wiceminister-Andrzej-Gut-Mostowy-z-Joanna-Iskrzynska-Steg-zastepca-burmistrza-Gminy-Miasto-Nowy-Targfot.-Sylweriusz-Rudolf-scaled.jpg","filesize":563495,"sizes":{"medium":{"file":"1.-Wiceminister-Andrzej-Gut-Mostowy-z-Joanna-Iskrzynska-Steg-zastepca-burmistrza-Gminy-Miasto-Nowy-Targfot.-Sylweriusz-Rudolf-300x225.jpg","width":300,"height":225,"filesize":70211,"mime_type":"image\/jpeg","source_url":"https:\/\/turysta2.pttk.pl\/wp-content\/uploads\/2022\/11\/1.-Wiceminister-Andrzej-Gut-Mostowy-z-Joanna-Iskrzynska-Steg-zastepca-burmistrza-Gminy-Miasto-Nowy-Targfot.-Sylweriusz-Rudolf-300x225.jpg"},"large":{"file":"1.-Wiceminister-Andrzej-Gut-Mostowy-z-Joanna-Iskrzynska-Steg-zastepca-burmistrza-Gminy-Miasto-Nowy-Targfot.-Sylweriusz-Rudolf-1024x768.jpg","width":1024,"height":768,"filesize":160413,"mime_type":"image\/jpeg","source_url":"https:\/\/turysta2.pttk.pl\/wp-content\/uploads\/2022\/11\/1.-Wiceminister-Andrzej-Gut-Mostowy-z-Joanna-Iskrzynska-Steg-zastepca-burmistrza-Gminy-Miasto-Nowy-Targfot.-Sylweriusz-Rudolf-1024x768.jpg"},"thumbnail":{"file":"1.-Wiceminister-Andrzej-Gut-Mostowy-z-Joanna-Iskrzynska-Steg-zastepca-burmistrza-Gminy-Miasto-Nowy-Targfot.-Sylweriusz-Rudolf-150x150.jpg","width":150,"height":150,"filesize":61436,"mime_type":"image\/jpeg","source_url":"https:\/\/turysta2.pttk.pl\/wp-content\/uploads\/2022\/11\/1.-Wiceminister-Andrzej-Gut-Mostowy-z-Joanna-Iskrzynska-Steg-zastepca-burmistrza-Gminy-Miasto-Nowy-Targfot.-Sylweriusz-Rudolf-150x150.jpg"},"medium_large":{"file":"1.-Wiceminister-Andrzej-Gut-Mostowy-z-Joanna-Iskrzynska-Steg-zastepca-burmistrza-Gminy-Miasto-Nowy-Targfot.-Sylweriusz-Rudolf-768x576.jpg","width":768,"height":576,"filesize":121318,"mime_type":"image\/jpeg","source_url":"https:\/\/turysta2.pttk.pl\/wp-content\/uploads\/2022\/11\/1.-Wiceminister-Andrzej-Gut-Mostowy-z-Joanna-Iskrzynska-Steg-zastepca-burmistrza-Gminy-Miasto-Nowy-Targfot.-Sylweriusz-Rudolf-768x576.jpg"},"1536x1536":{"file":"1.-Wiceminister-Andrzej-Gut-Mostowy-z-Joanna-Iskrzynska-Steg-zastepca-burmistrza-Gminy-Miasto-Nowy-Targfot.-Sylweriusz-Rudolf-1536x1152.jpg","width":1536,"height":1152,"filesize":260253,"mime_type":"image\/jpeg","source_url":"https:\/\/turysta2.pttk.pl\/wp-content\/uploads\/2022\/11\/1.-Wiceminister-Andrzej-Gut-Mostowy-z-Joanna-Iskrzynska-Steg-zastepca-burmistrza-Gminy-Miasto-Nowy-Targfot.-Sylweriusz-Rudolf-1536x1152.jpg"},"2048x2048":{"file":"1.-Wiceminister-Andrzej-Gut-Mostowy-z-Joanna-Iskrzynska-Steg-zastepca-burmistrza-Gminy-Miasto-Nowy-Targfot.-Sylweriusz-Rudolf-2048x1536.jpg","width":2048,"height":1536,"filesize":393777,"mime_type":"image\/jpeg","source_url":"https:\/\/turysta2.pttk.pl\/wp-content\/uploads\/2022\/11\/1.-Wiceminister-Andrzej-Gut-Mostowy-z-Joanna-Iskrzynska-Steg-zastepca-burmistrza-Gminy-Miasto-Nowy-Targfot.-Sylweriusz-Rudolf-2048x1536.jpg"},"post-thumbnail":{"file":"1.-Wiceminister-Andrzej-Gut-Mostowy-z-Joanna-Iskrzynska-Steg-zastepca-burmistrza-Gminy-Miasto-Nowy-Targfot.-Sylweriusz-Rudolf-200x150.jpg","width":200,"height":150,"filesize":63049,"mime_type":"image\/jpeg","source_url":"https:\/\/turysta2.pttk.pl\/wp-content\/uploads\/2022\/11\/1.-Wiceminister-Andrzej-Gut-Mostowy-z-Joanna-Iskrzynska-Steg-zastepca-burmistrza-Gminy-Miasto-Nowy-Targfot.-Sylweriusz-Rudolf-200x150.jpg"},"slider-post-thumbnail":{"file":"1.-Wiceminister-Andrzej-Gut-Mostowy-z-Joanna-Iskrzynska-Steg-zastepca-burmistrza-Gminy-Miasto-Nowy-Targfot.-Sylweriusz-Rudolf-940x446.jpg","width":940,"height":446,"filesize":117335,"mime_type":"image\/jpeg","source_url":"https:\/\/turysta2.pttk.pl\/wp-content\/uploads\/2022\/11\/1.-Wiceminister-Andrzej-Gut-Mostowy-z-Joanna-Iskrzynska-Steg-zastepca-burmistrza-Gminy-Miasto-Nowy-Targfot.-Sylweriusz-Rudolf-940x446.jpg"},"slider-thumb":{"file":"1.-Wiceminister-Andrzej-Gut-Mostowy-z-Joanna-Iskrzynska-Steg-zastepca-burmistrza-Gminy-Miasto-Nowy-Targfot.-Sylweriusz-Rudolf-100x50.jpg","width":100,"height":50,"filesize":57404,"mime_type":"image\/jpeg","source_url":"https:\/\/turysta2.pttk.pl\/wp-content\/uploads\/2022\/11\/1.-Wiceminister-Andrzej-Gut-Mostowy-z-Joanna-Iskrzynska-Steg-zastepca-burmistrza-Gminy-Miasto-Nowy-Targfot.-Sylweriusz-Rudolf-100x50.jpg"},"full":{"file":"1.-Wiceminister-Andrzej-Gut-Mostowy-z-Joanna-Iskrzynska-Steg-zastepca-burmistrza-Gminy-Miasto-Nowy-Targfot.-Sylweriusz-Rudolf-scaled.jpg","width":2560,"height":1920,"mime_type":"image\/jpeg","source_url":"https:\/\/turysta2.pttk.pl\/wp-content\/uploads\/2022\/11\/1.-Wiceminister-Andrzej-Gut-Mostowy-z-Joanna-Iskrzynska-Steg-zastepca-burmistrza-Gminy-Miasto-Nowy-Targfot.-Sylweriusz-Rudolf-scaled.jpg"}},"image_meta":{"aperture":"1.8","credit":"","camera":"SM-G998B","caption":"","created_timestamp":"1664454526","copyright":"","focal_length":"6.7","iso":"500","shutter_speed":"0.02","title":"","orientation":"1","keywords":[]},"original_image":"1.-Wiceminister-Andrzej-Gut-Mostowy-z-Joanna-Iskrzynska-Steg-zastepca-burmistrza-Gminy-Miasto-Nowy-Targfot.-Sylweriusz-Rudolf.jpg"},"post":28306,"source_url":"https:\/\/turysta2.pttk.pl\/wp-content\/uploads\/2022\/11\/1.-Wiceminister-Andrzej-Gut-Mostowy-z-Joanna-Iskrzynska-Steg-zastepca-burmistrza-Gminy-Miasto-Nowy-Targfot.-Sylweriusz-Rudolf-scaled.jpg","_links":{"self":[{"href":"https:\/\/turysta2.pttk.pl\/index.php?rest_route=\/wp\/v2\/media\/28307","targetHints":{"allow":["GET"]}}],"collection":[{"href":"https:\/\/turysta2.pttk.pl\/index.php?rest_route=\/wp\/v2\/media"}],"about":[{"href":"https:\/\/turysta2.pttk.pl\/index.php?rest_route=\/wp\/v2\/types\/attachment"}],"author":[{"embeddable":true,"href":"https:\/\/turysta2.pttk.pl\/index.php?rest_route=\/wp\/v2\/users\/4"}],"replies":[{"embeddable":true,"href":"https:\/\/turysta2.pttk.pl\/index.php?rest_route=%2Fwp%2Fv2%2Fcomments&post=28307"}],"wp:attached-to":[{"embeddable":true,"post_type":"post","id":28306,"href":"https:\/\/turysta2.pttk.pl\/index.php?rest_route=\/wp\/v2\/posts\/28306"}],"curies":[{"name":"wp","href":"https:\/\/api.w.org\/{rel}","templated":true}]}}

1. Wiceminister Andrzej Gut-Mostowy z Joanną Iskrzyńską-Steg, zastępcą burmistrza Gminy Miasto Nowy Targ(fot. Sylweriusz Rudolf)
