{"id":28304,"date":"2022-11-21T15:34:08","date_gmt":"2022-11-21T13:34:08","guid":{"rendered":"https:\/\/turysta2.pttk.pl\/wp-content\/uploads\/2022\/11\/7.-Romanski-kosciol-pw.-sw.-Idziego-fot.-Marcin-Reczycki.jpg"},"modified":"2022-11-21T15:34:08","modified_gmt":"2022-11-21T13:34:08","slug":"7-romanski-kosciol-pw-sw-idziego-fot-marcin-reczycki","status":"inherit","type":"attachment","link":"https:\/\/turysta2.pttk.pl\/?attachment_id=28304","title":{"rendered":"7. Roma\u0144ski ko\u015bci\u00f3\u0142 pw. \u015bw. Idziego (fot. Marcin Reczycki)"},"author":4,"featured_media":0,"comment_status":"closed","ping_status":"closed","template":"","meta":[],"class_list":["post-28304","attachment","type-attachment","status-inherit","hentry"],"aioseo_notices":[],"description":{"rendered":"<p class=\"attachment\"><a href='https:\/\/turysta2.pttk.pl\/wp-content\/uploads\/2022\/11\/7.-Romanski-kosciol-pw.-sw.-Idziego-fot.-Marcin-Reczycki.jpg'><img loading=\"lazy\" decoding=\"async\" width=\"300\" height=\"222\" src=\"https:\/\/turysta2.pttk.pl\/wp-content\/uploads\/2022\/11\/7.-Romanski-kosciol-pw.-sw.-Idziego-fot.-Marcin-Reczycki-300x222.jpg\" class=\"attachment-medium size-medium\" alt=\"\" srcset=\"https:\/\/turysta2.pttk.pl\/wp-content\/uploads\/2022\/11\/7.-Romanski-kosciol-pw.-sw.-Idziego-fot.-Marcin-Reczycki-300x222.jpg 300w, https:\/\/turysta2.pttk.pl\/wp-content\/uploads\/2022\/11\/7.-Romanski-kosciol-pw.-sw.-Idziego-fot.-Marcin-Reczycki-1024x758.jpg 1024w, https:\/\/turysta2.pttk.pl\/wp-content\/uploads\/2022\/11\/7.-Romanski-kosciol-pw.-sw.-Idziego-fot.-Marcin-Reczycki-768x569.jpg 768w, https:\/\/turysta2.pttk.pl\/wp-content\/uploads\/2022\/11\/7.-Romanski-kosciol-pw.-sw.-Idziego-fot.-Marcin-Reczycki-1536x1137.jpg 1536w, https:\/\/turysta2.pttk.pl\/wp-content\/uploads\/2022\/11\/7.-Romanski-kosciol-pw.-sw.-Idziego-fot.-Marcin-Reczycki-2048x1516.jpg 2048w\" sizes=\"auto, (max-width: 300px) 100vw, 300px\" \/><\/a><\/p>\n"},"caption":{"rendered":""},"alt_text":"","media_type":"image","mime_type":"image\/jpeg","media_details":{"width":2362,"height":1749,"file":"2022\/11\/7.-Romanski-kosciol-pw.-sw.-Idziego-fot.-Marcin-Reczycki.jpg","filesize":3131766,"sizes":{"medium":{"file":"7.-Romanski-kosciol-pw.-sw.-Idziego-fot.-Marcin-Reczycki-300x222.jpg","width":300,"height":222,"filesize":33426,"mime_type":"image\/jpeg","source_url":"https:\/\/turysta2.pttk.pl\/wp-content\/uploads\/2022\/11\/7.-Romanski-kosciol-pw.-sw.-Idziego-fot.-Marcin-Reczycki-300x222.jpg"},"large":{"file":"7.-Romanski-kosciol-pw.-sw.-Idziego-fot.-Marcin-Reczycki-1024x758.jpg","width":1024,"height":758,"filesize":239582,"mime_type":"image\/jpeg","source_url":"https:\/\/turysta2.pttk.pl\/wp-content\/uploads\/2022\/11\/7.-Romanski-kosciol-pw.-sw.-Idziego-fot.-Marcin-Reczycki-1024x758.jpg"},"thumbnail":{"file":"7.-Romanski-kosciol-pw.-sw.-Idziego-fot.-Marcin-Reczycki-150x150.jpg","width":150,"height":150,"filesize":19383,"mime_type":"image\/jpeg","source_url":"https:\/\/turysta2.pttk.pl\/wp-content\/uploads\/2022\/11\/7.-Romanski-kosciol-pw.-sw.-Idziego-fot.-Marcin-Reczycki-150x150.jpg"},"medium_large":{"file":"7.-Romanski-kosciol-pw.-sw.-Idziego-fot.-Marcin-Reczycki-768x569.jpg","width":768,"height":569,"filesize":142188,"mime_type":"image\/jpeg","source_url":"https:\/\/turysta2.pttk.pl\/wp-content\/uploads\/2022\/11\/7.-Romanski-kosciol-pw.-sw.-Idziego-fot.-Marcin-Reczycki-768x569.jpg"},"1536x1536":{"file":"7.-Romanski-kosciol-pw.-sw.-Idziego-fot.-Marcin-Reczycki-1536x1137.jpg","width":1536,"height":1137,"filesize":487717,"mime_type":"image\/jpeg","source_url":"https:\/\/turysta2.pttk.pl\/wp-content\/uploads\/2022\/11\/7.-Romanski-kosciol-pw.-sw.-Idziego-fot.-Marcin-Reczycki-1536x1137.jpg"},"2048x2048":{"file":"7.-Romanski-kosciol-pw.-sw.-Idziego-fot.-Marcin-Reczycki-2048x1516.jpg","width":2048,"height":1516,"filesize":774684,"mime_type":"image\/jpeg","source_url":"https:\/\/turysta2.pttk.pl\/wp-content\/uploads\/2022\/11\/7.-Romanski-kosciol-pw.-sw.-Idziego-fot.-Marcin-Reczycki-2048x1516.jpg"},"post-thumbnail":{"file":"7.-Romanski-kosciol-pw.-sw.-Idziego-fot.-Marcin-Reczycki-200x150.jpg","width":200,"height":150,"filesize":22024,"mime_type":"image\/jpeg","source_url":"https:\/\/turysta2.pttk.pl\/wp-content\/uploads\/2022\/11\/7.-Romanski-kosciol-pw.-sw.-Idziego-fot.-Marcin-Reczycki-200x150.jpg"},"slider-post-thumbnail":{"file":"7.-Romanski-kosciol-pw.-sw.-Idziego-fot.-Marcin-Reczycki-940x446.jpg","width":940,"height":446,"filesize":146647,"mime_type":"image\/jpeg","source_url":"https:\/\/turysta2.pttk.pl\/wp-content\/uploads\/2022\/11\/7.-Romanski-kosciol-pw.-sw.-Idziego-fot.-Marcin-Reczycki-940x446.jpg"},"slider-thumb":{"file":"7.-Romanski-kosciol-pw.-sw.-Idziego-fot.-Marcin-Reczycki-100x50.jpg","width":100,"height":50,"filesize":14030,"mime_type":"image\/jpeg","source_url":"https:\/\/turysta2.pttk.pl\/wp-content\/uploads\/2022\/11\/7.-Romanski-kosciol-pw.-sw.-Idziego-fot.-Marcin-Reczycki-100x50.jpg"},"full":{"file":"7.-Romanski-kosciol-pw.-sw.-Idziego-fot.-Marcin-Reczycki.jpg","width":2362,"height":1749,"mime_type":"image\/jpeg","source_url":"https:\/\/turysta2.pttk.pl\/wp-content\/uploads\/2022\/11\/7.-Romanski-kosciol-pw.-sw.-Idziego-fot.-Marcin-Reczycki.jpg"}},"image_meta":{"aperture":"0","credit":"","camera":"","caption":"","created_timestamp":"0","copyright":"","focal_length":"0","iso":"0","shutter_speed":"0","title":"","orientation":"1","keywords":[]}},"post":28297,"source_url":"https:\/\/turysta2.pttk.pl\/wp-content\/uploads\/2022\/11\/7.-Romanski-kosciol-pw.-sw.-Idziego-fot.-Marcin-Reczycki.jpg","_links":{"self":[{"href":"https:\/\/turysta2.pttk.pl\/index.php?rest_route=\/wp\/v2\/media\/28304","targetHints":{"allow":["GET"]}}],"collection":[{"href":"https:\/\/turysta2.pttk.pl\/index.php?rest_route=\/wp\/v2\/media"}],"about":[{"href":"https:\/\/turysta2.pttk.pl\/index.php?rest_route=\/wp\/v2\/types\/attachment"}],"author":[{"embeddable":true,"href":"https:\/\/turysta2.pttk.pl\/index.php?rest_route=\/wp\/v2\/users\/4"}],"replies":[{"embeddable":true,"href":"https:\/\/turysta2.pttk.pl\/index.php?rest_route=%2Fwp%2Fv2%2Fcomments&post=28304"}],"wp:attached-to":[{"embeddable":true,"post_type":"post","id":28297,"href":"https:\/\/turysta2.pttk.pl\/index.php?rest_route=\/wp\/v2\/posts\/28297"}],"curies":[{"name":"wp","href":"https:\/\/api.w.org\/{rel}","templated":true}]}}

7. Romański kościół pw. św. Idziego (fot. Marcin Reczycki)
