{"id":28298,"date":"2022-11-21T15:33:04","date_gmt":"2022-11-21T13:33:04","guid":{"rendered":"https:\/\/turysta2.pttk.pl\/wp-content\/uploads\/2022\/11\/1.-Widok-na-Pilice-z-mostu-w-Inowlodzu-po-lewej-\u201ezrodelko-Tuwima-fot.-Marcin-Reczycki.jpg"},"modified":"2022-11-21T15:33:04","modified_gmt":"2022-11-21T13:33:04","slug":"1-widok-na-pilice-z-mostu-w-inowlodzu-po-lewej-zrodelko-tuwima-fot-marcin-reczycki","status":"inherit","type":"attachment","link":"https:\/\/turysta2.pttk.pl\/?attachment_id=28298","title":{"rendered":"1. Widok na Pilic\u0119 z mostu w Inow\u0142odzu (po lewej \u201e\u017ar\u00f3de\u0142ko Tuwima\u201d) ((fot. Marcin Reczycki)"},"author":4,"featured_media":0,"comment_status":"closed","ping_status":"closed","template":"","meta":[],"class_list":["post-28298","attachment","type-attachment","status-inherit","hentry"],"aioseo_notices":[],"description":{"rendered":"<p class=\"attachment\"><a href='https:\/\/turysta2.pttk.pl\/wp-content\/uploads\/2022\/11\/1.-Widok-na-Pilice-z-mostu-w-Inowlodzu-po-lewej-\u201ezrodelko-Tuwima-fot.-Marcin-Reczycki-scaled.jpg'><img loading=\"lazy\" decoding=\"async\" width=\"300\" height=\"225\" src=\"https:\/\/turysta2.pttk.pl\/wp-content\/uploads\/2022\/11\/1.-Widok-na-Pilice-z-mostu-w-Inowlodzu-po-lewej-\u201ezrodelko-Tuwima-fot.-Marcin-Reczycki-300x225.jpg\" class=\"attachment-medium size-medium\" alt=\"\" srcset=\"https:\/\/turysta2.pttk.pl\/wp-content\/uploads\/2022\/11\/1.-Widok-na-Pilice-z-mostu-w-Inowlodzu-po-lewej-\u201ezrodelko-Tuwima-fot.-Marcin-Reczycki-300x225.jpg 300w, https:\/\/turysta2.pttk.pl\/wp-content\/uploads\/2022\/11\/1.-Widok-na-Pilice-z-mostu-w-Inowlodzu-po-lewej-\u201ezrodelko-Tuwima-fot.-Marcin-Reczycki-1024x768.jpg 1024w, https:\/\/turysta2.pttk.pl\/wp-content\/uploads\/2022\/11\/1.-Widok-na-Pilice-z-mostu-w-Inowlodzu-po-lewej-\u201ezrodelko-Tuwima-fot.-Marcin-Reczycki-768x576.jpg 768w, https:\/\/turysta2.pttk.pl\/wp-content\/uploads\/2022\/11\/1.-Widok-na-Pilice-z-mostu-w-Inowlodzu-po-lewej-\u201ezrodelko-Tuwima-fot.-Marcin-Reczycki-1536x1152.jpg 1536w, https:\/\/turysta2.pttk.pl\/wp-content\/uploads\/2022\/11\/1.-Widok-na-Pilice-z-mostu-w-Inowlodzu-po-lewej-\u201ezrodelko-Tuwima-fot.-Marcin-Reczycki-2048x1536.jpg 2048w, https:\/\/turysta2.pttk.pl\/wp-content\/uploads\/2022\/11\/1.-Widok-na-Pilice-z-mostu-w-Inowlodzu-po-lewej-\u201ezrodelko-Tuwima-fot.-Marcin-Reczycki-200x150.jpg 200w\" sizes=\"auto, (max-width: 300px) 100vw, 300px\" \/><\/a><\/p>\n"},"caption":{"rendered":""},"alt_text":"","media_type":"image","mime_type":"image\/jpeg","media_details":{"width":2560,"height":1920,"file":"2022\/11\/1.-Widok-na-Pilice-z-mostu-w-Inowlodzu-po-lewej-\u201ezrodelko-Tuwima-fot.-Marcin-Reczycki-scaled.jpg","filesize":928939,"sizes":{"medium":{"file":"1.-Widok-na-Pilice-z-mostu-w-Inowlodzu-po-lewej-\u201ezrodelko-Tuwima-fot.-Marcin-Reczycki-300x225.jpg","width":300,"height":225,"filesize":28062,"mime_type":"image\/jpeg","source_url":"https:\/\/turysta2.pttk.pl\/wp-content\/uploads\/2022\/11\/1.-Widok-na-Pilice-z-mostu-w-Inowlodzu-po-lewej-\u201ezrodelko-Tuwima-fot.-Marcin-Reczycki-300x225.jpg"},"large":{"file":"1.-Widok-na-Pilice-z-mostu-w-Inowlodzu-po-lewej-\u201ezrodelko-Tuwima-fot.-Marcin-Reczycki-1024x768.jpg","width":1024,"height":768,"filesize":186778,"mime_type":"image\/jpeg","source_url":"https:\/\/turysta2.pttk.pl\/wp-content\/uploads\/2022\/11\/1.-Widok-na-Pilice-z-mostu-w-Inowlodzu-po-lewej-\u201ezrodelko-Tuwima-fot.-Marcin-Reczycki-1024x768.jpg"},"thumbnail":{"file":"1.-Widok-na-Pilice-z-mostu-w-Inowlodzu-po-lewej-\u201ezrodelko-Tuwima-fot.-Marcin-Reczycki-150x150.jpg","width":150,"height":150,"filesize":17084,"mime_type":"image\/jpeg","source_url":"https:\/\/turysta2.pttk.pl\/wp-content\/uploads\/2022\/11\/1.-Widok-na-Pilice-z-mostu-w-Inowlodzu-po-lewej-\u201ezrodelko-Tuwima-fot.-Marcin-Reczycki-150x150.jpg"},"medium_large":{"file":"1.-Widok-na-Pilice-z-mostu-w-Inowlodzu-po-lewej-\u201ezrodelko-Tuwima-fot.-Marcin-Reczycki-768x576.jpg","width":768,"height":576,"filesize":111874,"mime_type":"image\/jpeg","source_url":"https:\/\/turysta2.pttk.pl\/wp-content\/uploads\/2022\/11\/1.-Widok-na-Pilice-z-mostu-w-Inowlodzu-po-lewej-\u201ezrodelko-Tuwima-fot.-Marcin-Reczycki-768x576.jpg"},"1536x1536":{"file":"1.-Widok-na-Pilice-z-mostu-w-Inowlodzu-po-lewej-\u201ezrodelko-Tuwima-fot.-Marcin-Reczycki-1536x1152.jpg","width":1536,"height":1152,"filesize":388474,"mime_type":"image\/jpeg","source_url":"https:\/\/turysta2.pttk.pl\/wp-content\/uploads\/2022\/11\/1.-Widok-na-Pilice-z-mostu-w-Inowlodzu-po-lewej-\u201ezrodelko-Tuwima-fot.-Marcin-Reczycki-1536x1152.jpg"},"2048x2048":{"file":"1.-Widok-na-Pilice-z-mostu-w-Inowlodzu-po-lewej-\u201ezrodelko-Tuwima-fot.-Marcin-Reczycki-2048x1536.jpg","width":2048,"height":1536,"filesize":641717,"mime_type":"image\/jpeg","source_url":"https:\/\/turysta2.pttk.pl\/wp-content\/uploads\/2022\/11\/1.-Widok-na-Pilice-z-mostu-w-Inowlodzu-po-lewej-\u201ezrodelko-Tuwima-fot.-Marcin-Reczycki-2048x1536.jpg"},"post-thumbnail":{"file":"1.-Widok-na-Pilice-z-mostu-w-Inowlodzu-po-lewej-\u201ezrodelko-Tuwima-fot.-Marcin-Reczycki-200x150.jpg","width":200,"height":150,"filesize":19007,"mime_type":"image\/jpeg","source_url":"https:\/\/turysta2.pttk.pl\/wp-content\/uploads\/2022\/11\/1.-Widok-na-Pilice-z-mostu-w-Inowlodzu-po-lewej-\u201ezrodelko-Tuwima-fot.-Marcin-Reczycki-200x150.jpg"},"slider-post-thumbnail":{"file":"1.-Widok-na-Pilice-z-mostu-w-Inowlodzu-po-lewej-\u201ezrodelko-Tuwima-fot.-Marcin-Reczycki-940x446.jpg","width":940,"height":446,"filesize":119716,"mime_type":"image\/jpeg","source_url":"https:\/\/turysta2.pttk.pl\/wp-content\/uploads\/2022\/11\/1.-Widok-na-Pilice-z-mostu-w-Inowlodzu-po-lewej-\u201ezrodelko-Tuwima-fot.-Marcin-Reczycki-940x446.jpg"},"slider-thumb":{"file":"1.-Widok-na-Pilice-z-mostu-w-Inowlodzu-po-lewej-\u201ezrodelko-Tuwima-fot.-Marcin-Reczycki-100x50.jpg","width":100,"height":50,"filesize":12496,"mime_type":"image\/jpeg","source_url":"https:\/\/turysta2.pttk.pl\/wp-content\/uploads\/2022\/11\/1.-Widok-na-Pilice-z-mostu-w-Inowlodzu-po-lewej-\u201ezrodelko-Tuwima-fot.-Marcin-Reczycki-100x50.jpg"},"full":{"file":"1.-Widok-na-Pilice-z-mostu-w-Inowlodzu-po-lewej-\u201ezrodelko-Tuwima-fot.-Marcin-Reczycki-scaled.jpg","width":2560,"height":1920,"mime_type":"image\/jpeg","source_url":"https:\/\/turysta2.pttk.pl\/wp-content\/uploads\/2022\/11\/1.-Widok-na-Pilice-z-mostu-w-Inowlodzu-po-lewej-\u201ezrodelko-Tuwima-fot.-Marcin-Reczycki-scaled.jpg"}},"image_meta":{"aperture":"0","credit":"","camera":"","caption":"","created_timestamp":"0","copyright":"","focal_length":"0","iso":"0","shutter_speed":"0","title":"","orientation":"1","keywords":[]},"original_image":"1.-Widok-na-Pilice-z-mostu-w-Inowlodzu-po-lewej-\u201ezrodelko-Tuwima-fot.-Marcin-Reczycki.jpg"},"post":28297,"source_url":"https:\/\/turysta2.pttk.pl\/wp-content\/uploads\/2022\/11\/1.-Widok-na-Pilice-z-mostu-w-Inowlodzu-po-lewej-\u201ezrodelko-Tuwima-fot.-Marcin-Reczycki-scaled.jpg","_links":{"self":[{"href":"https:\/\/turysta2.pttk.pl\/index.php?rest_route=\/wp\/v2\/media\/28298","targetHints":{"allow":["GET"]}}],"collection":[{"href":"https:\/\/turysta2.pttk.pl\/index.php?rest_route=\/wp\/v2\/media"}],"about":[{"href":"https:\/\/turysta2.pttk.pl\/index.php?rest_route=\/wp\/v2\/types\/attachment"}],"author":[{"embeddable":true,"href":"https:\/\/turysta2.pttk.pl\/index.php?rest_route=\/wp\/v2\/users\/4"}],"replies":[{"embeddable":true,"href":"https:\/\/turysta2.pttk.pl\/index.php?rest_route=%2Fwp%2Fv2%2Fcomments&post=28298"}],"wp:attached-to":[{"embeddable":true,"post_type":"post","id":28297,"href":"https:\/\/turysta2.pttk.pl\/index.php?rest_route=\/wp\/v2\/posts\/28297"}],"curies":[{"name":"wp","href":"https:\/\/api.w.org\/{rel}","templated":true}]}}

1. Widok na Pilicę z mostu w Inowłodzu (po lewej „źródełko Tuwima”) ((fot. Marcin Reczycki)
