{"id":28294,"date":"2022-11-21T15:31:10","date_gmt":"2022-11-21T13:31:10","guid":{"rendered":"https:\/\/turysta2.pttk.pl\/wp-content\/uploads\/2022\/11\/3.-Waclaw-Musialowicz-1909-rok-fot.-ze-zbiorow-Anny-Julii-Modelskiej.jpg"},"modified":"2022-11-21T15:31:10","modified_gmt":"2022-11-21T13:31:10","slug":"3-waclaw-musialowicz-1909-rok-fot-ze-zbiorow-anny-julii-modelskiej","status":"inherit","type":"attachment","link":"https:\/\/turysta2.pttk.pl\/?attachment_id=28294","title":{"rendered":"3. Wac\u0142aw Musia\u0142owicz, 1909 rok (fot. ze zbior\u00f3w Anny Julii Modelskiej)"},"author":4,"featured_media":0,"comment_status":"closed","ping_status":"closed","template":"","meta":[],"class_list":["post-28294","attachment","type-attachment","status-inherit","hentry"],"aioseo_notices":[],"description":{"rendered":"<p class=\"attachment\"><a href='https:\/\/turysta2.pttk.pl\/wp-content\/uploads\/2022\/11\/3.-Waclaw-Musialowicz-1909-rok-fot.-ze-zbiorow-Anny-Julii-Modelskiej-scaled.jpg'><img loading=\"lazy\" decoding=\"async\" width=\"218\" height=\"300\" src=\"https:\/\/turysta2.pttk.pl\/wp-content\/uploads\/2022\/11\/3.-Waclaw-Musialowicz-1909-rok-fot.-ze-zbiorow-Anny-Julii-Modelskiej-218x300.jpg\" class=\"attachment-medium size-medium\" alt=\"\" srcset=\"https:\/\/turysta2.pttk.pl\/wp-content\/uploads\/2022\/11\/3.-Waclaw-Musialowicz-1909-rok-fot.-ze-zbiorow-Anny-Julii-Modelskiej-218x300.jpg 218w, https:\/\/turysta2.pttk.pl\/wp-content\/uploads\/2022\/11\/3.-Waclaw-Musialowicz-1909-rok-fot.-ze-zbiorow-Anny-Julii-Modelskiej-745x1024.jpg 745w, https:\/\/turysta2.pttk.pl\/wp-content\/uploads\/2022\/11\/3.-Waclaw-Musialowicz-1909-rok-fot.-ze-zbiorow-Anny-Julii-Modelskiej-768x1056.jpg 768w, https:\/\/turysta2.pttk.pl\/wp-content\/uploads\/2022\/11\/3.-Waclaw-Musialowicz-1909-rok-fot.-ze-zbiorow-Anny-Julii-Modelskiej-1117x1536.jpg 1117w, https:\/\/turysta2.pttk.pl\/wp-content\/uploads\/2022\/11\/3.-Waclaw-Musialowicz-1909-rok-fot.-ze-zbiorow-Anny-Julii-Modelskiej-1490x2048.jpg 1490w, https:\/\/turysta2.pttk.pl\/wp-content\/uploads\/2022\/11\/3.-Waclaw-Musialowicz-1909-rok-fot.-ze-zbiorow-Anny-Julii-Modelskiej-scaled.jpg 1862w\" sizes=\"auto, (max-width: 218px) 100vw, 218px\" \/><\/a><\/p>\n"},"caption":{"rendered":""},"alt_text":"","media_type":"image","mime_type":"image\/jpeg","media_details":{"width":1862,"height":2560,"file":"2022\/11\/3.-Waclaw-Musialowicz-1909-rok-fot.-ze-zbiorow-Anny-Julii-Modelskiej-scaled.jpg","filesize":477167,"sizes":{"medium":{"file":"3.-Waclaw-Musialowicz-1909-rok-fot.-ze-zbiorow-Anny-Julii-Modelskiej-218x300.jpg","width":218,"height":300,"filesize":20363,"mime_type":"image\/jpeg","source_url":"https:\/\/turysta2.pttk.pl\/wp-content\/uploads\/2022\/11\/3.-Waclaw-Musialowicz-1909-rok-fot.-ze-zbiorow-Anny-Julii-Modelskiej-218x300.jpg"},"large":{"file":"3.-Waclaw-Musialowicz-1909-rok-fot.-ze-zbiorow-Anny-Julii-Modelskiej-745x1024.jpg","width":745,"height":1024,"filesize":99282,"mime_type":"image\/jpeg","source_url":"https:\/\/turysta2.pttk.pl\/wp-content\/uploads\/2022\/11\/3.-Waclaw-Musialowicz-1909-rok-fot.-ze-zbiorow-Anny-Julii-Modelskiej-745x1024.jpg"},"thumbnail":{"file":"3.-Waclaw-Musialowicz-1909-rok-fot.-ze-zbiorow-Anny-Julii-Modelskiej-150x150.jpg","width":150,"height":150,"filesize":13035,"mime_type":"image\/jpeg","source_url":"https:\/\/turysta2.pttk.pl\/wp-content\/uploads\/2022\/11\/3.-Waclaw-Musialowicz-1909-rok-fot.-ze-zbiorow-Anny-Julii-Modelskiej-150x150.jpg"},"medium_large":{"file":"3.-Waclaw-Musialowicz-1909-rok-fot.-ze-zbiorow-Anny-Julii-Modelskiej-768x1056.jpg","width":768,"height":1056,"filesize":104520,"mime_type":"image\/jpeg","source_url":"https:\/\/turysta2.pttk.pl\/wp-content\/uploads\/2022\/11\/3.-Waclaw-Musialowicz-1909-rok-fot.-ze-zbiorow-Anny-Julii-Modelskiej-768x1056.jpg"},"1536x1536":{"file":"3.-Waclaw-Musialowicz-1909-rok-fot.-ze-zbiorow-Anny-Julii-Modelskiej-1117x1536.jpg","width":1117,"height":1536,"filesize":195991,"mime_type":"image\/jpeg","source_url":"https:\/\/turysta2.pttk.pl\/wp-content\/uploads\/2022\/11\/3.-Waclaw-Musialowicz-1909-rok-fot.-ze-zbiorow-Anny-Julii-Modelskiej-1117x1536.jpg"},"2048x2048":{"file":"3.-Waclaw-Musialowicz-1909-rok-fot.-ze-zbiorow-Anny-Julii-Modelskiej-1490x2048.jpg","width":1490,"height":2048,"filesize":324713,"mime_type":"image\/jpeg","source_url":"https:\/\/turysta2.pttk.pl\/wp-content\/uploads\/2022\/11\/3.-Waclaw-Musialowicz-1909-rok-fot.-ze-zbiorow-Anny-Julii-Modelskiej-1490x2048.jpg"},"post-thumbnail":{"file":"3.-Waclaw-Musialowicz-1909-rok-fot.-ze-zbiorow-Anny-Julii-Modelskiej-200x150.jpg","width":200,"height":150,"filesize":14301,"mime_type":"image\/jpeg","source_url":"https:\/\/turysta2.pttk.pl\/wp-content\/uploads\/2022\/11\/3.-Waclaw-Musialowicz-1909-rok-fot.-ze-zbiorow-Anny-Julii-Modelskiej-200x150.jpg"},"slider-post-thumbnail":{"file":"3.-Waclaw-Musialowicz-1909-rok-fot.-ze-zbiorow-Anny-Julii-Modelskiej-940x446.jpg","width":940,"height":446,"filesize":54174,"mime_type":"image\/jpeg","source_url":"https:\/\/turysta2.pttk.pl\/wp-content\/uploads\/2022\/11\/3.-Waclaw-Musialowicz-1909-rok-fot.-ze-zbiorow-Anny-Julii-Modelskiej-940x446.jpg"},"slider-thumb":{"file":"3.-Waclaw-Musialowicz-1909-rok-fot.-ze-zbiorow-Anny-Julii-Modelskiej-100x50.jpg","width":100,"height":50,"filesize":10128,"mime_type":"image\/jpeg","source_url":"https:\/\/turysta2.pttk.pl\/wp-content\/uploads\/2022\/11\/3.-Waclaw-Musialowicz-1909-rok-fot.-ze-zbiorow-Anny-Julii-Modelskiej-100x50.jpg"},"full":{"file":"3.-Waclaw-Musialowicz-1909-rok-fot.-ze-zbiorow-Anny-Julii-Modelskiej-scaled.jpg","width":1862,"height":2560,"mime_type":"image\/jpeg","source_url":"https:\/\/turysta2.pttk.pl\/wp-content\/uploads\/2022\/11\/3.-Waclaw-Musialowicz-1909-rok-fot.-ze-zbiorow-Anny-Julii-Modelskiej-scaled.jpg"}},"image_meta":{"aperture":"0","credit":"","camera":"","caption":"","created_timestamp":"0","copyright":"","focal_length":"0","iso":"0","shutter_speed":"0","title":"","orientation":"1","keywords":[]},"original_image":"3.-Waclaw-Musialowicz-1909-rok-fot.-ze-zbiorow-Anny-Julii-Modelskiej.jpg"},"post":28286,"source_url":"https:\/\/turysta2.pttk.pl\/wp-content\/uploads\/2022\/11\/3.-Waclaw-Musialowicz-1909-rok-fot.-ze-zbiorow-Anny-Julii-Modelskiej-scaled.jpg","_links":{"self":[{"href":"https:\/\/turysta2.pttk.pl\/index.php?rest_route=\/wp\/v2\/media\/28294","targetHints":{"allow":["GET"]}}],"collection":[{"href":"https:\/\/turysta2.pttk.pl\/index.php?rest_route=\/wp\/v2\/media"}],"about":[{"href":"https:\/\/turysta2.pttk.pl\/index.php?rest_route=\/wp\/v2\/types\/attachment"}],"author":[{"embeddable":true,"href":"https:\/\/turysta2.pttk.pl\/index.php?rest_route=\/wp\/v2\/users\/4"}],"replies":[{"embeddable":true,"href":"https:\/\/turysta2.pttk.pl\/index.php?rest_route=%2Fwp%2Fv2%2Fcomments&post=28294"}],"wp:attached-to":[{"embeddable":true,"post_type":"post","id":28286,"href":"https:\/\/turysta2.pttk.pl\/index.php?rest_route=\/wp\/v2\/posts\/28286"}],"curies":[{"name":"wp","href":"https:\/\/api.w.org\/{rel}","templated":true}]}}

3. Wacław Musiałowicz, 1909 rok (fot. ze zbiorów Anny Julii Modelskiej)
