{"id":28292,"date":"2022-11-21T15:31:00","date_gmt":"2022-11-21T13:31:00","guid":{"rendered":"https:\/\/turysta2.pttk.pl\/wp-content\/uploads\/2022\/11\/1.-Dwor-w-Starej-Hanczy-od-frontu-1934-rok-fot.-ze-zbiorow-Muzeum-Okregowego-w-Suwalkach.jpg"},"modified":"2022-11-21T15:31:00","modified_gmt":"2022-11-21T13:31:00","slug":"1-dwor-w-starej-hanczy-od-frontu-1934-rok-fot-ze-zbiorow-muzeum-okregowego-w-suwalkach","status":"inherit","type":"attachment","link":"https:\/\/turysta2.pttk.pl\/?attachment_id=28292","title":{"rendered":"1. Dw\u00f3r w Starej Ha\u0144czy od frontu, 1934 rok (fot. ze zbior\u00f3w Muzeum Okr\u0119gowego w Suwa\u0142kach)"},"author":4,"featured_media":0,"comment_status":"closed","ping_status":"closed","template":"","meta":[],"class_list":["post-28292","attachment","type-attachment","status-inherit","hentry"],"aioseo_notices":[],"description":{"rendered":"<p class=\"attachment\"><a href='https:\/\/turysta2.pttk.pl\/wp-content\/uploads\/2022\/11\/1.-Dwor-w-Starej-Hanczy-od-frontu-1934-rok-fot.-ze-zbiorow-Muzeum-Okregowego-w-Suwalkach.jpg'><img loading=\"lazy\" decoding=\"async\" width=\"300\" height=\"189\" src=\"https:\/\/turysta2.pttk.pl\/wp-content\/uploads\/2022\/11\/1.-Dwor-w-Starej-Hanczy-od-frontu-1934-rok-fot.-ze-zbiorow-Muzeum-Okregowego-w-Suwalkach-300x189.jpg\" class=\"attachment-medium size-medium\" alt=\"\" srcset=\"https:\/\/turysta2.pttk.pl\/wp-content\/uploads\/2022\/11\/1.-Dwor-w-Starej-Hanczy-od-frontu-1934-rok-fot.-ze-zbiorow-Muzeum-Okregowego-w-Suwalkach-300x189.jpg 300w, https:\/\/turysta2.pttk.pl\/wp-content\/uploads\/2022\/11\/1.-Dwor-w-Starej-Hanczy-od-frontu-1934-rok-fot.-ze-zbiorow-Muzeum-Okregowego-w-Suwalkach-1024x645.jpg 1024w, https:\/\/turysta2.pttk.pl\/wp-content\/uploads\/2022\/11\/1.-Dwor-w-Starej-Hanczy-od-frontu-1934-rok-fot.-ze-zbiorow-Muzeum-Okregowego-w-Suwalkach-768x484.jpg 768w, https:\/\/turysta2.pttk.pl\/wp-content\/uploads\/2022\/11\/1.-Dwor-w-Starej-Hanczy-od-frontu-1934-rok-fot.-ze-zbiorow-Muzeum-Okregowego-w-Suwalkach.jpg 1417w\" sizes=\"auto, (max-width: 300px) 100vw, 300px\" \/><\/a><\/p>\n"},"caption":{"rendered":""},"alt_text":"","media_type":"image","mime_type":"image\/jpeg","media_details":{"width":1417,"height":893,"file":"2022\/11\/1.-Dwor-w-Starej-Hanczy-od-frontu-1934-rok-fot.-ze-zbiorow-Muzeum-Okregowego-w-Suwalkach.jpg","filesize":632116,"sizes":{"medium":{"file":"1.-Dwor-w-Starej-Hanczy-od-frontu-1934-rok-fot.-ze-zbiorow-Muzeum-Okregowego-w-Suwalkach-300x189.jpg","width":300,"height":189,"filesize":27049,"mime_type":"image\/jpeg","source_url":"https:\/\/turysta2.pttk.pl\/wp-content\/uploads\/2022\/11\/1.-Dwor-w-Starej-Hanczy-od-frontu-1934-rok-fot.-ze-zbiorow-Muzeum-Okregowego-w-Suwalkach-300x189.jpg"},"large":{"file":"1.-Dwor-w-Starej-Hanczy-od-frontu-1934-rok-fot.-ze-zbiorow-Muzeum-Okregowego-w-Suwalkach-1024x645.jpg","width":1024,"height":645,"filesize":133093,"mime_type":"image\/jpeg","source_url":"https:\/\/turysta2.pttk.pl\/wp-content\/uploads\/2022\/11\/1.-Dwor-w-Starej-Hanczy-od-frontu-1934-rok-fot.-ze-zbiorow-Muzeum-Okregowego-w-Suwalkach-1024x645.jpg"},"thumbnail":{"file":"1.-Dwor-w-Starej-Hanczy-od-frontu-1934-rok-fot.-ze-zbiorow-Muzeum-Okregowego-w-Suwalkach-150x150.jpg","width":150,"height":150,"filesize":19079,"mime_type":"image\/jpeg","source_url":"https:\/\/turysta2.pttk.pl\/wp-content\/uploads\/2022\/11\/1.-Dwor-w-Starej-Hanczy-od-frontu-1934-rok-fot.-ze-zbiorow-Muzeum-Okregowego-w-Suwalkach-150x150.jpg"},"medium_large":{"file":"1.-Dwor-w-Starej-Hanczy-od-frontu-1934-rok-fot.-ze-zbiorow-Muzeum-Okregowego-w-Suwalkach-768x484.jpg","width":768,"height":484,"filesize":88387,"mime_type":"image\/jpeg","source_url":"https:\/\/turysta2.pttk.pl\/wp-content\/uploads\/2022\/11\/1.-Dwor-w-Starej-Hanczy-od-frontu-1934-rok-fot.-ze-zbiorow-Muzeum-Okregowego-w-Suwalkach-768x484.jpg"},"post-thumbnail":{"file":"1.-Dwor-w-Starej-Hanczy-od-frontu-1934-rok-fot.-ze-zbiorow-Muzeum-Okregowego-w-Suwalkach-200x150.jpg","width":200,"height":150,"filesize":20869,"mime_type":"image\/jpeg","source_url":"https:\/\/turysta2.pttk.pl\/wp-content\/uploads\/2022\/11\/1.-Dwor-w-Starej-Hanczy-od-frontu-1934-rok-fot.-ze-zbiorow-Muzeum-Okregowego-w-Suwalkach-200x150.jpg"},"slider-post-thumbnail":{"file":"1.-Dwor-w-Starej-Hanczy-od-frontu-1934-rok-fot.-ze-zbiorow-Muzeum-Okregowego-w-Suwalkach-940x446.jpg","width":940,"height":446,"filesize":97325,"mime_type":"image\/jpeg","source_url":"https:\/\/turysta2.pttk.pl\/wp-content\/uploads\/2022\/11\/1.-Dwor-w-Starej-Hanczy-od-frontu-1934-rok-fot.-ze-zbiorow-Muzeum-Okregowego-w-Suwalkach-940x446.jpg"},"slider-thumb":{"file":"1.-Dwor-w-Starej-Hanczy-od-frontu-1934-rok-fot.-ze-zbiorow-Muzeum-Okregowego-w-Suwalkach-100x50.jpg","width":100,"height":50,"filesize":15152,"mime_type":"image\/jpeg","source_url":"https:\/\/turysta2.pttk.pl\/wp-content\/uploads\/2022\/11\/1.-Dwor-w-Starej-Hanczy-od-frontu-1934-rok-fot.-ze-zbiorow-Muzeum-Okregowego-w-Suwalkach-100x50.jpg"},"full":{"file":"1.-Dwor-w-Starej-Hanczy-od-frontu-1934-rok-fot.-ze-zbiorow-Muzeum-Okregowego-w-Suwalkach.jpg","width":1417,"height":893,"mime_type":"image\/jpeg","source_url":"https:\/\/turysta2.pttk.pl\/wp-content\/uploads\/2022\/11\/1.-Dwor-w-Starej-Hanczy-od-frontu-1934-rok-fot.-ze-zbiorow-Muzeum-Okregowego-w-Suwalkach.jpg"}},"image_meta":{"aperture":"0","credit":"","camera":"","caption":"","created_timestamp":"0","copyright":"","focal_length":"0","iso":"0","shutter_speed":"0","title":"","orientation":"1","keywords":[]}},"post":28286,"source_url":"https:\/\/turysta2.pttk.pl\/wp-content\/uploads\/2022\/11\/1.-Dwor-w-Starej-Hanczy-od-frontu-1934-rok-fot.-ze-zbiorow-Muzeum-Okregowego-w-Suwalkach.jpg","_links":{"self":[{"href":"https:\/\/turysta2.pttk.pl\/index.php?rest_route=\/wp\/v2\/media\/28292","targetHints":{"allow":["GET"]}}],"collection":[{"href":"https:\/\/turysta2.pttk.pl\/index.php?rest_route=\/wp\/v2\/media"}],"about":[{"href":"https:\/\/turysta2.pttk.pl\/index.php?rest_route=\/wp\/v2\/types\/attachment"}],"author":[{"embeddable":true,"href":"https:\/\/turysta2.pttk.pl\/index.php?rest_route=\/wp\/v2\/users\/4"}],"replies":[{"embeddable":true,"href":"https:\/\/turysta2.pttk.pl\/index.php?rest_route=%2Fwp%2Fv2%2Fcomments&post=28292"}],"wp:attached-to":[{"embeddable":true,"post_type":"post","id":28286,"href":"https:\/\/turysta2.pttk.pl\/index.php?rest_route=\/wp\/v2\/posts\/28286"}],"curies":[{"name":"wp","href":"https:\/\/api.w.org\/{rel}","templated":true}]}}

1. Dwór w Starej Hańczy od frontu, 1934 rok (fot. ze zbiorów Muzeum Okręgowego w Suwałkach)
