{"id":28263,"date":"2022-11-21T15:12:18","date_gmt":"2022-11-21T13:12:18","guid":{"rendered":"https:\/\/turysta2.pttk.pl\/wp-content\/uploads\/2022\/11\/1.Schronisko-Stozek-w-oczekiwaniu-na-turystow-swietujacych-jubileusz-fot.-Andrzej-Kowol.jpg"},"modified":"2022-11-21T15:12:18","modified_gmt":"2022-11-21T13:12:18","slug":"1-schronisko-stozek-w-oczekiwaniu-na-turystow-swietujacych-jubileusz-fot-andrzej-kowol","status":"inherit","type":"attachment","link":"https:\/\/turysta2.pttk.pl\/?attachment_id=28263","title":{"rendered":"1.Schronisko Sto\u017cek w oczekiwaniu na turyst\u00f3w \u015bwi\u0119tuj\u0105cych jubileusz (fot. Andrzej Kowol)"},"author":4,"featured_media":0,"comment_status":"closed","ping_status":"closed","template":"","meta":[],"class_list":["post-28263","attachment","type-attachment","status-inherit","hentry"],"aioseo_notices":[],"description":{"rendered":"<p class=\"attachment\"><a href='https:\/\/turysta2.pttk.pl\/wp-content\/uploads\/2022\/11\/1.Schronisko-Stozek-w-oczekiwaniu-na-turystow-swietujacych-jubileusz-fot.-Andrzej-Kowol-scaled.jpg'><img loading=\"lazy\" decoding=\"async\" width=\"300\" height=\"199\" src=\"https:\/\/turysta2.pttk.pl\/wp-content\/uploads\/2022\/11\/1.Schronisko-Stozek-w-oczekiwaniu-na-turystow-swietujacych-jubileusz-fot.-Andrzej-Kowol-300x199.jpg\" class=\"attachment-medium size-medium\" alt=\"\" srcset=\"https:\/\/turysta2.pttk.pl\/wp-content\/uploads\/2022\/11\/1.Schronisko-Stozek-w-oczekiwaniu-na-turystow-swietujacych-jubileusz-fot.-Andrzej-Kowol-300x199.jpg 300w, https:\/\/turysta2.pttk.pl\/wp-content\/uploads\/2022\/11\/1.Schronisko-Stozek-w-oczekiwaniu-na-turystow-swietujacych-jubileusz-fot.-Andrzej-Kowol-1024x680.jpg 1024w, https:\/\/turysta2.pttk.pl\/wp-content\/uploads\/2022\/11\/1.Schronisko-Stozek-w-oczekiwaniu-na-turystow-swietujacych-jubileusz-fot.-Andrzej-Kowol-768x510.jpg 768w, https:\/\/turysta2.pttk.pl\/wp-content\/uploads\/2022\/11\/1.Schronisko-Stozek-w-oczekiwaniu-na-turystow-swietujacych-jubileusz-fot.-Andrzej-Kowol-1536x1020.jpg 1536w, https:\/\/turysta2.pttk.pl\/wp-content\/uploads\/2022\/11\/1.Schronisko-Stozek-w-oczekiwaniu-na-turystow-swietujacych-jubileusz-fot.-Andrzej-Kowol-2048x1360.jpg 2048w\" sizes=\"auto, (max-width: 300px) 100vw, 300px\" \/><\/a><\/p>\n"},"caption":{"rendered":""},"alt_text":"","media_type":"image","mime_type":"image\/jpeg","media_details":{"width":2560,"height":1700,"file":"2022\/11\/1.Schronisko-Stozek-w-oczekiwaniu-na-turystow-swietujacych-jubileusz-fot.-Andrzej-Kowol-scaled.jpg","filesize":1240150,"sizes":{"medium":{"file":"1.Schronisko-Stozek-w-oczekiwaniu-na-turystow-swietujacych-jubileusz-fot.-Andrzej-Kowol-300x199.jpg","width":300,"height":199,"filesize":45437,"mime_type":"image\/jpeg","source_url":"https:\/\/turysta2.pttk.pl\/wp-content\/uploads\/2022\/11\/1.Schronisko-Stozek-w-oczekiwaniu-na-turystow-swietujacych-jubileusz-fot.-Andrzej-Kowol-300x199.jpg"},"large":{"file":"1.Schronisko-Stozek-w-oczekiwaniu-na-turystow-swietujacych-jubileusz-fot.-Andrzej-Kowol-1024x680.jpg","width":1024,"height":680,"filesize":274537,"mime_type":"image\/jpeg","source_url":"https:\/\/turysta2.pttk.pl\/wp-content\/uploads\/2022\/11\/1.Schronisko-Stozek-w-oczekiwaniu-na-turystow-swietujacych-jubileusz-fot.-Andrzej-Kowol-1024x680.jpg"},"thumbnail":{"file":"1.Schronisko-Stozek-w-oczekiwaniu-na-turystow-swietujacych-jubileusz-fot.-Andrzej-Kowol-150x150.jpg","width":150,"height":150,"filesize":30897,"mime_type":"image\/jpeg","source_url":"https:\/\/turysta2.pttk.pl\/wp-content\/uploads\/2022\/11\/1.Schronisko-Stozek-w-oczekiwaniu-na-turystow-swietujacych-jubileusz-fot.-Andrzej-Kowol-150x150.jpg"},"medium_large":{"file":"1.Schronisko-Stozek-w-oczekiwaniu-na-turystow-swietujacych-jubileusz-fot.-Andrzej-Kowol-768x510.jpg","width":768,"height":510,"filesize":169135,"mime_type":"image\/jpeg","source_url":"https:\/\/turysta2.pttk.pl\/wp-content\/uploads\/2022\/11\/1.Schronisko-Stozek-w-oczekiwaniu-na-turystow-swietujacych-jubileusz-fot.-Andrzej-Kowol-768x510.jpg"},"1536x1536":{"file":"1.Schronisko-Stozek-w-oczekiwaniu-na-turystow-swietujacych-jubileusz-fot.-Andrzej-Kowol-1536x1020.jpg","width":1536,"height":1020,"filesize":547217,"mime_type":"image\/jpeg","source_url":"https:\/\/turysta2.pttk.pl\/wp-content\/uploads\/2022\/11\/1.Schronisko-Stozek-w-oczekiwaniu-na-turystow-swietujacych-jubileusz-fot.-Andrzej-Kowol-1536x1020.jpg"},"2048x2048":{"file":"1.Schronisko-Stozek-w-oczekiwaniu-na-turystow-swietujacych-jubileusz-fot.-Andrzej-Kowol-2048x1360.jpg","width":2048,"height":1360,"filesize":872389,"mime_type":"image\/jpeg","source_url":"https:\/\/turysta2.pttk.pl\/wp-content\/uploads\/2022\/11\/1.Schronisko-Stozek-w-oczekiwaniu-na-turystow-swietujacych-jubileusz-fot.-Andrzej-Kowol-2048x1360.jpg"},"post-thumbnail":{"file":"1.Schronisko-Stozek-w-oczekiwaniu-na-turystow-swietujacych-jubileusz-fot.-Andrzej-Kowol-200x150.jpg","width":200,"height":150,"filesize":33759,"mime_type":"image\/jpeg","source_url":"https:\/\/turysta2.pttk.pl\/wp-content\/uploads\/2022\/11\/1.Schronisko-Stozek-w-oczekiwaniu-na-turystow-swietujacych-jubileusz-fot.-Andrzej-Kowol-200x150.jpg"},"slider-post-thumbnail":{"file":"1.Schronisko-Stozek-w-oczekiwaniu-na-turystow-swietujacych-jubileusz-fot.-Andrzej-Kowol-940x446.jpg","width":940,"height":446,"filesize":194534,"mime_type":"image\/jpeg","source_url":"https:\/\/turysta2.pttk.pl\/wp-content\/uploads\/2022\/11\/1.Schronisko-Stozek-w-oczekiwaniu-na-turystow-swietujacych-jubileusz-fot.-Andrzej-Kowol-940x446.jpg"},"slider-thumb":{"file":"1.Schronisko-Stozek-w-oczekiwaniu-na-turystow-swietujacych-jubileusz-fot.-Andrzej-Kowol-100x50.jpg","width":100,"height":50,"filesize":24330,"mime_type":"image\/jpeg","source_url":"https:\/\/turysta2.pttk.pl\/wp-content\/uploads\/2022\/11\/1.Schronisko-Stozek-w-oczekiwaniu-na-turystow-swietujacych-jubileusz-fot.-Andrzej-Kowol-100x50.jpg"},"full":{"file":"1.Schronisko-Stozek-w-oczekiwaniu-na-turystow-swietujacych-jubileusz-fot.-Andrzej-Kowol-scaled.jpg","width":2560,"height":1700,"mime_type":"image\/jpeg","source_url":"https:\/\/turysta2.pttk.pl\/wp-content\/uploads\/2022\/11\/1.Schronisko-Stozek-w-oczekiwaniu-na-turystow-swietujacych-jubileusz-fot.-Andrzej-Kowol-scaled.jpg"}},"image_meta":{"aperture":"6.3","credit":"","camera":"ILCE-6000","caption":"","created_timestamp":"1657321365","copyright":"","focal_length":"181","iso":"1600","shutter_speed":"0.00025","title":"","orientation":"1","keywords":[]},"original_image":"1.Schronisko-Stozek-w-oczekiwaniu-na-turystow-swietujacych-jubileusz-fot.-Andrzej-Kowol.jpg"},"post":28262,"source_url":"https:\/\/turysta2.pttk.pl\/wp-content\/uploads\/2022\/11\/1.Schronisko-Stozek-w-oczekiwaniu-na-turystow-swietujacych-jubileusz-fot.-Andrzej-Kowol-scaled.jpg","_links":{"self":[{"href":"https:\/\/turysta2.pttk.pl\/index.php?rest_route=\/wp\/v2\/media\/28263","targetHints":{"allow":["GET"]}}],"collection":[{"href":"https:\/\/turysta2.pttk.pl\/index.php?rest_route=\/wp\/v2\/media"}],"about":[{"href":"https:\/\/turysta2.pttk.pl\/index.php?rest_route=\/wp\/v2\/types\/attachment"}],"author":[{"embeddable":true,"href":"https:\/\/turysta2.pttk.pl\/index.php?rest_route=\/wp\/v2\/users\/4"}],"replies":[{"embeddable":true,"href":"https:\/\/turysta2.pttk.pl\/index.php?rest_route=%2Fwp%2Fv2%2Fcomments&post=28263"}],"wp:attached-to":[{"embeddable":true,"post_type":"post","id":28262,"href":"https:\/\/turysta2.pttk.pl\/index.php?rest_route=\/wp\/v2\/posts\/28262"}],"curies":[{"name":"wp","href":"https:\/\/api.w.org\/{rel}","templated":true}]}}

1.Schronisko Stożek w oczekiwaniu na turystów świętujących jubileusz (fot. Andrzej Kowol)
