{"id":28228,"date":"2022-11-20T21:08:45","date_gmt":"2022-11-20T19:08:45","guid":{"rendered":"https:\/\/turysta2.pttk.pl\/wp-content\/uploads\/2022\/11\/1.-Wieza-wyciagowa-z-szybu-Piotr-fot.-Monika-Kulinska-.jpg"},"modified":"2022-11-20T21:08:45","modified_gmt":"2022-11-20T19:08:45","slug":"1-wieza-wyciagowa-z-szybu-piotr-fot-monika-kulinska","status":"inherit","type":"attachment","link":"https:\/\/turysta2.pttk.pl\/?attachment_id=28228","title":{"rendered":"1. Wie\u017ca wyci\u0105gowa z szybu Piotr (fot. Monika Kuli\u0144ska)"},"author":4,"featured_media":0,"comment_status":"closed","ping_status":"closed","template":"","meta":[],"class_list":["post-28228","attachment","type-attachment","status-inherit","hentry"],"aioseo_notices":[],"description":{"rendered":"<p class=\"attachment\"><a href='https:\/\/turysta2.pttk.pl\/wp-content\/uploads\/2022\/11\/1.-Wieza-wyciagowa-z-szybu-Piotr-fot.-Monika-Kulinska--scaled.jpg'><img loading=\"lazy\" decoding=\"async\" width=\"300\" height=\"225\" src=\"https:\/\/turysta2.pttk.pl\/wp-content\/uploads\/2022\/11\/1.-Wieza-wyciagowa-z-szybu-Piotr-fot.-Monika-Kulinska--300x225.jpg\" class=\"attachment-medium size-medium\" alt=\"\" srcset=\"https:\/\/turysta2.pttk.pl\/wp-content\/uploads\/2022\/11\/1.-Wieza-wyciagowa-z-szybu-Piotr-fot.-Monika-Kulinska--300x225.jpg 300w, https:\/\/turysta2.pttk.pl\/wp-content\/uploads\/2022\/11\/1.-Wieza-wyciagowa-z-szybu-Piotr-fot.-Monika-Kulinska--1024x768.jpg 1024w, https:\/\/turysta2.pttk.pl\/wp-content\/uploads\/2022\/11\/1.-Wieza-wyciagowa-z-szybu-Piotr-fot.-Monika-Kulinska--768x576.jpg 768w, https:\/\/turysta2.pttk.pl\/wp-content\/uploads\/2022\/11\/1.-Wieza-wyciagowa-z-szybu-Piotr-fot.-Monika-Kulinska--1536x1152.jpg 1536w, https:\/\/turysta2.pttk.pl\/wp-content\/uploads\/2022\/11\/1.-Wieza-wyciagowa-z-szybu-Piotr-fot.-Monika-Kulinska--2048x1536.jpg 2048w, https:\/\/turysta2.pttk.pl\/wp-content\/uploads\/2022\/11\/1.-Wieza-wyciagowa-z-szybu-Piotr-fot.-Monika-Kulinska--200x150.jpg 200w\" sizes=\"auto, (max-width: 300px) 100vw, 300px\" \/><\/a><\/p>\n"},"caption":{"rendered":""},"alt_text":"","media_type":"image","mime_type":"image\/jpeg","media_details":{"width":2560,"height":1920,"file":"2022\/11\/1.-Wieza-wyciagowa-z-szybu-Piotr-fot.-Monika-Kulinska--scaled.jpg","filesize":1820653,"sizes":{"medium":{"file":"1.-Wieza-wyciagowa-z-szybu-Piotr-fot.-Monika-Kulinska--300x225.jpg","width":300,"height":225,"filesize":49385,"mime_type":"image\/jpeg","source_url":"https:\/\/turysta2.pttk.pl\/wp-content\/uploads\/2022\/11\/1.-Wieza-wyciagowa-z-szybu-Piotr-fot.-Monika-Kulinska--300x225.jpg"},"large":{"file":"1.-Wieza-wyciagowa-z-szybu-Piotr-fot.-Monika-Kulinska--1024x768.jpg","width":1024,"height":768,"filesize":354334,"mime_type":"image\/jpeg","source_url":"https:\/\/turysta2.pttk.pl\/wp-content\/uploads\/2022\/11\/1.-Wieza-wyciagowa-z-szybu-Piotr-fot.-Monika-Kulinska--1024x768.jpg"},"thumbnail":{"file":"1.-Wieza-wyciagowa-z-szybu-Piotr-fot.-Monika-Kulinska--150x150.jpg","width":150,"height":150,"filesize":28854,"mime_type":"image\/jpeg","source_url":"https:\/\/turysta2.pttk.pl\/wp-content\/uploads\/2022\/11\/1.-Wieza-wyciagowa-z-szybu-Piotr-fot.-Monika-Kulinska--150x150.jpg"},"medium_large":{"file":"1.-Wieza-wyciagowa-z-szybu-Piotr-fot.-Monika-Kulinska--768x576.jpg","width":768,"height":576,"filesize":211175,"mime_type":"image\/jpeg","source_url":"https:\/\/turysta2.pttk.pl\/wp-content\/uploads\/2022\/11\/1.-Wieza-wyciagowa-z-szybu-Piotr-fot.-Monika-Kulinska--768x576.jpg"},"1536x1536":{"file":"1.-Wieza-wyciagowa-z-szybu-Piotr-fot.-Monika-Kulinska--1536x1152.jpg","width":1536,"height":1152,"filesize":746478,"mime_type":"image\/jpeg","source_url":"https:\/\/turysta2.pttk.pl\/wp-content\/uploads\/2022\/11\/1.-Wieza-wyciagowa-z-szybu-Piotr-fot.-Monika-Kulinska--1536x1152.jpg"},"2048x2048":{"file":"1.-Wieza-wyciagowa-z-szybu-Piotr-fot.-Monika-Kulinska--2048x1536.jpg","width":2048,"height":1536,"filesize":1246490,"mime_type":"image\/jpeg","source_url":"https:\/\/turysta2.pttk.pl\/wp-content\/uploads\/2022\/11\/1.-Wieza-wyciagowa-z-szybu-Piotr-fot.-Monika-Kulinska--2048x1536.jpg"},"post-thumbnail":{"file":"1.-Wieza-wyciagowa-z-szybu-Piotr-fot.-Monika-Kulinska--200x150.jpg","width":200,"height":150,"filesize":31843,"mime_type":"image\/jpeg","source_url":"https:\/\/turysta2.pttk.pl\/wp-content\/uploads\/2022\/11\/1.-Wieza-wyciagowa-z-szybu-Piotr-fot.-Monika-Kulinska--200x150.jpg"},"slider-post-thumbnail":{"file":"1.-Wieza-wyciagowa-z-szybu-Piotr-fot.-Monika-Kulinska--940x446.jpg","width":940,"height":446,"filesize":193670,"mime_type":"image\/jpeg","source_url":"https:\/\/turysta2.pttk.pl\/wp-content\/uploads\/2022\/11\/1.-Wieza-wyciagowa-z-szybu-Piotr-fot.-Monika-Kulinska--940x446.jpg"},"slider-thumb":{"file":"1.-Wieza-wyciagowa-z-szybu-Piotr-fot.-Monika-Kulinska--100x50.jpg","width":100,"height":50,"filesize":20296,"mime_type":"image\/jpeg","source_url":"https:\/\/turysta2.pttk.pl\/wp-content\/uploads\/2022\/11\/1.-Wieza-wyciagowa-z-szybu-Piotr-fot.-Monika-Kulinska--100x50.jpg"},"full":{"file":"1.-Wieza-wyciagowa-z-szybu-Piotr-fot.-Monika-Kulinska--scaled.jpg","width":2560,"height":1920,"mime_type":"image\/jpeg","source_url":"https:\/\/turysta2.pttk.pl\/wp-content\/uploads\/2022\/11\/1.-Wieza-wyciagowa-z-szybu-Piotr-fot.-Monika-Kulinska--scaled.jpg"}},"image_meta":{"aperture":"2.2","credit":"","camera":"ANE-LX1","caption":"","created_timestamp":"1571300708","copyright":"","focal_length":"3.8","iso":"50","shutter_speed":"0.0014285714285714","title":"","orientation":"1","keywords":[]},"original_image":"1.-Wieza-wyciagowa-z-szybu-Piotr-fot.-Monika-Kulinska-.jpg"},"post":28227,"source_url":"https:\/\/turysta2.pttk.pl\/wp-content\/uploads\/2022\/11\/1.-Wieza-wyciagowa-z-szybu-Piotr-fot.-Monika-Kulinska--scaled.jpg","_links":{"self":[{"href":"https:\/\/turysta2.pttk.pl\/index.php?rest_route=\/wp\/v2\/media\/28228","targetHints":{"allow":["GET"]}}],"collection":[{"href":"https:\/\/turysta2.pttk.pl\/index.php?rest_route=\/wp\/v2\/media"}],"about":[{"href":"https:\/\/turysta2.pttk.pl\/index.php?rest_route=\/wp\/v2\/types\/attachment"}],"author":[{"embeddable":true,"href":"https:\/\/turysta2.pttk.pl\/index.php?rest_route=\/wp\/v2\/users\/4"}],"replies":[{"embeddable":true,"href":"https:\/\/turysta2.pttk.pl\/index.php?rest_route=%2Fwp%2Fv2%2Fcomments&post=28228"}],"wp:attached-to":[{"embeddable":true,"post_type":"post","id":28227,"href":"https:\/\/turysta2.pttk.pl\/index.php?rest_route=\/wp\/v2\/posts\/28227"}],"curies":[{"name":"wp","href":"https:\/\/api.w.org\/{rel}","templated":true}]}}

1. Wieża wyciągowa z szybu Piotr (fot. Monika Kulińska)
