{"id":28208,"date":"2022-11-20T20:59:27","date_gmt":"2022-11-20T18:59:27","guid":{"rendered":"https:\/\/turysta2.pttk.pl\/wp-content\/uploads\/2022\/11\/1.-Na-cala-strone-Gorczanski-Park-Narodowy-fot.-Dagmara-Kowalska-Bijak.jpg"},"modified":"2022-11-20T20:59:27","modified_gmt":"2022-11-20T18:59:27","slug":"1-na-cala-strone-gorczanski-park-narodowy-fot-dagmara-kowalska-bijak","status":"inherit","type":"attachment","link":"https:\/\/turysta2.pttk.pl\/?attachment_id=28208","title":{"rendered":"1. Na ca\u0142\u0105 stron\u0119 Gorcza\u0144ski Park Narodowy (fot. Dagmara Kowalska-Bijak)"},"author":4,"featured_media":0,"comment_status":"closed","ping_status":"closed","template":"","meta":[],"class_list":["post-28208","attachment","type-attachment","status-inherit","hentry"],"aioseo_notices":[],"description":{"rendered":"<p class=\"attachment\"><a href='https:\/\/turysta2.pttk.pl\/wp-content\/uploads\/2022\/11\/1.-Na-cala-strone-Gorczanski-Park-Narodowy-fot.-Dagmara-Kowalska-Bijak-scaled.jpg'><img loading=\"lazy\" decoding=\"async\" width=\"218\" height=\"300\" src=\"https:\/\/turysta2.pttk.pl\/wp-content\/uploads\/2022\/11\/1.-Na-cala-strone-Gorczanski-Park-Narodowy-fot.-Dagmara-Kowalska-Bijak-218x300.jpg\" class=\"attachment-medium size-medium\" alt=\"\" srcset=\"https:\/\/turysta2.pttk.pl\/wp-content\/uploads\/2022\/11\/1.-Na-cala-strone-Gorczanski-Park-Narodowy-fot.-Dagmara-Kowalska-Bijak-218x300.jpg 218w, https:\/\/turysta2.pttk.pl\/wp-content\/uploads\/2022\/11\/1.-Na-cala-strone-Gorczanski-Park-Narodowy-fot.-Dagmara-Kowalska-Bijak-746x1024.jpg 746w, https:\/\/turysta2.pttk.pl\/wp-content\/uploads\/2022\/11\/1.-Na-cala-strone-Gorczanski-Park-Narodowy-fot.-Dagmara-Kowalska-Bijak-768x1054.jpg 768w, https:\/\/turysta2.pttk.pl\/wp-content\/uploads\/2022\/11\/1.-Na-cala-strone-Gorczanski-Park-Narodowy-fot.-Dagmara-Kowalska-Bijak-1119x1536.jpg 1119w, https:\/\/turysta2.pttk.pl\/wp-content\/uploads\/2022\/11\/1.-Na-cala-strone-Gorczanski-Park-Narodowy-fot.-Dagmara-Kowalska-Bijak-1492x2048.jpg 1492w, https:\/\/turysta2.pttk.pl\/wp-content\/uploads\/2022\/11\/1.-Na-cala-strone-Gorczanski-Park-Narodowy-fot.-Dagmara-Kowalska-Bijak-scaled.jpg 1865w\" sizes=\"auto, (max-width: 218px) 100vw, 218px\" \/><\/a><\/p>\n"},"caption":{"rendered":""},"alt_text":"","media_type":"image","mime_type":"image\/jpeg","media_details":{"width":1865,"height":2560,"file":"2022\/11\/1.-Na-cala-strone-Gorczanski-Park-Narodowy-fot.-Dagmara-Kowalska-Bijak-scaled.jpg","filesize":1894164,"sizes":{"medium":{"file":"1.-Na-cala-strone-Gorczanski-Park-Narodowy-fot.-Dagmara-Kowalska-Bijak-218x300.jpg","width":218,"height":300,"filesize":50509,"mime_type":"image\/jpeg","source_url":"https:\/\/turysta2.pttk.pl\/wp-content\/uploads\/2022\/11\/1.-Na-cala-strone-Gorczanski-Park-Narodowy-fot.-Dagmara-Kowalska-Bijak-218x300.jpg"},"large":{"file":"1.-Na-cala-strone-Gorczanski-Park-Narodowy-fot.-Dagmara-Kowalska-Bijak-746x1024.jpg","width":746,"height":1024,"filesize":386507,"mime_type":"image\/jpeg","source_url":"https:\/\/turysta2.pttk.pl\/wp-content\/uploads\/2022\/11\/1.-Na-cala-strone-Gorczanski-Park-Narodowy-fot.-Dagmara-Kowalska-Bijak-746x1024.jpg"},"thumbnail":{"file":"1.-Na-cala-strone-Gorczanski-Park-Narodowy-fot.-Dagmara-Kowalska-Bijak-150x150.jpg","width":150,"height":150,"filesize":29659,"mime_type":"image\/jpeg","source_url":"https:\/\/turysta2.pttk.pl\/wp-content\/uploads\/2022\/11\/1.-Na-cala-strone-Gorczanski-Park-Narodowy-fot.-Dagmara-Kowalska-Bijak-150x150.jpg"},"medium_large":{"file":"1.-Na-cala-strone-Gorczanski-Park-Narodowy-fot.-Dagmara-Kowalska-Bijak-768x1054.jpg","width":768,"height":1054,"filesize":406140,"mime_type":"image\/jpeg","source_url":"https:\/\/turysta2.pttk.pl\/wp-content\/uploads\/2022\/11\/1.-Na-cala-strone-Gorczanski-Park-Narodowy-fot.-Dagmara-Kowalska-Bijak-768x1054.jpg"},"1536x1536":{"file":"1.-Na-cala-strone-Gorczanski-Park-Narodowy-fot.-Dagmara-Kowalska-Bijak-1119x1536.jpg","width":1119,"height":1536,"filesize":800488,"mime_type":"image\/jpeg","source_url":"https:\/\/turysta2.pttk.pl\/wp-content\/uploads\/2022\/11\/1.-Na-cala-strone-Gorczanski-Park-Narodowy-fot.-Dagmara-Kowalska-Bijak-1119x1536.jpg"},"2048x2048":{"file":"1.-Na-cala-strone-Gorczanski-Park-Narodowy-fot.-Dagmara-Kowalska-Bijak-1492x2048.jpg","width":1492,"height":2048,"filesize":1314721,"mime_type":"image\/jpeg","source_url":"https:\/\/turysta2.pttk.pl\/wp-content\/uploads\/2022\/11\/1.-Na-cala-strone-Gorczanski-Park-Narodowy-fot.-Dagmara-Kowalska-Bijak-1492x2048.jpg"},"post-thumbnail":{"file":"1.-Na-cala-strone-Gorczanski-Park-Narodowy-fot.-Dagmara-Kowalska-Bijak-200x150.jpg","width":200,"height":150,"filesize":33405,"mime_type":"image\/jpeg","source_url":"https:\/\/turysta2.pttk.pl\/wp-content\/uploads\/2022\/11\/1.-Na-cala-strone-Gorczanski-Park-Narodowy-fot.-Dagmara-Kowalska-Bijak-200x150.jpg"},"slider-post-thumbnail":{"file":"1.-Na-cala-strone-Gorczanski-Park-Narodowy-fot.-Dagmara-Kowalska-Bijak-940x446.jpg","width":940,"height":446,"filesize":261711,"mime_type":"image\/jpeg","source_url":"https:\/\/turysta2.pttk.pl\/wp-content\/uploads\/2022\/11\/1.-Na-cala-strone-Gorczanski-Park-Narodowy-fot.-Dagmara-Kowalska-Bijak-940x446.jpg"},"slider-thumb":{"file":"1.-Na-cala-strone-Gorczanski-Park-Narodowy-fot.-Dagmara-Kowalska-Bijak-100x50.jpg","width":100,"height":50,"filesize":21370,"mime_type":"image\/jpeg","source_url":"https:\/\/turysta2.pttk.pl\/wp-content\/uploads\/2022\/11\/1.-Na-cala-strone-Gorczanski-Park-Narodowy-fot.-Dagmara-Kowalska-Bijak-100x50.jpg"},"full":{"file":"1.-Na-cala-strone-Gorczanski-Park-Narodowy-fot.-Dagmara-Kowalska-Bijak-scaled.jpg","width":1865,"height":2560,"mime_type":"image\/jpeg","source_url":"https:\/\/turysta2.pttk.pl\/wp-content\/uploads\/2022\/11\/1.-Na-cala-strone-Gorczanski-Park-Narodowy-fot.-Dagmara-Kowalska-Bijak-scaled.jpg"}},"image_meta":{"aperture":"9","credit":"","camera":"NIKON D5200","caption":"","created_timestamp":"1601730513","copyright":"","focal_length":"18","iso":"100","shutter_speed":"0.005","title":"","orientation":"1","keywords":[]},"original_image":"1.-Na-cala-strone-Gorczanski-Park-Narodowy-fot.-Dagmara-Kowalska-Bijak.jpg"},"post":28206,"source_url":"https:\/\/turysta2.pttk.pl\/wp-content\/uploads\/2022\/11\/1.-Na-cala-strone-Gorczanski-Park-Narodowy-fot.-Dagmara-Kowalska-Bijak-scaled.jpg","_links":{"self":[{"href":"https:\/\/turysta2.pttk.pl\/index.php?rest_route=\/wp\/v2\/media\/28208","targetHints":{"allow":["GET"]}}],"collection":[{"href":"https:\/\/turysta2.pttk.pl\/index.php?rest_route=\/wp\/v2\/media"}],"about":[{"href":"https:\/\/turysta2.pttk.pl\/index.php?rest_route=\/wp\/v2\/types\/attachment"}],"author":[{"embeddable":true,"href":"https:\/\/turysta2.pttk.pl\/index.php?rest_route=\/wp\/v2\/users\/4"}],"replies":[{"embeddable":true,"href":"https:\/\/turysta2.pttk.pl\/index.php?rest_route=%2Fwp%2Fv2%2Fcomments&post=28208"}],"wp:attached-to":[{"embeddable":true,"post_type":"post","id":28206,"href":"https:\/\/turysta2.pttk.pl\/index.php?rest_route=\/wp\/v2\/posts\/28206"}],"curies":[{"name":"wp","href":"https:\/\/api.w.org\/{rel}","templated":true}]}}

1. Na całą stronę Gorczański Park Narodowy (fot. Dagmara Kowalska-Bijak)
