{"id":28198,"date":"2022-11-20T20:47:21","date_gmt":"2022-11-20T18:47:21","guid":{"rendered":"https:\/\/turysta2.pttk.pl\/wp-content\/uploads\/2022\/11\/1.-Rynek-Gorny-w-Bodzentynie-fot.-Jaroslaw-Kaczmarczyk.jpg"},"modified":"2022-11-20T20:47:21","modified_gmt":"2022-11-20T18:47:21","slug":"1-rynek-gorny-w-bodzentynie-fot-jaroslaw-kaczmarczyk","status":"inherit","type":"attachment","link":"https:\/\/turysta2.pttk.pl\/?attachment_id=28198","title":{"rendered":"1. Rynek G\u00f3rny w Bodzentynie (fot. Jaros\u0142\u0105w Kaczmarczyk)"},"author":4,"featured_media":0,"comment_status":"closed","ping_status":"closed","template":"","meta":[],"class_list":["post-28198","attachment","type-attachment","status-inherit","hentry"],"aioseo_notices":[],"description":{"rendered":"<p class=\"attachment\"><a href='https:\/\/turysta2.pttk.pl\/wp-content\/uploads\/2022\/11\/1.-Rynek-Gorny-w-Bodzentynie-fot.-Jaroslaw-Kaczmarczyk.jpg'><img loading=\"lazy\" decoding=\"async\" width=\"300\" height=\"200\" src=\"https:\/\/turysta2.pttk.pl\/wp-content\/uploads\/2022\/11\/1.-Rynek-Gorny-w-Bodzentynie-fot.-Jaroslaw-Kaczmarczyk-300x200.jpg\" class=\"attachment-medium size-medium\" alt=\"\" srcset=\"https:\/\/turysta2.pttk.pl\/wp-content\/uploads\/2022\/11\/1.-Rynek-Gorny-w-Bodzentynie-fot.-Jaroslaw-Kaczmarczyk-300x200.jpg 300w, https:\/\/turysta2.pttk.pl\/wp-content\/uploads\/2022\/11\/1.-Rynek-Gorny-w-Bodzentynie-fot.-Jaroslaw-Kaczmarczyk-1024x683.jpg 1024w, https:\/\/turysta2.pttk.pl\/wp-content\/uploads\/2022\/11\/1.-Rynek-Gorny-w-Bodzentynie-fot.-Jaroslaw-Kaczmarczyk-768x512.jpg 768w, https:\/\/turysta2.pttk.pl\/wp-content\/uploads\/2022\/11\/1.-Rynek-Gorny-w-Bodzentynie-fot.-Jaroslaw-Kaczmarczyk-1536x1024.jpg 1536w, https:\/\/turysta2.pttk.pl\/wp-content\/uploads\/2022\/11\/1.-Rynek-Gorny-w-Bodzentynie-fot.-Jaroslaw-Kaczmarczyk-2048x1366.jpg 2048w\" sizes=\"auto, (max-width: 300px) 100vw, 300px\" \/><\/a><\/p>\n"},"caption":{"rendered":""},"alt_text":"","media_type":"image","mime_type":"image\/jpeg","media_details":{"width":2362,"height":1575,"file":"2022\/11\/1.-Rynek-Gorny-w-Bodzentynie-fot.-Jaroslaw-Kaczmarczyk.jpg","filesize":2777810,"sizes":{"medium":{"file":"1.-Rynek-Gorny-w-Bodzentynie-fot.-Jaroslaw-Kaczmarczyk-300x200.jpg","width":300,"height":200,"filesize":32233,"mime_type":"image\/jpeg","source_url":"https:\/\/turysta2.pttk.pl\/wp-content\/uploads\/2022\/11\/1.-Rynek-Gorny-w-Bodzentynie-fot.-Jaroslaw-Kaczmarczyk-300x200.jpg"},"large":{"file":"1.-Rynek-Gorny-w-Bodzentynie-fot.-Jaroslaw-Kaczmarczyk-1024x683.jpg","width":1024,"height":683,"filesize":163613,"mime_type":"image\/jpeg","source_url":"https:\/\/turysta2.pttk.pl\/wp-content\/uploads\/2022\/11\/1.-Rynek-Gorny-w-Bodzentynie-fot.-Jaroslaw-Kaczmarczyk-1024x683.jpg"},"thumbnail":{"file":"1.-Rynek-Gorny-w-Bodzentynie-fot.-Jaroslaw-Kaczmarczyk-150x150.jpg","width":150,"height":150,"filesize":21838,"mime_type":"image\/jpeg","source_url":"https:\/\/turysta2.pttk.pl\/wp-content\/uploads\/2022\/11\/1.-Rynek-Gorny-w-Bodzentynie-fot.-Jaroslaw-Kaczmarczyk-150x150.jpg"},"medium_large":{"file":"1.-Rynek-Gorny-w-Bodzentynie-fot.-Jaroslaw-Kaczmarczyk-768x512.jpg","width":768,"height":512,"filesize":102675,"mime_type":"image\/jpeg","source_url":"https:\/\/turysta2.pttk.pl\/wp-content\/uploads\/2022\/11\/1.-Rynek-Gorny-w-Bodzentynie-fot.-Jaroslaw-Kaczmarczyk-768x512.jpg"},"1536x1536":{"file":"1.-Rynek-Gorny-w-Bodzentynie-fot.-Jaroslaw-Kaczmarczyk-1536x1024.jpg","width":1536,"height":1024,"filesize":326349,"mime_type":"image\/jpeg","source_url":"https:\/\/turysta2.pttk.pl\/wp-content\/uploads\/2022\/11\/1.-Rynek-Gorny-w-Bodzentynie-fot.-Jaroslaw-Kaczmarczyk-1536x1024.jpg"},"2048x2048":{"file":"1.-Rynek-Gorny-w-Bodzentynie-fot.-Jaroslaw-Kaczmarczyk-2048x1366.jpg","width":2048,"height":1366,"filesize":540818,"mime_type":"image\/jpeg","source_url":"https:\/\/turysta2.pttk.pl\/wp-content\/uploads\/2022\/11\/1.-Rynek-Gorny-w-Bodzentynie-fot.-Jaroslaw-Kaczmarczyk-2048x1366.jpg"},"post-thumbnail":{"file":"1.-Rynek-Gorny-w-Bodzentynie-fot.-Jaroslaw-Kaczmarczyk-200x150.jpg","width":200,"height":150,"filesize":24176,"mime_type":"image\/jpeg","source_url":"https:\/\/turysta2.pttk.pl\/wp-content\/uploads\/2022\/11\/1.-Rynek-Gorny-w-Bodzentynie-fot.-Jaroslaw-Kaczmarczyk-200x150.jpg"},"slider-post-thumbnail":{"file":"1.-Rynek-Gorny-w-Bodzentynie-fot.-Jaroslaw-Kaczmarczyk-940x446.jpg","width":940,"height":446,"filesize":113413,"mime_type":"image\/jpeg","source_url":"https:\/\/turysta2.pttk.pl\/wp-content\/uploads\/2022\/11\/1.-Rynek-Gorny-w-Bodzentynie-fot.-Jaroslaw-Kaczmarczyk-940x446.jpg"},"slider-thumb":{"file":"1.-Rynek-Gorny-w-Bodzentynie-fot.-Jaroslaw-Kaczmarczyk-100x50.jpg","width":100,"height":50,"filesize":17004,"mime_type":"image\/jpeg","source_url":"https:\/\/turysta2.pttk.pl\/wp-content\/uploads\/2022\/11\/1.-Rynek-Gorny-w-Bodzentynie-fot.-Jaroslaw-Kaczmarczyk-100x50.jpg"},"full":{"file":"1.-Rynek-Gorny-w-Bodzentynie-fot.-Jaroslaw-Kaczmarczyk.jpg","width":2362,"height":1575,"mime_type":"image\/jpeg","source_url":"https:\/\/turysta2.pttk.pl\/wp-content\/uploads\/2022\/11\/1.-Rynek-Gorny-w-Bodzentynie-fot.-Jaroslaw-Kaczmarczyk.jpg"}},"image_meta":{"aperture":"5.6","credit":"","camera":"DSC-RX100M3","caption":"","created_timestamp":"1657885326","copyright":"","focal_length":"14.5","iso":"125","shutter_speed":"0.008","title":"","orientation":"1","keywords":[]}},"post":28197,"source_url":"https:\/\/turysta2.pttk.pl\/wp-content\/uploads\/2022\/11\/1.-Rynek-Gorny-w-Bodzentynie-fot.-Jaroslaw-Kaczmarczyk.jpg","_links":{"self":[{"href":"https:\/\/turysta2.pttk.pl\/index.php?rest_route=\/wp\/v2\/media\/28198","targetHints":{"allow":["GET"]}}],"collection":[{"href":"https:\/\/turysta2.pttk.pl\/index.php?rest_route=\/wp\/v2\/media"}],"about":[{"href":"https:\/\/turysta2.pttk.pl\/index.php?rest_route=\/wp\/v2\/types\/attachment"}],"author":[{"embeddable":true,"href":"https:\/\/turysta2.pttk.pl\/index.php?rest_route=\/wp\/v2\/users\/4"}],"replies":[{"embeddable":true,"href":"https:\/\/turysta2.pttk.pl\/index.php?rest_route=%2Fwp%2Fv2%2Fcomments&post=28198"}],"wp:attached-to":[{"embeddable":true,"post_type":"post","id":28197,"href":"https:\/\/turysta2.pttk.pl\/index.php?rest_route=\/wp\/v2\/posts\/28197"}],"curies":[{"name":"wp","href":"https:\/\/api.w.org\/{rel}","templated":true}]}}

1. Rynek Górny w Bodzentynie (fot. Jarosłąw Kaczmarczyk)
