{"id":28183,"date":"2022-11-20T20:17:00","date_gmt":"2022-11-20T18:17:00","guid":{"rendered":"https:\/\/turysta2.pttk.pl\/wp-content\/uploads\/2022\/11\/1.-Laureaci-i-dr-Wieslaw-A.-Wojcik-wyglaszajacy-laudacje-fot..-Jacek.-T.-Nowickijpg.jpg"},"modified":"2022-11-20T20:17:00","modified_gmt":"2022-11-20T18:17:00","slug":"1-laureaci-i-dr-wieslaw-a-wojcik-wyglaszajacy-laudacje-fot-jacek-t-nowickijpg","status":"inherit","type":"attachment","link":"https:\/\/turysta2.pttk.pl\/?attachment_id=28183","title":{"rendered":"1. Laureaci i dr Wies\u0142aw A. W\u00f3jcik wyg\u0142aszaj\u0105cy laudacj\u0119 (fot.. Jacek. T. Nowicki)jpg"},"author":4,"featured_media":0,"comment_status":"closed","ping_status":"closed","template":"","meta":[],"class_list":["post-28183","attachment","type-attachment","status-inherit","hentry"],"aioseo_notices":[],"description":{"rendered":"<p class=\"attachment\"><a href='https:\/\/turysta2.pttk.pl\/wp-content\/uploads\/2022\/11\/1.-Laureaci-i-dr-Wieslaw-A.-Wojcik-wyglaszajacy-laudacje-fot..-Jacek.-T.-Nowickijpg.jpg'><img loading=\"lazy\" decoding=\"async\" width=\"300\" height=\"198\" src=\"https:\/\/turysta2.pttk.pl\/wp-content\/uploads\/2022\/11\/1.-Laureaci-i-dr-Wieslaw-A.-Wojcik-wyglaszajacy-laudacje-fot..-Jacek.-T.-Nowickijpg-300x198.jpg\" class=\"attachment-medium size-medium\" alt=\"\" srcset=\"https:\/\/turysta2.pttk.pl\/wp-content\/uploads\/2022\/11\/1.-Laureaci-i-dr-Wieslaw-A.-Wojcik-wyglaszajacy-laudacje-fot..-Jacek.-T.-Nowickijpg-300x198.jpg 300w, https:\/\/turysta2.pttk.pl\/wp-content\/uploads\/2022\/11\/1.-Laureaci-i-dr-Wieslaw-A.-Wojcik-wyglaszajacy-laudacje-fot..-Jacek.-T.-Nowickijpg-1024x677.jpg 1024w, https:\/\/turysta2.pttk.pl\/wp-content\/uploads\/2022\/11\/1.-Laureaci-i-dr-Wieslaw-A.-Wojcik-wyglaszajacy-laudacje-fot..-Jacek.-T.-Nowickijpg-768x508.jpg 768w, https:\/\/turysta2.pttk.pl\/wp-content\/uploads\/2022\/11\/1.-Laureaci-i-dr-Wieslaw-A.-Wojcik-wyglaszajacy-laudacje-fot..-Jacek.-T.-Nowickijpg-1536x1015.jpg 1536w, https:\/\/turysta2.pttk.pl\/wp-content\/uploads\/2022\/11\/1.-Laureaci-i-dr-Wieslaw-A.-Wojcik-wyglaszajacy-laudacje-fot..-Jacek.-T.-Nowickijpg-2048x1353.jpg 2048w\" sizes=\"auto, (max-width: 300px) 100vw, 300px\" \/><\/a><\/p>\n"},"caption":{"rendered":""},"alt_text":"","media_type":"image","mime_type":"image\/jpeg","media_details":{"width":2362,"height":1561,"file":"2022\/11\/1.-Laureaci-i-dr-Wieslaw-A.-Wojcik-wyglaszajacy-laudacje-fot..-Jacek.-T.-Nowickijpg.jpg","filesize":2249209,"sizes":{"medium":{"file":"1.-Laureaci-i-dr-Wieslaw-A.-Wojcik-wyglaszajacy-laudacje-fot..-Jacek.-T.-Nowickijpg-300x198.jpg","width":300,"height":198,"filesize":28823,"mime_type":"image\/jpeg","source_url":"https:\/\/turysta2.pttk.pl\/wp-content\/uploads\/2022\/11\/1.-Laureaci-i-dr-Wieslaw-A.-Wojcik-wyglaszajacy-laudacje-fot..-Jacek.-T.-Nowickijpg-300x198.jpg"},"large":{"file":"1.-Laureaci-i-dr-Wieslaw-A.-Wojcik-wyglaszajacy-laudacje-fot..-Jacek.-T.-Nowickijpg-1024x677.jpg","width":1024,"height":677,"filesize":152592,"mime_type":"image\/jpeg","source_url":"https:\/\/turysta2.pttk.pl\/wp-content\/uploads\/2022\/11\/1.-Laureaci-i-dr-Wieslaw-A.-Wojcik-wyglaszajacy-laudacje-fot..-Jacek.-T.-Nowickijpg-1024x677.jpg"},"thumbnail":{"file":"1.-Laureaci-i-dr-Wieslaw-A.-Wojcik-wyglaszajacy-laudacje-fot..-Jacek.-T.-Nowickijpg-150x150.jpg","width":150,"height":150,"filesize":18112,"mime_type":"image\/jpeg","source_url":"https:\/\/turysta2.pttk.pl\/wp-content\/uploads\/2022\/11\/1.-Laureaci-i-dr-Wieslaw-A.-Wojcik-wyglaszajacy-laudacje-fot..-Jacek.-T.-Nowickijpg-150x150.jpg"},"medium_large":{"file":"1.-Laureaci-i-dr-Wieslaw-A.-Wojcik-wyglaszajacy-laudacje-fot..-Jacek.-T.-Nowickijpg-768x508.jpg","width":768,"height":508,"filesize":97945,"mime_type":"image\/jpeg","source_url":"https:\/\/turysta2.pttk.pl\/wp-content\/uploads\/2022\/11\/1.-Laureaci-i-dr-Wieslaw-A.-Wojcik-wyglaszajacy-laudacje-fot..-Jacek.-T.-Nowickijpg-768x508.jpg"},"1536x1536":{"file":"1.-Laureaci-i-dr-Wieslaw-A.-Wojcik-wyglaszajacy-laudacje-fot..-Jacek.-T.-Nowickijpg-1536x1015.jpg","width":1536,"height":1015,"filesize":292538,"mime_type":"image\/jpeg","source_url":"https:\/\/turysta2.pttk.pl\/wp-content\/uploads\/2022\/11\/1.-Laureaci-i-dr-Wieslaw-A.-Wojcik-wyglaszajacy-laudacje-fot..-Jacek.-T.-Nowickijpg-1536x1015.jpg"},"2048x2048":{"file":"1.-Laureaci-i-dr-Wieslaw-A.-Wojcik-wyglaszajacy-laudacje-fot..-Jacek.-T.-Nowickijpg-2048x1353.jpg","width":2048,"height":1353,"filesize":471637,"mime_type":"image\/jpeg","source_url":"https:\/\/turysta2.pttk.pl\/wp-content\/uploads\/2022\/11\/1.-Laureaci-i-dr-Wieslaw-A.-Wojcik-wyglaszajacy-laudacje-fot..-Jacek.-T.-Nowickijpg-2048x1353.jpg"},"post-thumbnail":{"file":"1.-Laureaci-i-dr-Wieslaw-A.-Wojcik-wyglaszajacy-laudacje-fot..-Jacek.-T.-Nowickijpg-200x150.jpg","width":200,"height":150,"filesize":20506,"mime_type":"image\/jpeg","source_url":"https:\/\/turysta2.pttk.pl\/wp-content\/uploads\/2022\/11\/1.-Laureaci-i-dr-Wieslaw-A.-Wojcik-wyglaszajacy-laudacje-fot..-Jacek.-T.-Nowickijpg-200x150.jpg"},"slider-post-thumbnail":{"file":"1.-Laureaci-i-dr-Wieslaw-A.-Wojcik-wyglaszajacy-laudacje-fot..-Jacek.-T.-Nowickijpg-940x446.jpg","width":940,"height":446,"filesize":104255,"mime_type":"image\/jpeg","source_url":"https:\/\/turysta2.pttk.pl\/wp-content\/uploads\/2022\/11\/1.-Laureaci-i-dr-Wieslaw-A.-Wojcik-wyglaszajacy-laudacje-fot..-Jacek.-T.-Nowickijpg-940x446.jpg"},"slider-thumb":{"file":"1.-Laureaci-i-dr-Wieslaw-A.-Wojcik-wyglaszajacy-laudacje-fot..-Jacek.-T.-Nowickijpg-100x50.jpg","width":100,"height":50,"filesize":13227,"mime_type":"image\/jpeg","source_url":"https:\/\/turysta2.pttk.pl\/wp-content\/uploads\/2022\/11\/1.-Laureaci-i-dr-Wieslaw-A.-Wojcik-wyglaszajacy-laudacje-fot..-Jacek.-T.-Nowickijpg-100x50.jpg"},"full":{"file":"1.-Laureaci-i-dr-Wieslaw-A.-Wojcik-wyglaszajacy-laudacje-fot..-Jacek.-T.-Nowickijpg.jpg","width":2362,"height":1561,"mime_type":"image\/jpeg","source_url":"https:\/\/turysta2.pttk.pl\/wp-content\/uploads\/2022\/11\/1.-Laureaci-i-dr-Wieslaw-A.-Wojcik-wyglaszajacy-laudacje-fot..-Jacek.-T.-Nowickijpg.jpg"}},"image_meta":{"aperture":"3.5","credit":"","camera":"NIKON D7000","caption":"","created_timestamp":"1662817353","copyright":"","focal_length":"18","iso":"800","shutter_speed":"0.016666666666667","title":"","orientation":"1","keywords":[]}},"post":28182,"source_url":"https:\/\/turysta2.pttk.pl\/wp-content\/uploads\/2022\/11\/1.-Laureaci-i-dr-Wieslaw-A.-Wojcik-wyglaszajacy-laudacje-fot..-Jacek.-T.-Nowickijpg.jpg","_links":{"self":[{"href":"https:\/\/turysta2.pttk.pl\/index.php?rest_route=\/wp\/v2\/media\/28183","targetHints":{"allow":["GET"]}}],"collection":[{"href":"https:\/\/turysta2.pttk.pl\/index.php?rest_route=\/wp\/v2\/media"}],"about":[{"href":"https:\/\/turysta2.pttk.pl\/index.php?rest_route=\/wp\/v2\/types\/attachment"}],"author":[{"embeddable":true,"href":"https:\/\/turysta2.pttk.pl\/index.php?rest_route=\/wp\/v2\/users\/4"}],"replies":[{"embeddable":true,"href":"https:\/\/turysta2.pttk.pl\/index.php?rest_route=%2Fwp%2Fv2%2Fcomments&post=28183"}],"wp:attached-to":[{"embeddable":true,"post_type":"post","id":28182,"href":"https:\/\/turysta2.pttk.pl\/index.php?rest_route=\/wp\/v2\/posts\/28182"}],"curies":[{"name":"wp","href":"https:\/\/api.w.org\/{rel}","templated":true}]}}

1. Laureaci i dr Wiesław A. Wójcik wygłaszający laudację (fot.. Jacek. T. Nowicki)jpg
