{"id":28131,"date":"2022-10-27T13:57:43","date_gmt":"2022-10-27T11:57:43","guid":{"rendered":"https:\/\/turysta2.pttk.pl\/wp-content\/uploads\/2022\/10\/3.-Pod-wieza-widokowa-na-Baraniej-Gorze-z-ktorej-roztaczala-sie-rozlegla-panorama-fot.-Krzysztof-Rudzinskijpg.jpg"},"modified":"2022-10-27T13:57:43","modified_gmt":"2022-10-27T11:57:43","slug":"3-pod-wieza-widokowa-na-baraniej-gorze-z-ktorej-roztaczala-sie-rozlegla-panorama-fot-krzysztof-rudzinskijpg","status":"inherit","type":"attachment","link":"https:\/\/turysta2.pttk.pl\/?attachment_id=28131","title":{"rendered":"3. Pod wie\u017c\u0105 widokow\u0105 na Baraniej G\u00f3rze, z kt\u00f3rej roztacza\u0142a si\u0119 rozleg\u0142a panorama (fot. Krzysztof Rudzi\u0144ski)jpg"},"author":4,"featured_media":0,"comment_status":"closed","ping_status":"closed","template":"","meta":[],"class_list":["post-28131","attachment","type-attachment","status-inherit","hentry"],"aioseo_notices":[],"description":{"rendered":"<p class=\"attachment\"><a href='https:\/\/turysta2.pttk.pl\/wp-content\/uploads\/2022\/10\/3.-Pod-wieza-widokowa-na-Baraniej-Gorze-z-ktorej-roztaczala-sie-rozlegla-panorama-fot.-Krzysztof-Rudzinskijpg.jpg'><img loading=\"lazy\" decoding=\"async\" width=\"300\" height=\"201\" src=\"https:\/\/turysta2.pttk.pl\/wp-content\/uploads\/2022\/10\/3.-Pod-wieza-widokowa-na-Baraniej-Gorze-z-ktorej-roztaczala-sie-rozlegla-panorama-fot.-Krzysztof-Rudzinskijpg-300x201.jpg\" class=\"attachment-medium size-medium\" alt=\"\" srcset=\"https:\/\/turysta2.pttk.pl\/wp-content\/uploads\/2022\/10\/3.-Pod-wieza-widokowa-na-Baraniej-Gorze-z-ktorej-roztaczala-sie-rozlegla-panorama-fot.-Krzysztof-Rudzinskijpg-300x201.jpg 300w, https:\/\/turysta2.pttk.pl\/wp-content\/uploads\/2022\/10\/3.-Pod-wieza-widokowa-na-Baraniej-Gorze-z-ktorej-roztaczala-sie-rozlegla-panorama-fot.-Krzysztof-Rudzinskijpg-1024x687.jpg 1024w, https:\/\/turysta2.pttk.pl\/wp-content\/uploads\/2022\/10\/3.-Pod-wieza-widokowa-na-Baraniej-Gorze-z-ktorej-roztaczala-sie-rozlegla-panorama-fot.-Krzysztof-Rudzinskijpg-768x515.jpg 768w, https:\/\/turysta2.pttk.pl\/wp-content\/uploads\/2022\/10\/3.-Pod-wieza-widokowa-na-Baraniej-Gorze-z-ktorej-roztaczala-sie-rozlegla-panorama-fot.-Krzysztof-Rudzinskijpg-1536x1031.jpg 1536w, https:\/\/turysta2.pttk.pl\/wp-content\/uploads\/2022\/10\/3.-Pod-wieza-widokowa-na-Baraniej-Gorze-z-ktorej-roztaczala-sie-rozlegla-panorama-fot.-Krzysztof-Rudzinskijpg-2048x1374.jpg 2048w\" sizes=\"auto, (max-width: 300px) 100vw, 300px\" \/><\/a><\/p>\n"},"caption":{"rendered":""},"alt_text":"","media_type":"image","mime_type":"image\/jpeg","media_details":{"width":2362,"height":1585,"file":"2022\/10\/3.-Pod-wieza-widokowa-na-Baraniej-Gorze-z-ktorej-roztaczala-sie-rozlegla-panorama-fot.-Krzysztof-Rudzinskijpg.jpg","filesize":3226356,"sizes":{"medium":{"file":"3.-Pod-wieza-widokowa-na-Baraniej-Gorze-z-ktorej-roztaczala-sie-rozlegla-panorama-fot.-Krzysztof-Rudzinskijpg-300x201.jpg","width":300,"height":201,"filesize":41681,"mime_type":"image\/jpeg","source_url":"https:\/\/turysta2.pttk.pl\/wp-content\/uploads\/2022\/10\/3.-Pod-wieza-widokowa-na-Baraniej-Gorze-z-ktorej-roztaczala-sie-rozlegla-panorama-fot.-Krzysztof-Rudzinskijpg-300x201.jpg"},"large":{"file":"3.-Pod-wieza-widokowa-na-Baraniej-Gorze-z-ktorej-roztaczala-sie-rozlegla-panorama-fot.-Krzysztof-Rudzinskijpg-1024x687.jpg","width":1024,"height":687,"filesize":245568,"mime_type":"image\/jpeg","source_url":"https:\/\/turysta2.pttk.pl\/wp-content\/uploads\/2022\/10\/3.-Pod-wieza-widokowa-na-Baraniej-Gorze-z-ktorej-roztaczala-sie-rozlegla-panorama-fot.-Krzysztof-Rudzinskijpg-1024x687.jpg"},"thumbnail":{"file":"3.-Pod-wieza-widokowa-na-Baraniej-Gorze-z-ktorej-roztaczala-sie-rozlegla-panorama-fot.-Krzysztof-Rudzinskijpg-150x150.jpg","width":150,"height":150,"filesize":28785,"mime_type":"image\/jpeg","source_url":"https:\/\/turysta2.pttk.pl\/wp-content\/uploads\/2022\/10\/3.-Pod-wieza-widokowa-na-Baraniej-Gorze-z-ktorej-roztaczala-sie-rozlegla-panorama-fot.-Krzysztof-Rudzinskijpg-150x150.jpg"},"medium_large":{"file":"3.-Pod-wieza-widokowa-na-Baraniej-Gorze-z-ktorej-roztaczala-sie-rozlegla-panorama-fot.-Krzysztof-Rudzinskijpg-768x515.jpg","width":768,"height":515,"filesize":151997,"mime_type":"image\/jpeg","source_url":"https:\/\/turysta2.pttk.pl\/wp-content\/uploads\/2022\/10\/3.-Pod-wieza-widokowa-na-Baraniej-Gorze-z-ktorej-roztaczala-sie-rozlegla-panorama-fot.-Krzysztof-Rudzinskijpg-768x515.jpg"},"1536x1536":{"file":"3.-Pod-wieza-widokowa-na-Baraniej-Gorze-z-ktorej-roztaczala-sie-rozlegla-panorama-fot.-Krzysztof-Rudzinskijpg-1536x1031.jpg","width":1536,"height":1031,"filesize":491855,"mime_type":"image\/jpeg","source_url":"https:\/\/turysta2.pttk.pl\/wp-content\/uploads\/2022\/10\/3.-Pod-wieza-widokowa-na-Baraniej-Gorze-z-ktorej-roztaczala-sie-rozlegla-panorama-fot.-Krzysztof-Rudzinskijpg-1536x1031.jpg"},"2048x2048":{"file":"3.-Pod-wieza-widokowa-na-Baraniej-Gorze-z-ktorej-roztaczala-sie-rozlegla-panorama-fot.-Krzysztof-Rudzinskijpg-2048x1374.jpg","width":2048,"height":1374,"filesize":792275,"mime_type":"image\/jpeg","source_url":"https:\/\/turysta2.pttk.pl\/wp-content\/uploads\/2022\/10\/3.-Pod-wieza-widokowa-na-Baraniej-Gorze-z-ktorej-roztaczala-sie-rozlegla-panorama-fot.-Krzysztof-Rudzinskijpg-2048x1374.jpg"},"post-thumbnail":{"file":"3.-Pod-wieza-widokowa-na-Baraniej-Gorze-z-ktorej-roztaczala-sie-rozlegla-panorama-fot.-Krzysztof-Rudzinskijpg-200x150.jpg","width":200,"height":150,"filesize":30856,"mime_type":"image\/jpeg","source_url":"https:\/\/turysta2.pttk.pl\/wp-content\/uploads\/2022\/10\/3.-Pod-wieza-widokowa-na-Baraniej-Gorze-z-ktorej-roztaczala-sie-rozlegla-panorama-fot.-Krzysztof-Rudzinskijpg-200x150.jpg"},"slider-post-thumbnail":{"file":"3.-Pod-wieza-widokowa-na-Baraniej-Gorze-z-ktorej-roztaczala-sie-rozlegla-panorama-fot.-Krzysztof-Rudzinskijpg-940x446.jpg","width":940,"height":446,"filesize":167844,"mime_type":"image\/jpeg","source_url":"https:\/\/turysta2.pttk.pl\/wp-content\/uploads\/2022\/10\/3.-Pod-wieza-widokowa-na-Baraniej-Gorze-z-ktorej-roztaczala-sie-rozlegla-panorama-fot.-Krzysztof-Rudzinskijpg-940x446.jpg"},"slider-thumb":{"file":"3.-Pod-wieza-widokowa-na-Baraniej-Gorze-z-ktorej-roztaczala-sie-rozlegla-panorama-fot.-Krzysztof-Rudzinskijpg-100x50.jpg","width":100,"height":50,"filesize":21037,"mime_type":"image\/jpeg","source_url":"https:\/\/turysta2.pttk.pl\/wp-content\/uploads\/2022\/10\/3.-Pod-wieza-widokowa-na-Baraniej-Gorze-z-ktorej-roztaczala-sie-rozlegla-panorama-fot.-Krzysztof-Rudzinskijpg-100x50.jpg"},"full":{"file":"3.-Pod-wieza-widokowa-na-Baraniej-Gorze-z-ktorej-roztaczala-sie-rozlegla-panorama-fot.-Krzysztof-Rudzinskijpg.jpg","width":2362,"height":1585,"mime_type":"image\/jpeg","source_url":"https:\/\/turysta2.pttk.pl\/wp-content\/uploads\/2022\/10\/3.-Pod-wieza-widokowa-na-Baraniej-Gorze-z-ktorej-roztaczala-sie-rozlegla-panorama-fot.-Krzysztof-Rudzinskijpg.jpg"}},"image_meta":{"aperture":"1.79","credit":"","camera":"Redmi Note 8T","caption":"","created_timestamp":"1661514330","copyright":"","focal_length":"4.74","iso":"125","shutter_speed":"0.00018786398647379","title":"","orientation":"1","keywords":[]}},"post":28128,"source_url":"https:\/\/turysta2.pttk.pl\/wp-content\/uploads\/2022\/10\/3.-Pod-wieza-widokowa-na-Baraniej-Gorze-z-ktorej-roztaczala-sie-rozlegla-panorama-fot.-Krzysztof-Rudzinskijpg.jpg","_links":{"self":[{"href":"https:\/\/turysta2.pttk.pl\/index.php?rest_route=\/wp\/v2\/media\/28131","targetHints":{"allow":["GET"]}}],"collection":[{"href":"https:\/\/turysta2.pttk.pl\/index.php?rest_route=\/wp\/v2\/media"}],"about":[{"href":"https:\/\/turysta2.pttk.pl\/index.php?rest_route=\/wp\/v2\/types\/attachment"}],"author":[{"embeddable":true,"href":"https:\/\/turysta2.pttk.pl\/index.php?rest_route=\/wp\/v2\/users\/4"}],"replies":[{"embeddable":true,"href":"https:\/\/turysta2.pttk.pl\/index.php?rest_route=%2Fwp%2Fv2%2Fcomments&post=28131"}],"wp:attached-to":[{"embeddable":true,"post_type":"post","id":28128,"href":"https:\/\/turysta2.pttk.pl\/index.php?rest_route=\/wp\/v2\/posts\/28128"}],"curies":[{"name":"wp","href":"https:\/\/api.w.org\/{rel}","templated":true}]}}

3. Pod wieżą widokową na Baraniej Górze, z której roztaczała się rozległa panorama (fot. Krzysztof Rudziński)jpg
