{"id":28130,"date":"2022-10-27T13:57:37","date_gmt":"2022-10-27T11:57:37","guid":{"rendered":"https:\/\/turysta2.pttk.pl\/wp-content\/uploads\/2022\/10\/2.-Mala-Fatra-uczestnicy-rajdu-w-jednym-z-najpiekniejszych-zakatkow-Slowacji-fot.-Jozef-Polokjpg.jpg"},"modified":"2022-10-27T13:57:37","modified_gmt":"2022-10-27T11:57:37","slug":"2-mala-fatra-uczestnicy-rajdu-w-jednym-z-najpiekniejszych-zakatkow-slowacji-fot-jozef-polokjpg","status":"inherit","type":"attachment","link":"https:\/\/turysta2.pttk.pl\/?attachment_id=28130","title":{"rendered":"2. Ma\u0142a Fatra uczestnicy rajdu w jednym z najpi\u0119kniejszych zak\u0105tk\u00f3w S\u0142owacji (fot. J\u00f3zef Polok)jpg"},"author":4,"featured_media":0,"comment_status":"closed","ping_status":"closed","template":"","meta":[],"class_list":["post-28130","attachment","type-attachment","status-inherit","hentry"],"aioseo_notices":[],"description":{"rendered":"<p class=\"attachment\"><a href='https:\/\/turysta2.pttk.pl\/wp-content\/uploads\/2022\/10\/2.-Mala-Fatra-uczestnicy-rajdu-w-jednym-z-najpiekniejszych-zakatkow-Slowacji-fot.-Jozef-Polokjpg.jpg'><img loading=\"lazy\" decoding=\"async\" width=\"300\" height=\"186\" src=\"https:\/\/turysta2.pttk.pl\/wp-content\/uploads\/2022\/10\/2.-Mala-Fatra-uczestnicy-rajdu-w-jednym-z-najpiekniejszych-zakatkow-Slowacji-fot.-Jozef-Polokjpg-300x186.jpg\" class=\"attachment-medium size-medium\" alt=\"\" srcset=\"https:\/\/turysta2.pttk.pl\/wp-content\/uploads\/2022\/10\/2.-Mala-Fatra-uczestnicy-rajdu-w-jednym-z-najpiekniejszych-zakatkow-Slowacji-fot.-Jozef-Polokjpg-300x186.jpg 300w, https:\/\/turysta2.pttk.pl\/wp-content\/uploads\/2022\/10\/2.-Mala-Fatra-uczestnicy-rajdu-w-jednym-z-najpiekniejszych-zakatkow-Slowacji-fot.-Jozef-Polokjpg-1024x636.jpg 1024w, https:\/\/turysta2.pttk.pl\/wp-content\/uploads\/2022\/10\/2.-Mala-Fatra-uczestnicy-rajdu-w-jednym-z-najpiekniejszych-zakatkow-Slowacji-fot.-Jozef-Polokjpg-768x477.jpg 768w, https:\/\/turysta2.pttk.pl\/wp-content\/uploads\/2022\/10\/2.-Mala-Fatra-uczestnicy-rajdu-w-jednym-z-najpiekniejszych-zakatkow-Slowacji-fot.-Jozef-Polokjpg-1536x954.jpg 1536w, https:\/\/turysta2.pttk.pl\/wp-content\/uploads\/2022\/10\/2.-Mala-Fatra-uczestnicy-rajdu-w-jednym-z-najpiekniejszych-zakatkow-Slowacji-fot.-Jozef-Polokjpg-2048x1273.jpg 2048w\" sizes=\"auto, (max-width: 300px) 100vw, 300px\" \/><\/a><\/p>\n"},"caption":{"rendered":""},"alt_text":"","media_type":"image","mime_type":"image\/jpeg","media_details":{"width":2480,"height":1541,"file":"2022\/10\/2.-Mala-Fatra-uczestnicy-rajdu-w-jednym-z-najpiekniejszych-zakatkow-Slowacji-fot.-Jozef-Polokjpg.jpg","filesize":3757833,"sizes":{"medium":{"file":"2.-Mala-Fatra-uczestnicy-rajdu-w-jednym-z-najpiekniejszych-zakatkow-Slowacji-fot.-Jozef-Polokjpg-300x186.jpg","width":300,"height":186,"filesize":37059,"mime_type":"image\/jpeg","source_url":"https:\/\/turysta2.pttk.pl\/wp-content\/uploads\/2022\/10\/2.-Mala-Fatra-uczestnicy-rajdu-w-jednym-z-najpiekniejszych-zakatkow-Slowacji-fot.-Jozef-Polokjpg-300x186.jpg"},"large":{"file":"2.-Mala-Fatra-uczestnicy-rajdu-w-jednym-z-najpiekniejszych-zakatkow-Slowacji-fot.-Jozef-Polokjpg-1024x636.jpg","width":1024,"height":636,"filesize":211569,"mime_type":"image\/jpeg","source_url":"https:\/\/turysta2.pttk.pl\/wp-content\/uploads\/2022\/10\/2.-Mala-Fatra-uczestnicy-rajdu-w-jednym-z-najpiekniejszych-zakatkow-Slowacji-fot.-Jozef-Polokjpg-1024x636.jpg"},"thumbnail":{"file":"2.-Mala-Fatra-uczestnicy-rajdu-w-jednym-z-najpiekniejszych-zakatkow-Slowacji-fot.-Jozef-Polokjpg-150x150.jpg","width":150,"height":150,"filesize":25042,"mime_type":"image\/jpeg","source_url":"https:\/\/turysta2.pttk.pl\/wp-content\/uploads\/2022\/10\/2.-Mala-Fatra-uczestnicy-rajdu-w-jednym-z-najpiekniejszych-zakatkow-Slowacji-fot.-Jozef-Polokjpg-150x150.jpg"},"medium_large":{"file":"2.-Mala-Fatra-uczestnicy-rajdu-w-jednym-z-najpiekniejszych-zakatkow-Slowacji-fot.-Jozef-Polokjpg-768x477.jpg","width":768,"height":477,"filesize":130226,"mime_type":"image\/jpeg","source_url":"https:\/\/turysta2.pttk.pl\/wp-content\/uploads\/2022\/10\/2.-Mala-Fatra-uczestnicy-rajdu-w-jednym-z-najpiekniejszych-zakatkow-Slowacji-fot.-Jozef-Polokjpg-768x477.jpg"},"1536x1536":{"file":"2.-Mala-Fatra-uczestnicy-rajdu-w-jednym-z-najpiekniejszych-zakatkow-Slowacji-fot.-Jozef-Polokjpg-1536x954.jpg","width":1536,"height":954,"filesize":432935,"mime_type":"image\/jpeg","source_url":"https:\/\/turysta2.pttk.pl\/wp-content\/uploads\/2022\/10\/2.-Mala-Fatra-uczestnicy-rajdu-w-jednym-z-najpiekniejszych-zakatkow-Slowacji-fot.-Jozef-Polokjpg-1536x954.jpg"},"2048x2048":{"file":"2.-Mala-Fatra-uczestnicy-rajdu-w-jednym-z-najpiekniejszych-zakatkow-Slowacji-fot.-Jozef-Polokjpg-2048x1273.jpg","width":2048,"height":1273,"filesize":717486,"mime_type":"image\/jpeg","source_url":"https:\/\/turysta2.pttk.pl\/wp-content\/uploads\/2022\/10\/2.-Mala-Fatra-uczestnicy-rajdu-w-jednym-z-najpiekniejszych-zakatkow-Slowacji-fot.-Jozef-Polokjpg-2048x1273.jpg"},"post-thumbnail":{"file":"2.-Mala-Fatra-uczestnicy-rajdu-w-jednym-z-najpiekniejszych-zakatkow-Slowacji-fot.-Jozef-Polokjpg-200x150.jpg","width":200,"height":150,"filesize":27780,"mime_type":"image\/jpeg","source_url":"https:\/\/turysta2.pttk.pl\/wp-content\/uploads\/2022\/10\/2.-Mala-Fatra-uczestnicy-rajdu-w-jednym-z-najpiekniejszych-zakatkow-Slowacji-fot.-Jozef-Polokjpg-200x150.jpg"},"slider-post-thumbnail":{"file":"2.-Mala-Fatra-uczestnicy-rajdu-w-jednym-z-najpiekniejszych-zakatkow-Slowacji-fot.-Jozef-Polokjpg-940x446.jpg","width":940,"height":446,"filesize":145254,"mime_type":"image\/jpeg","source_url":"https:\/\/turysta2.pttk.pl\/wp-content\/uploads\/2022\/10\/2.-Mala-Fatra-uczestnicy-rajdu-w-jednym-z-najpiekniejszych-zakatkow-Slowacji-fot.-Jozef-Polokjpg-940x446.jpg"},"slider-thumb":{"file":"2.-Mala-Fatra-uczestnicy-rajdu-w-jednym-z-najpiekniejszych-zakatkow-Slowacji-fot.-Jozef-Polokjpg-100x50.jpg","width":100,"height":50,"filesize":18341,"mime_type":"image\/jpeg","source_url":"https:\/\/turysta2.pttk.pl\/wp-content\/uploads\/2022\/10\/2.-Mala-Fatra-uczestnicy-rajdu-w-jednym-z-najpiekniejszych-zakatkow-Slowacji-fot.-Jozef-Polokjpg-100x50.jpg"},"full":{"file":"2.-Mala-Fatra-uczestnicy-rajdu-w-jednym-z-najpiekniejszych-zakatkow-Slowacji-fot.-Jozef-Polokjpg.jpg","width":2480,"height":1541,"mime_type":"image\/jpeg","source_url":"https:\/\/turysta2.pttk.pl\/wp-content\/uploads\/2022\/10\/2.-Mala-Fatra-uczestnicy-rajdu-w-jednym-z-najpiekniejszych-zakatkow-Slowacji-fot.-Jozef-Polokjpg.jpg"}},"image_meta":{"aperture":"2.2","credit":"","camera":"iPhone 6","caption":"","created_timestamp":"1661611259","copyright":"","focal_length":"4.15","iso":"32","shutter_speed":"0.00055586436909394","title":"","orientation":"1","keywords":[]}},"post":28128,"source_url":"https:\/\/turysta2.pttk.pl\/wp-content\/uploads\/2022\/10\/2.-Mala-Fatra-uczestnicy-rajdu-w-jednym-z-najpiekniejszych-zakatkow-Slowacji-fot.-Jozef-Polokjpg.jpg","_links":{"self":[{"href":"https:\/\/turysta2.pttk.pl\/index.php?rest_route=\/wp\/v2\/media\/28130","targetHints":{"allow":["GET"]}}],"collection":[{"href":"https:\/\/turysta2.pttk.pl\/index.php?rest_route=\/wp\/v2\/media"}],"about":[{"href":"https:\/\/turysta2.pttk.pl\/index.php?rest_route=\/wp\/v2\/types\/attachment"}],"author":[{"embeddable":true,"href":"https:\/\/turysta2.pttk.pl\/index.php?rest_route=\/wp\/v2\/users\/4"}],"replies":[{"embeddable":true,"href":"https:\/\/turysta2.pttk.pl\/index.php?rest_route=%2Fwp%2Fv2%2Fcomments&post=28130"}],"wp:attached-to":[{"embeddable":true,"post_type":"post","id":28128,"href":"https:\/\/turysta2.pttk.pl\/index.php?rest_route=\/wp\/v2\/posts\/28128"}],"curies":[{"name":"wp","href":"https:\/\/api.w.org\/{rel}","templated":true}]}}

2. Mała Fatra uczestnicy rajdu w jednym z najpiękniejszych zakątków Słowacji (fot. Józef Polok)jpg
