{"id":28129,"date":"2022-10-27T13:57:30","date_gmt":"2022-10-27T11:57:30","guid":{"rendered":"https:\/\/turysta2.pttk.pl\/wp-content\/uploads\/2022\/10\/1.-Otwarcie-rajdu-komandor-Cezary-Molin-otrzymuje-goralska-ciupage-i-kapelusz-fot.-Adam-Maruszak.jpg"},"modified":"2022-10-27T13:57:30","modified_gmt":"2022-10-27T11:57:30","slug":"1-otwarcie-rajdu-komandor-cezary-molin-otrzymuje-goralska-ciupage-i-kapelusz-fot-adam-maruszak","status":"inherit","type":"attachment","link":"https:\/\/turysta2.pttk.pl\/?attachment_id=28129","title":{"rendered":"1. Otwarcie rajdu komandor Cezary Molin otrzymuje g\u00f3ralsk\u0105 ciupag\u0119 i kapelusz (fot. Adam Maruszak)"},"author":4,"featured_media":0,"comment_status":"closed","ping_status":"closed","template":"","meta":[],"class_list":["post-28129","attachment","type-attachment","status-inherit","hentry"],"aioseo_notices":[],"description":{"rendered":"<p class=\"attachment\"><a href='https:\/\/turysta2.pttk.pl\/wp-content\/uploads\/2022\/10\/1.-Otwarcie-rajdu-komandor-Cezary-Molin-otrzymuje-goralska-ciupage-i-kapelusz-fot.-Adam-Maruszak.jpg'><img loading=\"lazy\" decoding=\"async\" width=\"300\" height=\"205\" src=\"https:\/\/turysta2.pttk.pl\/wp-content\/uploads\/2022\/10\/1.-Otwarcie-rajdu-komandor-Cezary-Molin-otrzymuje-goralska-ciupage-i-kapelusz-fot.-Adam-Maruszak-300x205.jpg\" class=\"attachment-medium size-medium\" alt=\"\" srcset=\"https:\/\/turysta2.pttk.pl\/wp-content\/uploads\/2022\/10\/1.-Otwarcie-rajdu-komandor-Cezary-Molin-otrzymuje-goralska-ciupage-i-kapelusz-fot.-Adam-Maruszak-300x205.jpg 300w, https:\/\/turysta2.pttk.pl\/wp-content\/uploads\/2022\/10\/1.-Otwarcie-rajdu-komandor-Cezary-Molin-otrzymuje-goralska-ciupage-i-kapelusz-fot.-Adam-Maruszak-1024x700.jpg 1024w, https:\/\/turysta2.pttk.pl\/wp-content\/uploads\/2022\/10\/1.-Otwarcie-rajdu-komandor-Cezary-Molin-otrzymuje-goralska-ciupage-i-kapelusz-fot.-Adam-Maruszak-768x525.jpg 768w, https:\/\/turysta2.pttk.pl\/wp-content\/uploads\/2022\/10\/1.-Otwarcie-rajdu-komandor-Cezary-Molin-otrzymuje-goralska-ciupage-i-kapelusz-fot.-Adam-Maruszak-1536x1050.jpg 1536w, https:\/\/turysta2.pttk.pl\/wp-content\/uploads\/2022\/10\/1.-Otwarcie-rajdu-komandor-Cezary-Molin-otrzymuje-goralska-ciupage-i-kapelusz-fot.-Adam-Maruszak.jpg 2008w\" sizes=\"auto, (max-width: 300px) 100vw, 300px\" \/><\/a><\/p>\n"},"caption":{"rendered":""},"alt_text":"","media_type":"image","mime_type":"image\/jpeg","media_details":{"width":2008,"height":1373,"file":"2022\/10\/1.-Otwarcie-rajdu-komandor-Cezary-Molin-otrzymuje-goralska-ciupage-i-kapelusz-fot.-Adam-Maruszak.jpg","filesize":1600184,"sizes":{"medium":{"file":"1.-Otwarcie-rajdu-komandor-Cezary-Molin-otrzymuje-goralska-ciupage-i-kapelusz-fot.-Adam-Maruszak-300x205.jpg","width":300,"height":205,"filesize":32948,"mime_type":"image\/jpeg","source_url":"https:\/\/turysta2.pttk.pl\/wp-content\/uploads\/2022\/10\/1.-Otwarcie-rajdu-komandor-Cezary-Molin-otrzymuje-goralska-ciupage-i-kapelusz-fot.-Adam-Maruszak-300x205.jpg"},"large":{"file":"1.-Otwarcie-rajdu-komandor-Cezary-Molin-otrzymuje-goralska-ciupage-i-kapelusz-fot.-Adam-Maruszak-1024x700.jpg","width":1024,"height":700,"filesize":103129,"mime_type":"image\/jpeg","source_url":"https:\/\/turysta2.pttk.pl\/wp-content\/uploads\/2022\/10\/1.-Otwarcie-rajdu-komandor-Cezary-Molin-otrzymuje-goralska-ciupage-i-kapelusz-fot.-Adam-Maruszak-1024x700.jpg"},"thumbnail":{"file":"1.-Otwarcie-rajdu-komandor-Cezary-Molin-otrzymuje-goralska-ciupage-i-kapelusz-fot.-Adam-Maruszak-150x150.jpg","width":150,"height":150,"filesize":26625,"mime_type":"image\/jpeg","source_url":"https:\/\/turysta2.pttk.pl\/wp-content\/uploads\/2022\/10\/1.-Otwarcie-rajdu-komandor-Cezary-Molin-otrzymuje-goralska-ciupage-i-kapelusz-fot.-Adam-Maruszak-150x150.jpg"},"medium_large":{"file":"1.-Otwarcie-rajdu-komandor-Cezary-Molin-otrzymuje-goralska-ciupage-i-kapelusz-fot.-Adam-Maruszak-768x525.jpg","width":768,"height":525,"filesize":73591,"mime_type":"image\/jpeg","source_url":"https:\/\/turysta2.pttk.pl\/wp-content\/uploads\/2022\/10\/1.-Otwarcie-rajdu-komandor-Cezary-Molin-otrzymuje-goralska-ciupage-i-kapelusz-fot.-Adam-Maruszak-768x525.jpg"},"1536x1536":{"file":"1.-Otwarcie-rajdu-komandor-Cezary-Molin-otrzymuje-goralska-ciupage-i-kapelusz-fot.-Adam-Maruszak-1536x1050.jpg","width":1536,"height":1050,"filesize":180672,"mime_type":"image\/jpeg","source_url":"https:\/\/turysta2.pttk.pl\/wp-content\/uploads\/2022\/10\/1.-Otwarcie-rajdu-komandor-Cezary-Molin-otrzymuje-goralska-ciupage-i-kapelusz-fot.-Adam-Maruszak-1536x1050.jpg"},"post-thumbnail":{"file":"1.-Otwarcie-rajdu-komandor-Cezary-Molin-otrzymuje-goralska-ciupage-i-kapelusz-fot.-Adam-Maruszak-200x150.jpg","width":200,"height":150,"filesize":27620,"mime_type":"image\/jpeg","source_url":"https:\/\/turysta2.pttk.pl\/wp-content\/uploads\/2022\/10\/1.-Otwarcie-rajdu-komandor-Cezary-Molin-otrzymuje-goralska-ciupage-i-kapelusz-fot.-Adam-Maruszak-200x150.jpg"},"slider-post-thumbnail":{"file":"1.-Otwarcie-rajdu-komandor-Cezary-Molin-otrzymuje-goralska-ciupage-i-kapelusz-fot.-Adam-Maruszak-940x446.jpg","width":940,"height":446,"filesize":71285,"mime_type":"image\/jpeg","source_url":"https:\/\/turysta2.pttk.pl\/wp-content\/uploads\/2022\/10\/1.-Otwarcie-rajdu-komandor-Cezary-Molin-otrzymuje-goralska-ciupage-i-kapelusz-fot.-Adam-Maruszak-940x446.jpg"},"slider-thumb":{"file":"1.-Otwarcie-rajdu-komandor-Cezary-Molin-otrzymuje-goralska-ciupage-i-kapelusz-fot.-Adam-Maruszak-100x50.jpg","width":100,"height":50,"filesize":21661,"mime_type":"image\/jpeg","source_url":"https:\/\/turysta2.pttk.pl\/wp-content\/uploads\/2022\/10\/1.-Otwarcie-rajdu-komandor-Cezary-Molin-otrzymuje-goralska-ciupage-i-kapelusz-fot.-Adam-Maruszak-100x50.jpg"},"full":{"file":"1.-Otwarcie-rajdu-komandor-Cezary-Molin-otrzymuje-goralska-ciupage-i-kapelusz-fot.-Adam-Maruszak.jpg","width":2008,"height":1373,"mime_type":"image\/jpeg","source_url":"https:\/\/turysta2.pttk.pl\/wp-content\/uploads\/2022\/10\/1.-Otwarcie-rajdu-komandor-Cezary-Molin-otrzymuje-goralska-ciupage-i-kapelusz-fot.-Adam-Maruszak.jpg"}},"image_meta":{"aperture":"6.3","credit":"ADAM MARUSZAK","camera":"NIKON D850","caption":"","created_timestamp":"1661448745","copyright":"ADAM MARUSZAK","focal_length":"24","iso":"3200","shutter_speed":"0.008","title":"","orientation":"1","keywords":[]}},"post":28128,"source_url":"https:\/\/turysta2.pttk.pl\/wp-content\/uploads\/2022\/10\/1.-Otwarcie-rajdu-komandor-Cezary-Molin-otrzymuje-goralska-ciupage-i-kapelusz-fot.-Adam-Maruszak.jpg","_links":{"self":[{"href":"https:\/\/turysta2.pttk.pl\/index.php?rest_route=\/wp\/v2\/media\/28129","targetHints":{"allow":["GET"]}}],"collection":[{"href":"https:\/\/turysta2.pttk.pl\/index.php?rest_route=\/wp\/v2\/media"}],"about":[{"href":"https:\/\/turysta2.pttk.pl\/index.php?rest_route=\/wp\/v2\/types\/attachment"}],"author":[{"embeddable":true,"href":"https:\/\/turysta2.pttk.pl\/index.php?rest_route=\/wp\/v2\/users\/4"}],"replies":[{"embeddable":true,"href":"https:\/\/turysta2.pttk.pl\/index.php?rest_route=%2Fwp%2Fv2%2Fcomments&post=28129"}],"wp:attached-to":[{"embeddable":true,"post_type":"post","id":28128,"href":"https:\/\/turysta2.pttk.pl\/index.php?rest_route=\/wp\/v2\/posts\/28128"}],"curies":[{"name":"wp","href":"https:\/\/api.w.org\/{rel}","templated":true}]}}

1. Otwarcie rajdu komandor Cezary Molin otrzymuje góralską ciupagę i kapelusz (fot. Adam Maruszak)
