{"id":28125,"date":"2022-10-27T13:54:59","date_gmt":"2022-10-27T11:54:59","guid":{"rendered":"https:\/\/turysta2.pttk.pl\/wp-content\/uploads\/2022\/10\/3.-Pamiatkowe-zdjecie-uczestnikow-rajdu-w-Krzemionkach-fot.-Jadwiga-Pawlik_aj..jpg"},"modified":"2022-10-27T13:54:59","modified_gmt":"2022-10-27T11:54:59","slug":"3-pamiatkowe-zdjecie-uczestnikow-rajdu-w-krzemionkach-fot-jadwiga-pawlik_aj","status":"inherit","type":"attachment","link":"https:\/\/turysta2.pttk.pl\/?attachment_id=28125","title":{"rendered":"3. Pami\u0105tkowe zdj\u0119cie uczestnik\u00f3w rajdu w Krzemionkach (fot. Jadwiga Pawlik)_aj."},"author":4,"featured_media":0,"comment_status":"closed","ping_status":"closed","template":"","meta":[],"class_list":["post-28125","attachment","type-attachment","status-inherit","hentry"],"aioseo_notices":[],"description":{"rendered":"<p class=\"attachment\"><a href='https:\/\/turysta2.pttk.pl\/wp-content\/uploads\/2022\/10\/3.-Pamiatkowe-zdjecie-uczestnikow-rajdu-w-Krzemionkach-fot.-Jadwiga-Pawlik_aj..jpg'><img loading=\"lazy\" decoding=\"async\" width=\"300\" height=\"152\" src=\"https:\/\/turysta2.pttk.pl\/wp-content\/uploads\/2022\/10\/3.-Pamiatkowe-zdjecie-uczestnikow-rajdu-w-Krzemionkach-fot.-Jadwiga-Pawlik_aj.-300x152.jpg\" class=\"attachment-medium size-medium\" alt=\"\" srcset=\"https:\/\/turysta2.pttk.pl\/wp-content\/uploads\/2022\/10\/3.-Pamiatkowe-zdjecie-uczestnikow-rajdu-w-Krzemionkach-fot.-Jadwiga-Pawlik_aj.-300x152.jpg 300w, https:\/\/turysta2.pttk.pl\/wp-content\/uploads\/2022\/10\/3.-Pamiatkowe-zdjecie-uczestnikow-rajdu-w-Krzemionkach-fot.-Jadwiga-Pawlik_aj.-1024x520.jpg 1024w, https:\/\/turysta2.pttk.pl\/wp-content\/uploads\/2022\/10\/3.-Pamiatkowe-zdjecie-uczestnikow-rajdu-w-Krzemionkach-fot.-Jadwiga-Pawlik_aj.-768x390.jpg 768w, https:\/\/turysta2.pttk.pl\/wp-content\/uploads\/2022\/10\/3.-Pamiatkowe-zdjecie-uczestnikow-rajdu-w-Krzemionkach-fot.-Jadwiga-Pawlik_aj.-1536x780.jpg 1536w, https:\/\/turysta2.pttk.pl\/wp-content\/uploads\/2022\/10\/3.-Pamiatkowe-zdjecie-uczestnikow-rajdu-w-Krzemionkach-fot.-Jadwiga-Pawlik_aj.-2048x1040.jpg 2048w, https:\/\/turysta2.pttk.pl\/wp-content\/uploads\/2022\/10\/3.-Pamiatkowe-zdjecie-uczestnikow-rajdu-w-Krzemionkach-fot.-Jadwiga-Pawlik_aj.-100x50.jpg 100w\" sizes=\"auto, (max-width: 300px) 100vw, 300px\" \/><\/a><\/p>\n"},"caption":{"rendered":""},"alt_text":"","media_type":"image","mime_type":"image\/jpeg","media_details":{"width":2362,"height":1199,"file":"2022\/10\/3.-Pamiatkowe-zdjecie-uczestnikow-rajdu-w-Krzemionkach-fot.-Jadwiga-Pawlik_aj..jpg","filesize":3116597,"sizes":{"medium":{"file":"3.-Pamiatkowe-zdjecie-uczestnikow-rajdu-w-Krzemionkach-fot.-Jadwiga-Pawlik_aj.-300x152.jpg","width":300,"height":152,"filesize":38149,"mime_type":"image\/jpeg","source_url":"https:\/\/turysta2.pttk.pl\/wp-content\/uploads\/2022\/10\/3.-Pamiatkowe-zdjecie-uczestnikow-rajdu-w-Krzemionkach-fot.-Jadwiga-Pawlik_aj.-300x152.jpg"},"large":{"file":"3.-Pamiatkowe-zdjecie-uczestnikow-rajdu-w-Krzemionkach-fot.-Jadwiga-Pawlik_aj.-1024x520.jpg","width":1024,"height":520,"filesize":244968,"mime_type":"image\/jpeg","source_url":"https:\/\/turysta2.pttk.pl\/wp-content\/uploads\/2022\/10\/3.-Pamiatkowe-zdjecie-uczestnikow-rajdu-w-Krzemionkach-fot.-Jadwiga-Pawlik_aj.-1024x520.jpg"},"thumbnail":{"file":"3.-Pamiatkowe-zdjecie-uczestnikow-rajdu-w-Krzemionkach-fot.-Jadwiga-Pawlik_aj.-150x150.jpg","width":150,"height":150,"filesize":27520,"mime_type":"image\/jpeg","source_url":"https:\/\/turysta2.pttk.pl\/wp-content\/uploads\/2022\/10\/3.-Pamiatkowe-zdjecie-uczestnikow-rajdu-w-Krzemionkach-fot.-Jadwiga-Pawlik_aj.-150x150.jpg"},"medium_large":{"file":"3.-Pamiatkowe-zdjecie-uczestnikow-rajdu-w-Krzemionkach-fot.-Jadwiga-Pawlik_aj.-768x390.jpg","width":768,"height":390,"filesize":148327,"mime_type":"image\/jpeg","source_url":"https:\/\/turysta2.pttk.pl\/wp-content\/uploads\/2022\/10\/3.-Pamiatkowe-zdjecie-uczestnikow-rajdu-w-Krzemionkach-fot.-Jadwiga-Pawlik_aj.-768x390.jpg"},"1536x1536":{"file":"3.-Pamiatkowe-zdjecie-uczestnikow-rajdu-w-Krzemionkach-fot.-Jadwiga-Pawlik_aj.-1536x780.jpg","width":1536,"height":780,"filesize":497923,"mime_type":"image\/jpeg","source_url":"https:\/\/turysta2.pttk.pl\/wp-content\/uploads\/2022\/10\/3.-Pamiatkowe-zdjecie-uczestnikow-rajdu-w-Krzemionkach-fot.-Jadwiga-Pawlik_aj.-1536x780.jpg"},"2048x2048":{"file":"3.-Pamiatkowe-zdjecie-uczestnikow-rajdu-w-Krzemionkach-fot.-Jadwiga-Pawlik_aj.-2048x1040.jpg","width":2048,"height":1040,"filesize":794925,"mime_type":"image\/jpeg","source_url":"https:\/\/turysta2.pttk.pl\/wp-content\/uploads\/2022\/10\/3.-Pamiatkowe-zdjecie-uczestnikow-rajdu-w-Krzemionkach-fot.-Jadwiga-Pawlik_aj.-2048x1040.jpg"},"post-thumbnail":{"file":"3.-Pamiatkowe-zdjecie-uczestnikow-rajdu-w-Krzemionkach-fot.-Jadwiga-Pawlik_aj.-200x150.jpg","width":200,"height":150,"filesize":31094,"mime_type":"image\/jpeg","source_url":"https:\/\/turysta2.pttk.pl\/wp-content\/uploads\/2022\/10\/3.-Pamiatkowe-zdjecie-uczestnikow-rajdu-w-Krzemionkach-fot.-Jadwiga-Pawlik_aj.-200x150.jpg"},"slider-post-thumbnail":{"file":"3.-Pamiatkowe-zdjecie-uczestnikow-rajdu-w-Krzemionkach-fot.-Jadwiga-Pawlik_aj.-940x446.jpg","width":940,"height":446,"filesize":199062,"mime_type":"image\/jpeg","source_url":"https:\/\/turysta2.pttk.pl\/wp-content\/uploads\/2022\/10\/3.-Pamiatkowe-zdjecie-uczestnikow-rajdu-w-Krzemionkach-fot.-Jadwiga-Pawlik_aj.-940x446.jpg"},"slider-thumb":{"file":"3.-Pamiatkowe-zdjecie-uczestnikow-rajdu-w-Krzemionkach-fot.-Jadwiga-Pawlik_aj.-100x50.jpg","width":100,"height":50,"filesize":19508,"mime_type":"image\/jpeg","source_url":"https:\/\/turysta2.pttk.pl\/wp-content\/uploads\/2022\/10\/3.-Pamiatkowe-zdjecie-uczestnikow-rajdu-w-Krzemionkach-fot.-Jadwiga-Pawlik_aj.-100x50.jpg"},"full":{"file":"3.-Pamiatkowe-zdjecie-uczestnikow-rajdu-w-Krzemionkach-fot.-Jadwiga-Pawlik_aj..jpg","width":2362,"height":1199,"mime_type":"image\/jpeg","source_url":"https:\/\/turysta2.pttk.pl\/wp-content\/uploads\/2022\/10\/3.-Pamiatkowe-zdjecie-uczestnikow-rajdu-w-Krzemionkach-fot.-Jadwiga-Pawlik_aj..jpg"}},"image_meta":{"aperture":"1.9","credit":"","camera":"Redmi Note 5","caption":"","created_timestamp":"1659199954","copyright":"","focal_length":"3.94","iso":"125","shutter_speed":"0.0091743119266055","title":"","orientation":"1","keywords":[]}},"post":28122,"source_url":"https:\/\/turysta2.pttk.pl\/wp-content\/uploads\/2022\/10\/3.-Pamiatkowe-zdjecie-uczestnikow-rajdu-w-Krzemionkach-fot.-Jadwiga-Pawlik_aj..jpg","_links":{"self":[{"href":"https:\/\/turysta2.pttk.pl\/index.php?rest_route=\/wp\/v2\/media\/28125","targetHints":{"allow":["GET"]}}],"collection":[{"href":"https:\/\/turysta2.pttk.pl\/index.php?rest_route=\/wp\/v2\/media"}],"about":[{"href":"https:\/\/turysta2.pttk.pl\/index.php?rest_route=\/wp\/v2\/types\/attachment"}],"author":[{"embeddable":true,"href":"https:\/\/turysta2.pttk.pl\/index.php?rest_route=\/wp\/v2\/users\/4"}],"replies":[{"embeddable":true,"href":"https:\/\/turysta2.pttk.pl\/index.php?rest_route=%2Fwp%2Fv2%2Fcomments&post=28125"}],"wp:attached-to":[{"embeddable":true,"post_type":"post","id":28122,"href":"https:\/\/turysta2.pttk.pl\/index.php?rest_route=\/wp\/v2\/posts\/28122"}],"curies":[{"name":"wp","href":"https:\/\/api.w.org\/{rel}","templated":true}]}}

3. Pamiątkowe zdjęcie uczestników rajdu w Krzemionkach (fot. Jadwiga Pawlik)_aj.
