{"id":28030,"date":"2022-10-11T18:21:53","date_gmt":"2022-10-11T16:21:53","guid":{"rendered":"https:\/\/turysta2.pttk.pl\/wp-content\/uploads\/2022\/10\/2.-Modla-w-Mychowie-fot.-Alicja-Mezyk.jpg"},"modified":"2022-10-11T18:21:53","modified_gmt":"2022-10-11T16:21:53","slug":"2-modla-w-mychowie-fot-alicja-mezyk","status":"inherit","type":"attachment","link":"https:\/\/turysta2.pttk.pl\/?attachment_id=28030","title":{"rendered":"2. Mod\u0142a w Mychowie fot. Alicja M\u0119\u017cyk"},"author":4,"featured_media":0,"comment_status":"closed","ping_status":"closed","template":"","meta":[],"class_list":["post-28030","attachment","type-attachment","status-inherit","hentry"],"aioseo_notices":[],"description":{"rendered":"<p class=\"attachment\"><a href='https:\/\/turysta2.pttk.pl\/wp-content\/uploads\/2022\/10\/2.-Modla-w-Mychowie-fot.-Alicja-Mezyk-scaled.jpg'><img loading=\"lazy\" decoding=\"async\" width=\"225\" height=\"300\" src=\"https:\/\/turysta2.pttk.pl\/wp-content\/uploads\/2022\/10\/2.-Modla-w-Mychowie-fot.-Alicja-Mezyk-225x300.jpg\" class=\"attachment-medium size-medium\" alt=\"\" srcset=\"https:\/\/turysta2.pttk.pl\/wp-content\/uploads\/2022\/10\/2.-Modla-w-Mychowie-fot.-Alicja-Mezyk-225x300.jpg 225w, https:\/\/turysta2.pttk.pl\/wp-content\/uploads\/2022\/10\/2.-Modla-w-Mychowie-fot.-Alicja-Mezyk-768x1024.jpg 768w, https:\/\/turysta2.pttk.pl\/wp-content\/uploads\/2022\/10\/2.-Modla-w-Mychowie-fot.-Alicja-Mezyk-1152x1536.jpg 1152w, https:\/\/turysta2.pttk.pl\/wp-content\/uploads\/2022\/10\/2.-Modla-w-Mychowie-fot.-Alicja-Mezyk-1536x2048.jpg 1536w, https:\/\/turysta2.pttk.pl\/wp-content\/uploads\/2022\/10\/2.-Modla-w-Mychowie-fot.-Alicja-Mezyk-scaled.jpg 1920w\" sizes=\"auto, (max-width: 225px) 100vw, 225px\" \/><\/a><\/p>\n"},"caption":{"rendered":""},"alt_text":"","media_type":"image","mime_type":"image\/jpeg","media_details":{"width":1920,"height":2560,"file":"2022\/10\/2.-Modla-w-Mychowie-fot.-Alicja-Mezyk-scaled.jpg","filesize":1453239,"sizes":{"medium":{"file":"2.-Modla-w-Mychowie-fot.-Alicja-Mezyk-225x300.jpg","width":225,"height":300,"filesize":48469,"mime_type":"image\/jpeg","source_url":"https:\/\/turysta2.pttk.pl\/wp-content\/uploads\/2022\/10\/2.-Modla-w-Mychowie-fot.-Alicja-Mezyk-225x300.jpg"},"large":{"file":"2.-Modla-w-Mychowie-fot.-Alicja-Mezyk-768x1024.jpg","width":768,"height":1024,"filesize":324479,"mime_type":"image\/jpeg","source_url":"https:\/\/turysta2.pttk.pl\/wp-content\/uploads\/2022\/10\/2.-Modla-w-Mychowie-fot.-Alicja-Mezyk-768x1024.jpg"},"thumbnail":{"file":"2.-Modla-w-Mychowie-fot.-Alicja-Mezyk-150x150.jpg","width":150,"height":150,"filesize":30391,"mime_type":"image\/jpeg","source_url":"https:\/\/turysta2.pttk.pl\/wp-content\/uploads\/2022\/10\/2.-Modla-w-Mychowie-fot.-Alicja-Mezyk-150x150.jpg"},"medium_large":{"file":"2.-Modla-w-Mychowie-fot.-Alicja-Mezyk-768x1024.jpg","width":768,"height":1024,"filesize":324479,"mime_type":"image\/jpeg","source_url":"https:\/\/turysta2.pttk.pl\/wp-content\/uploads\/2022\/10\/2.-Modla-w-Mychowie-fot.-Alicja-Mezyk-768x1024.jpg"},"1536x1536":{"file":"2.-Modla-w-Mychowie-fot.-Alicja-Mezyk-1152x1536.jpg","width":1152,"height":1536,"filesize":646089,"mime_type":"image\/jpeg","source_url":"https:\/\/turysta2.pttk.pl\/wp-content\/uploads\/2022\/10\/2.-Modla-w-Mychowie-fot.-Alicja-Mezyk-1152x1536.jpg"},"2048x2048":{"file":"2.-Modla-w-Mychowie-fot.-Alicja-Mezyk-1536x2048.jpg","width":1536,"height":2048,"filesize":1026964,"mime_type":"image\/jpeg","source_url":"https:\/\/turysta2.pttk.pl\/wp-content\/uploads\/2022\/10\/2.-Modla-w-Mychowie-fot.-Alicja-Mezyk-1536x2048.jpg"},"post-thumbnail":{"file":"2.-Modla-w-Mychowie-fot.-Alicja-Mezyk-200x150.jpg","width":200,"height":150,"filesize":33380,"mime_type":"image\/jpeg","source_url":"https:\/\/turysta2.pttk.pl\/wp-content\/uploads\/2022\/10\/2.-Modla-w-Mychowie-fot.-Alicja-Mezyk-200x150.jpg"},"slider-post-thumbnail":{"file":"2.-Modla-w-Mychowie-fot.-Alicja-Mezyk-940x446.jpg","width":940,"height":446,"filesize":185113,"mime_type":"image\/jpeg","source_url":"https:\/\/turysta2.pttk.pl\/wp-content\/uploads\/2022\/10\/2.-Modla-w-Mychowie-fot.-Alicja-Mezyk-940x446.jpg"},"slider-thumb":{"file":"2.-Modla-w-Mychowie-fot.-Alicja-Mezyk-100x50.jpg","width":100,"height":50,"filesize":23412,"mime_type":"image\/jpeg","source_url":"https:\/\/turysta2.pttk.pl\/wp-content\/uploads\/2022\/10\/2.-Modla-w-Mychowie-fot.-Alicja-Mezyk-100x50.jpg"},"full":{"file":"2.-Modla-w-Mychowie-fot.-Alicja-Mezyk-scaled.jpg","width":1920,"height":2560,"mime_type":"image\/jpeg","source_url":"https:\/\/turysta2.pttk.pl\/wp-content\/uploads\/2022\/10\/2.-Modla-w-Mychowie-fot.-Alicja-Mezyk-scaled.jpg"}},"image_meta":{"aperture":"3.5","credit":"","camera":"FinePix F660EXR","caption":"","created_timestamp":"1655549826","copyright":"","focal_length":"4.4","iso":"100","shutter_speed":"0.0090909090909091","title":"","orientation":"1","keywords":[]},"original_image":"2.-Modla-w-Mychowie-fot.-Alicja-Mezyk.jpg"},"post":28028,"source_url":"https:\/\/turysta2.pttk.pl\/wp-content\/uploads\/2022\/10\/2.-Modla-w-Mychowie-fot.-Alicja-Mezyk-scaled.jpg","_links":{"self":[{"href":"https:\/\/turysta2.pttk.pl\/index.php?rest_route=\/wp\/v2\/media\/28030","targetHints":{"allow":["GET"]}}],"collection":[{"href":"https:\/\/turysta2.pttk.pl\/index.php?rest_route=\/wp\/v2\/media"}],"about":[{"href":"https:\/\/turysta2.pttk.pl\/index.php?rest_route=\/wp\/v2\/types\/attachment"}],"author":[{"embeddable":true,"href":"https:\/\/turysta2.pttk.pl\/index.php?rest_route=\/wp\/v2\/users\/4"}],"replies":[{"embeddable":true,"href":"https:\/\/turysta2.pttk.pl\/index.php?rest_route=%2Fwp%2Fv2%2Fcomments&post=28030"}],"wp:attached-to":[{"embeddable":true,"post_type":"post","id":28028,"href":"https:\/\/turysta2.pttk.pl\/index.php?rest_route=\/wp\/v2\/posts\/28028"}],"curies":[{"name":"wp","href":"https:\/\/api.w.org\/{rel}","templated":true}]}}

2. Modła w Mychowie fot. Alicja Mężyk
