{"id":27614,"date":"2022-09-17T14:51:22","date_gmt":"2022-09-17T12:51:22","guid":{"rendered":"https:\/\/turysta2.pttk.pl\/wp-content\/uploads\/2022\/09\/Gerhart-Hauptmann-przed-swoim-domem-ze-zbirow-Archiwum-Panstwowego-w-Jeleniej-Gorze-.jpg"},"modified":"2022-09-17T14:51:22","modified_gmt":"2022-09-17T12:51:22","slug":"gerhart-hauptmann-przed-swoim-domem-ze-zbirow-archiwum-panstwowego-w-jeleniej-gorze","status":"inherit","type":"attachment","link":"https:\/\/turysta2.pttk.pl\/?attachment_id=27614","title":{"rendered":"Gerhart Hauptmann przed swoim domem (ze zbir\u00f3w Archiwum Pa\u0144stwowego w Jeleniej G\u00f3rze)"},"author":4,"featured_media":0,"comment_status":"closed","ping_status":"closed","template":"","meta":[],"class_list":["post-27614","attachment","type-attachment","status-inherit","hentry"],"aioseo_notices":[],"description":{"rendered":"<p class=\"attachment\"><a href='https:\/\/turysta2.pttk.pl\/wp-content\/uploads\/2022\/09\/Gerhart-Hauptmann-przed-swoim-domem-ze-zbirow-Archiwum-Panstwowego-w-Jeleniej-Gorze-.jpg'><img loading=\"lazy\" decoding=\"async\" width=\"199\" height=\"300\" src=\"https:\/\/turysta2.pttk.pl\/wp-content\/uploads\/2022\/09\/Gerhart-Hauptmann-przed-swoim-domem-ze-zbirow-Archiwum-Panstwowego-w-Jeleniej-Gorze--199x300.jpg\" class=\"attachment-medium size-medium\" alt=\"\" srcset=\"https:\/\/turysta2.pttk.pl\/wp-content\/uploads\/2022\/09\/Gerhart-Hauptmann-przed-swoim-domem-ze-zbirow-Archiwum-Panstwowego-w-Jeleniej-Gorze--199x300.jpg 199w, https:\/\/turysta2.pttk.pl\/wp-content\/uploads\/2022\/09\/Gerhart-Hauptmann-przed-swoim-domem-ze-zbirow-Archiwum-Panstwowego-w-Jeleniej-Gorze--679x1024.jpg 679w, https:\/\/turysta2.pttk.pl\/wp-content\/uploads\/2022\/09\/Gerhart-Hauptmann-przed-swoim-domem-ze-zbirow-Archiwum-Panstwowego-w-Jeleniej-Gorze--768x1158.jpg 768w, https:\/\/turysta2.pttk.pl\/wp-content\/uploads\/2022\/09\/Gerhart-Hauptmann-przed-swoim-domem-ze-zbirow-Archiwum-Panstwowego-w-Jeleniej-Gorze--1019x1536.jpg 1019w, https:\/\/turysta2.pttk.pl\/wp-content\/uploads\/2022\/09\/Gerhart-Hauptmann-przed-swoim-domem-ze-zbirow-Archiwum-Panstwowego-w-Jeleniej-Gorze--1358x2048.jpg 1358w, https:\/\/turysta2.pttk.pl\/wp-content\/uploads\/2022\/09\/Gerhart-Hauptmann-przed-swoim-domem-ze-zbirow-Archiwum-Panstwowego-w-Jeleniej-Gorze-.jpg 1496w\" sizes=\"auto, (max-width: 199px) 100vw, 199px\" \/><\/a><\/p>\n"},"caption":{"rendered":""},"alt_text":"","media_type":"image","mime_type":"image\/jpeg","media_details":{"width":1496,"height":2256,"file":"2022\/09\/Gerhart-Hauptmann-przed-swoim-domem-ze-zbirow-Archiwum-Panstwowego-w-Jeleniej-Gorze-.jpg","filesize":851907,"sizes":{"medium":{"file":"Gerhart-Hauptmann-przed-swoim-domem-ze-zbirow-Archiwum-Panstwowego-w-Jeleniej-Gorze--199x300.jpg","width":199,"height":300,"filesize":53444,"mime_type":"image\/jpeg","source_url":"https:\/\/turysta2.pttk.pl\/wp-content\/uploads\/2022\/09\/Gerhart-Hauptmann-przed-swoim-domem-ze-zbirow-Archiwum-Panstwowego-w-Jeleniej-Gorze--199x300.jpg"},"large":{"file":"Gerhart-Hauptmann-przed-swoim-domem-ze-zbirow-Archiwum-Panstwowego-w-Jeleniej-Gorze--679x1024.jpg","width":679,"height":1024,"filesize":122726,"mime_type":"image\/jpeg","source_url":"https:\/\/turysta2.pttk.pl\/wp-content\/uploads\/2022\/09\/Gerhart-Hauptmann-przed-swoim-domem-ze-zbirow-Archiwum-Panstwowego-w-Jeleniej-Gorze--679x1024.jpg"},"thumbnail":{"file":"Gerhart-Hauptmann-przed-swoim-domem-ze-zbirow-Archiwum-Panstwowego-w-Jeleniej-Gorze--150x150.jpg","width":150,"height":150,"filesize":47236,"mime_type":"image\/jpeg","source_url":"https:\/\/turysta2.pttk.pl\/wp-content\/uploads\/2022\/09\/Gerhart-Hauptmann-przed-swoim-domem-ze-zbirow-Archiwum-Panstwowego-w-Jeleniej-Gorze--150x150.jpg"},"medium_large":{"file":"Gerhart-Hauptmann-przed-swoim-domem-ze-zbirow-Archiwum-Panstwowego-w-Jeleniej-Gorze--768x1158.jpg","width":768,"height":1158,"filesize":139226,"mime_type":"image\/jpeg","source_url":"https:\/\/turysta2.pttk.pl\/wp-content\/uploads\/2022\/09\/Gerhart-Hauptmann-przed-swoim-domem-ze-zbirow-Archiwum-Panstwowego-w-Jeleniej-Gorze--768x1158.jpg"},"1536x1536":{"file":"Gerhart-Hauptmann-przed-swoim-domem-ze-zbirow-Archiwum-Panstwowego-w-Jeleniej-Gorze--1019x1536.jpg","width":1019,"height":1536,"filesize":195807,"mime_type":"image\/jpeg","source_url":"https:\/\/turysta2.pttk.pl\/wp-content\/uploads\/2022\/09\/Gerhart-Hauptmann-przed-swoim-domem-ze-zbirow-Archiwum-Panstwowego-w-Jeleniej-Gorze--1019x1536.jpg"},"2048x2048":{"file":"Gerhart-Hauptmann-przed-swoim-domem-ze-zbirow-Archiwum-Panstwowego-w-Jeleniej-Gorze--1358x2048.jpg","width":1358,"height":2048,"filesize":291634,"mime_type":"image\/jpeg","source_url":"https:\/\/turysta2.pttk.pl\/wp-content\/uploads\/2022\/09\/Gerhart-Hauptmann-przed-swoim-domem-ze-zbirow-Archiwum-Panstwowego-w-Jeleniej-Gorze--1358x2048.jpg"},"post-thumbnail":{"file":"Gerhart-Hauptmann-przed-swoim-domem-ze-zbirow-Archiwum-Panstwowego-w-Jeleniej-Gorze--200x150.jpg","width":200,"height":150,"filesize":48409,"mime_type":"image\/jpeg","source_url":"https:\/\/turysta2.pttk.pl\/wp-content\/uploads\/2022\/09\/Gerhart-Hauptmann-przed-swoim-domem-ze-zbirow-Archiwum-Panstwowego-w-Jeleniej-Gorze--200x150.jpg"},"slider-post-thumbnail":{"file":"Gerhart-Hauptmann-przed-swoim-domem-ze-zbirow-Archiwum-Panstwowego-w-Jeleniej-Gorze--940x446.jpg","width":940,"height":446,"filesize":89559,"mime_type":"image\/jpeg","source_url":"https:\/\/turysta2.pttk.pl\/wp-content\/uploads\/2022\/09\/Gerhart-Hauptmann-przed-swoim-domem-ze-zbirow-Archiwum-Panstwowego-w-Jeleniej-Gorze--940x446.jpg"},"slider-thumb":{"file":"Gerhart-Hauptmann-przed-swoim-domem-ze-zbirow-Archiwum-Panstwowego-w-Jeleniej-Gorze--100x50.jpg","width":100,"height":50,"filesize":44191,"mime_type":"image\/jpeg","source_url":"https:\/\/turysta2.pttk.pl\/wp-content\/uploads\/2022\/09\/Gerhart-Hauptmann-przed-swoim-domem-ze-zbirow-Archiwum-Panstwowego-w-Jeleniej-Gorze--100x50.jpg"},"full":{"file":"Gerhart-Hauptmann-przed-swoim-domem-ze-zbirow-Archiwum-Panstwowego-w-Jeleniej-Gorze-.jpg","width":1496,"height":2256,"mime_type":"image\/jpeg","source_url":"https:\/\/turysta2.pttk.pl\/wp-content\/uploads\/2022\/09\/Gerhart-Hauptmann-przed-swoim-domem-ze-zbirow-Archiwum-Panstwowego-w-Jeleniej-Gorze-.jpg"}},"image_meta":{"aperture":"4.2","credit":"","camera":"NIKON D40","caption":"","created_timestamp":"1231338945","copyright":"","focal_length":"28","iso":"800","shutter_speed":"0.05","title":"","orientation":"0","keywords":[]}},"post":27612,"source_url":"https:\/\/turysta2.pttk.pl\/wp-content\/uploads\/2022\/09\/Gerhart-Hauptmann-przed-swoim-domem-ze-zbirow-Archiwum-Panstwowego-w-Jeleniej-Gorze-.jpg","_links":{"self":[{"href":"https:\/\/turysta2.pttk.pl\/index.php?rest_route=\/wp\/v2\/media\/27614","targetHints":{"allow":["GET"]}}],"collection":[{"href":"https:\/\/turysta2.pttk.pl\/index.php?rest_route=\/wp\/v2\/media"}],"about":[{"href":"https:\/\/turysta2.pttk.pl\/index.php?rest_route=\/wp\/v2\/types\/attachment"}],"author":[{"embeddable":true,"href":"https:\/\/turysta2.pttk.pl\/index.php?rest_route=\/wp\/v2\/users\/4"}],"replies":[{"embeddable":true,"href":"https:\/\/turysta2.pttk.pl\/index.php?rest_route=%2Fwp%2Fv2%2Fcomments&post=27614"}],"wp:attached-to":[{"embeddable":true,"post_type":"post","id":27612,"href":"https:\/\/turysta2.pttk.pl\/index.php?rest_route=\/wp\/v2\/posts\/27612"}],"curies":[{"name":"wp","href":"https:\/\/api.w.org\/{rel}","templated":true}]}}

Gerhart Hauptmann przed swoim domem (ze zbirów Archiwum Państwowego w Jeleniej Górze)
