{"id":27578,"date":"2022-09-12T19:45:58","date_gmt":"2022-09-12T17:45:58","guid":{"rendered":"https:\/\/turysta2.pttk.pl\/wp-content\/uploads\/2022\/09\/Dobor-kolorow-przez-J.-Sadowskiego-fot.-Dariusz-Debski.jpg"},"modified":"2022-09-12T19:45:58","modified_gmt":"2022-09-12T17:45:58","slug":"dobor-kolorow-przez-j-sadowskiego-fot-dariusz-debski","status":"inherit","type":"attachment","link":"https:\/\/turysta2.pttk.pl\/?attachment_id=27578","title":{"rendered":"Dob\u00f3r kolor\u00f3w przez J. Sadowskiego (fot. Dariusz D\u0119bski)"},"author":4,"featured_media":0,"comment_status":"closed","ping_status":"closed","template":"","meta":[],"class_list":["post-27578","attachment","type-attachment","status-inherit","hentry"],"aioseo_notices":[],"description":{"rendered":"<p class=\"attachment\"><a href='https:\/\/turysta2.pttk.pl\/wp-content\/uploads\/2022\/09\/Dobor-kolorow-przez-J.-Sadowskiego-fot.-Dariusz-Debski-scaled.jpg'><img loading=\"lazy\" decoding=\"async\" width=\"300\" height=\"135\" src=\"https:\/\/turysta2.pttk.pl\/wp-content\/uploads\/2022\/09\/Dobor-kolorow-przez-J.-Sadowskiego-fot.-Dariusz-Debski-300x135.jpg\" class=\"attachment-medium size-medium\" alt=\"\" srcset=\"https:\/\/turysta2.pttk.pl\/wp-content\/uploads\/2022\/09\/Dobor-kolorow-przez-J.-Sadowskiego-fot.-Dariusz-Debski-300x135.jpg 300w, https:\/\/turysta2.pttk.pl\/wp-content\/uploads\/2022\/09\/Dobor-kolorow-przez-J.-Sadowskiego-fot.-Dariusz-Debski-1024x461.jpg 1024w, https:\/\/turysta2.pttk.pl\/wp-content\/uploads\/2022\/09\/Dobor-kolorow-przez-J.-Sadowskiego-fot.-Dariusz-Debski-768x345.jpg 768w, https:\/\/turysta2.pttk.pl\/wp-content\/uploads\/2022\/09\/Dobor-kolorow-przez-J.-Sadowskiego-fot.-Dariusz-Debski-1536x691.jpg 1536w, https:\/\/turysta2.pttk.pl\/wp-content\/uploads\/2022\/09\/Dobor-kolorow-przez-J.-Sadowskiego-fot.-Dariusz-Debski-2048x921.jpg 2048w\" sizes=\"auto, (max-width: 300px) 100vw, 300px\" \/><\/a><\/p>\n"},"caption":{"rendered":""},"alt_text":"","media_type":"image","mime_type":"image\/jpeg","media_details":{"width":2560,"height":1152,"file":"2022\/09\/Dobor-kolorow-przez-J.-Sadowskiego-fot.-Dariusz-Debski-scaled.jpg","filesize":433717,"sizes":{"medium":{"file":"Dobor-kolorow-przez-J.-Sadowskiego-fot.-Dariusz-Debski-300x135.jpg","width":300,"height":135,"filesize":27985,"mime_type":"image\/jpeg","source_url":"https:\/\/turysta2.pttk.pl\/wp-content\/uploads\/2022\/09\/Dobor-kolorow-przez-J.-Sadowskiego-fot.-Dariusz-Debski-300x135.jpg"},"large":{"file":"Dobor-kolorow-przez-J.-Sadowskiego-fot.-Dariusz-Debski-1024x461.jpg","width":1024,"height":461,"filesize":105781,"mime_type":"image\/jpeg","source_url":"https:\/\/turysta2.pttk.pl\/wp-content\/uploads\/2022\/09\/Dobor-kolorow-przez-J.-Sadowskiego-fot.-Dariusz-Debski-1024x461.jpg"},"thumbnail":{"file":"Dobor-kolorow-przez-J.-Sadowskiego-fot.-Dariusz-Debski-150x150.jpg","width":150,"height":150,"filesize":22577,"mime_type":"image\/jpeg","source_url":"https:\/\/turysta2.pttk.pl\/wp-content\/uploads\/2022\/09\/Dobor-kolorow-przez-J.-Sadowskiego-fot.-Dariusz-Debski-150x150.jpg"},"medium_large":{"file":"Dobor-kolorow-przez-J.-Sadowskiego-fot.-Dariusz-Debski-768x345.jpg","width":768,"height":345,"filesize":71843,"mime_type":"image\/jpeg","source_url":"https:\/\/turysta2.pttk.pl\/wp-content\/uploads\/2022\/09\/Dobor-kolorow-przez-J.-Sadowskiego-fot.-Dariusz-Debski-768x345.jpg"},"1536x1536":{"file":"Dobor-kolorow-przez-J.-Sadowskiego-fot.-Dariusz-Debski-1536x691.jpg","width":1536,"height":691,"filesize":192036,"mime_type":"image\/jpeg","source_url":"https:\/\/turysta2.pttk.pl\/wp-content\/uploads\/2022\/09\/Dobor-kolorow-przez-J.-Sadowskiego-fot.-Dariusz-Debski-1536x691.jpg"},"2048x2048":{"file":"Dobor-kolorow-przez-J.-Sadowskiego-fot.-Dariusz-Debski-2048x921.jpg","width":2048,"height":921,"filesize":301306,"mime_type":"image\/jpeg","source_url":"https:\/\/turysta2.pttk.pl\/wp-content\/uploads\/2022\/09\/Dobor-kolorow-przez-J.-Sadowskiego-fot.-Dariusz-Debski-2048x921.jpg"},"post-thumbnail":{"file":"Dobor-kolorow-przez-J.-Sadowskiego-fot.-Dariusz-Debski-200x150.jpg","width":200,"height":150,"filesize":24573,"mime_type":"image\/jpeg","source_url":"https:\/\/turysta2.pttk.pl\/wp-content\/uploads\/2022\/09\/Dobor-kolorow-przez-J.-Sadowskiego-fot.-Dariusz-Debski-200x150.jpg"},"slider-post-thumbnail":{"file":"Dobor-kolorow-przez-J.-Sadowskiego-fot.-Dariusz-Debski-940x446.jpg","width":940,"height":446,"filesize":96888,"mime_type":"image\/jpeg","source_url":"https:\/\/turysta2.pttk.pl\/wp-content\/uploads\/2022\/09\/Dobor-kolorow-przez-J.-Sadowskiego-fot.-Dariusz-Debski-940x446.jpg"},"slider-thumb":{"file":"Dobor-kolorow-przez-J.-Sadowskiego-fot.-Dariusz-Debski-100x50.jpg","width":100,"height":50,"filesize":18091,"mime_type":"image\/jpeg","source_url":"https:\/\/turysta2.pttk.pl\/wp-content\/uploads\/2022\/09\/Dobor-kolorow-przez-J.-Sadowskiego-fot.-Dariusz-Debski-100x50.jpg"},"full":{"file":"Dobor-kolorow-przez-J.-Sadowskiego-fot.-Dariusz-Debski-scaled.jpg","width":2560,"height":1152,"mime_type":"image\/jpeg","source_url":"https:\/\/turysta2.pttk.pl\/wp-content\/uploads\/2022\/09\/Dobor-kolorow-przez-J.-Sadowskiego-fot.-Dariusz-Debski-scaled.jpg"}},"image_meta":{"aperture":"1.89","credit":"","camera":"M2007J17G","caption":"","created_timestamp":"1622565147","copyright":"","focal_length":"5.43","iso":"128","shutter_speed":"0.01","title":"","orientation":"1","keywords":[]},"original_image":"Dobor-kolorow-przez-J.-Sadowskiego-fot.-Dariusz-Debski.jpg"},"post":27573,"source_url":"https:\/\/turysta2.pttk.pl\/wp-content\/uploads\/2022\/09\/Dobor-kolorow-przez-J.-Sadowskiego-fot.-Dariusz-Debski-scaled.jpg","_links":{"self":[{"href":"https:\/\/turysta2.pttk.pl\/index.php?rest_route=\/wp\/v2\/media\/27578","targetHints":{"allow":["GET"]}}],"collection":[{"href":"https:\/\/turysta2.pttk.pl\/index.php?rest_route=\/wp\/v2\/media"}],"about":[{"href":"https:\/\/turysta2.pttk.pl\/index.php?rest_route=\/wp\/v2\/types\/attachment"}],"author":[{"embeddable":true,"href":"https:\/\/turysta2.pttk.pl\/index.php?rest_route=\/wp\/v2\/users\/4"}],"replies":[{"embeddable":true,"href":"https:\/\/turysta2.pttk.pl\/index.php?rest_route=%2Fwp%2Fv2%2Fcomments&post=27578"}],"wp:attached-to":[{"embeddable":true,"post_type":"post","id":27573,"href":"https:\/\/turysta2.pttk.pl\/index.php?rest_route=\/wp\/v2\/posts\/27573"}],"curies":[{"name":"wp","href":"https:\/\/api.w.org\/{rel}","templated":true}]}}

Dobór kolorów przez J. Sadowskiego (fot. Dariusz Dębski)
