{"id":27560,"date":"2022-09-12T19:14:55","date_gmt":"2022-09-12T17:14:55","guid":{"rendered":"https:\/\/turysta2.pttk.pl\/wp-content\/uploads\/2022\/09\/Popiersie-J.-Goluchowskiego-w-Garbaczufot.-Alicja-Mezyk.jpg"},"modified":"2022-09-12T19:14:55","modified_gmt":"2022-09-12T17:14:55","slug":"popiersie-j-goluchowskiego-w-garbaczufot-alicja-mezyk","status":"inherit","type":"attachment","link":"https:\/\/turysta2.pttk.pl\/?attachment_id=27560","title":{"rendered":"Popiersie J. Go\u0142uchowskiego w Garbaczu(fot. Alicja M\u0119\u017cyk)"},"author":4,"featured_media":0,"comment_status":"closed","ping_status":"closed","template":"","meta":[],"class_list":["post-27560","attachment","type-attachment","status-inherit","hentry"],"aioseo_notices":[],"description":{"rendered":"<p class=\"attachment\"><a href='https:\/\/turysta2.pttk.pl\/wp-content\/uploads\/2022\/09\/Popiersie-J.-Goluchowskiego-w-Garbaczufot.-Alicja-Mezyk-scaled.jpg'><img loading=\"lazy\" decoding=\"async\" width=\"225\" height=\"300\" src=\"https:\/\/turysta2.pttk.pl\/wp-content\/uploads\/2022\/09\/Popiersie-J.-Goluchowskiego-w-Garbaczufot.-Alicja-Mezyk-225x300.jpg\" class=\"attachment-medium size-medium\" alt=\"\" srcset=\"https:\/\/turysta2.pttk.pl\/wp-content\/uploads\/2022\/09\/Popiersie-J.-Goluchowskiego-w-Garbaczufot.-Alicja-Mezyk-225x300.jpg 225w, https:\/\/turysta2.pttk.pl\/wp-content\/uploads\/2022\/09\/Popiersie-J.-Goluchowskiego-w-Garbaczufot.-Alicja-Mezyk-768x1024.jpg 768w, https:\/\/turysta2.pttk.pl\/wp-content\/uploads\/2022\/09\/Popiersie-J.-Goluchowskiego-w-Garbaczufot.-Alicja-Mezyk-1152x1536.jpg 1152w, https:\/\/turysta2.pttk.pl\/wp-content\/uploads\/2022\/09\/Popiersie-J.-Goluchowskiego-w-Garbaczufot.-Alicja-Mezyk-1536x2048.jpg 1536w, https:\/\/turysta2.pttk.pl\/wp-content\/uploads\/2022\/09\/Popiersie-J.-Goluchowskiego-w-Garbaczufot.-Alicja-Mezyk-scaled.jpg 1920w\" sizes=\"auto, (max-width: 225px) 100vw, 225px\" \/><\/a><\/p>\n"},"caption":{"rendered":""},"alt_text":"","media_type":"image","mime_type":"image\/jpeg","media_details":{"width":1920,"height":2560,"file":"2022\/09\/Popiersie-J.-Goluchowskiego-w-Garbaczufot.-Alicja-Mezyk-scaled.jpg","filesize":756375,"sizes":{"medium":{"file":"Popiersie-J.-Goluchowskiego-w-Garbaczufot.-Alicja-Mezyk-225x300.jpg","width":225,"height":300,"filesize":29935,"mime_type":"image\/jpeg","source_url":"https:\/\/turysta2.pttk.pl\/wp-content\/uploads\/2022\/09\/Popiersie-J.-Goluchowskiego-w-Garbaczufot.-Alicja-Mezyk-225x300.jpg"},"large":{"file":"Popiersie-J.-Goluchowskiego-w-Garbaczufot.-Alicja-Mezyk-768x1024.jpg","width":768,"height":1024,"filesize":164186,"mime_type":"image\/jpeg","source_url":"https:\/\/turysta2.pttk.pl\/wp-content\/uploads\/2022\/09\/Popiersie-J.-Goluchowskiego-w-Garbaczufot.-Alicja-Mezyk-768x1024.jpg"},"thumbnail":{"file":"Popiersie-J.-Goluchowskiego-w-Garbaczufot.-Alicja-Mezyk-150x150.jpg","width":150,"height":150,"filesize":17941,"mime_type":"image\/jpeg","source_url":"https:\/\/turysta2.pttk.pl\/wp-content\/uploads\/2022\/09\/Popiersie-J.-Goluchowskiego-w-Garbaczufot.-Alicja-Mezyk-150x150.jpg"},"medium_large":{"file":"Popiersie-J.-Goluchowskiego-w-Garbaczufot.-Alicja-Mezyk-768x1024.jpg","width":768,"height":1024,"filesize":164186,"mime_type":"image\/jpeg","source_url":"https:\/\/turysta2.pttk.pl\/wp-content\/uploads\/2022\/09\/Popiersie-J.-Goluchowskiego-w-Garbaczufot.-Alicja-Mezyk-768x1024.jpg"},"1536x1536":{"file":"Popiersie-J.-Goluchowskiego-w-Garbaczufot.-Alicja-Mezyk-1152x1536.jpg","width":1152,"height":1536,"filesize":319552,"mime_type":"image\/jpeg","source_url":"https:\/\/turysta2.pttk.pl\/wp-content\/uploads\/2022\/09\/Popiersie-J.-Goluchowskiego-w-Garbaczufot.-Alicja-Mezyk-1152x1536.jpg"},"2048x2048":{"file":"Popiersie-J.-Goluchowskiego-w-Garbaczufot.-Alicja-Mezyk-1536x2048.jpg","width":1536,"height":2048,"filesize":512373,"mime_type":"image\/jpeg","source_url":"https:\/\/turysta2.pttk.pl\/wp-content\/uploads\/2022\/09\/Popiersie-J.-Goluchowskiego-w-Garbaczufot.-Alicja-Mezyk-1536x2048.jpg"},"post-thumbnail":{"file":"Popiersie-J.-Goluchowskiego-w-Garbaczufot.-Alicja-Mezyk-200x150.jpg","width":200,"height":150,"filesize":18923,"mime_type":"image\/jpeg","source_url":"https:\/\/turysta2.pttk.pl\/wp-content\/uploads\/2022\/09\/Popiersie-J.-Goluchowskiego-w-Garbaczufot.-Alicja-Mezyk-200x150.jpg"},"slider-post-thumbnail":{"file":"Popiersie-J.-Goluchowskiego-w-Garbaczufot.-Alicja-Mezyk-940x446.jpg","width":940,"height":446,"filesize":66368,"mime_type":"image\/jpeg","source_url":"https:\/\/turysta2.pttk.pl\/wp-content\/uploads\/2022\/09\/Popiersie-J.-Goluchowskiego-w-Garbaczufot.-Alicja-Mezyk-940x446.jpg"},"slider-thumb":{"file":"Popiersie-J.-Goluchowskiego-w-Garbaczufot.-Alicja-Mezyk-100x50.jpg","width":100,"height":50,"filesize":13508,"mime_type":"image\/jpeg","source_url":"https:\/\/turysta2.pttk.pl\/wp-content\/uploads\/2022\/09\/Popiersie-J.-Goluchowskiego-w-Garbaczufot.-Alicja-Mezyk-100x50.jpg"},"full":{"file":"Popiersie-J.-Goluchowskiego-w-Garbaczufot.-Alicja-Mezyk-scaled.jpg","width":1920,"height":2560,"mime_type":"image\/jpeg","source_url":"https:\/\/turysta2.pttk.pl\/wp-content\/uploads\/2022\/09\/Popiersie-J.-Goluchowskiego-w-Garbaczufot.-Alicja-Mezyk-scaled.jpg"}},"image_meta":{"aperture":"5.9","credit":"","camera":"FinePix F660EXR","caption":"","created_timestamp":"1536164758","copyright":"","focal_length":"29.1","iso":"400","shutter_speed":"0.0066666666666667","title":"","orientation":"0","keywords":[]},"original_image":"Popiersie-J.-Goluchowskiego-w-Garbaczufot.-Alicja-Mezyk.jpg"},"post":27555,"source_url":"https:\/\/turysta2.pttk.pl\/wp-content\/uploads\/2022\/09\/Popiersie-J.-Goluchowskiego-w-Garbaczufot.-Alicja-Mezyk-scaled.jpg","_links":{"self":[{"href":"https:\/\/turysta2.pttk.pl\/index.php?rest_route=\/wp\/v2\/media\/27560","targetHints":{"allow":["GET"]}}],"collection":[{"href":"https:\/\/turysta2.pttk.pl\/index.php?rest_route=\/wp\/v2\/media"}],"about":[{"href":"https:\/\/turysta2.pttk.pl\/index.php?rest_route=\/wp\/v2\/types\/attachment"}],"author":[{"embeddable":true,"href":"https:\/\/turysta2.pttk.pl\/index.php?rest_route=\/wp\/v2\/users\/4"}],"replies":[{"embeddable":true,"href":"https:\/\/turysta2.pttk.pl\/index.php?rest_route=%2Fwp%2Fv2%2Fcomments&post=27560"}],"wp:attached-to":[{"embeddable":true,"post_type":"post","id":27555,"href":"https:\/\/turysta2.pttk.pl\/index.php?rest_route=\/wp\/v2\/posts\/27555"}],"curies":[{"name":"wp","href":"https:\/\/api.w.org\/{rel}","templated":true}]}}

Popiersie J. Gołuchowskiego w Garbaczu(fot. Alicja Mężyk)
